{"id":660,"date":"2020-04-28T06:44:21","date_gmt":"2020-04-28T06:44:21","guid":{"rendered":"https:\/\/aytoanievas.org\/transparencia\/?page_id=660"},"modified":"2022-06-09T09:22:43","modified_gmt":"2022-06-09T09:22:43","slug":"actas","status":"publish","type":"page","link":"https:\/\/aytoanievas.org\/transparencia\/actas\/","title":{"rendered":"Pleno del Ayuntamiento"},"content":{"rendered":"\t\t<div data-elementor-type=\"wp-page\" data-elementor-id=\"660\" class=\"elementor elementor-660\">\n\t\t\t\t\t\t<div class=\"elementor-inner\">\n\t\t\t\t<div class=\"elementor-section-wrap\">\n\t\t\t\t\t\t\t\t\t<section class=\"elementor-section elementor-top-section elementor-element elementor-element-742fdf0 elementor-section-boxed elementor-section-height-default elementor-section-height-default\" data-id=\"742fdf0\" data-element_type=\"section\">\n\t\t\t\t\t\t<div class=\"elementor-container elementor-column-gap-default\">\n\t\t\t\t\t\t\t<div class=\"elementor-row\">\n\t\t\t\t\t<div class=\"elementor-column elementor-col-100 elementor-top-column elementor-element elementor-element-cac2635\" data-id=\"cac2635\" data-element_type=\"column\">\n\t\t\t<div class=\"elementor-column-wrap elementor-element-populated\">\n\t\t\t\t\t\t\t<div class=\"elementor-widget-wrap\">\n\t\t\t\t\t\t<div class=\"elementor-element elementor-element-6e1a65a elementor-widget elementor-widget-image\" data-id=\"6e1a65a\" data-element_type=\"widget\" data-widget_type=\"image.default\">\n\t\t\t\t<div class=\"elementor-widget-container\">\n\t\t\t\t\t\t\t\t<div class=\"elementor-image\">\n\t\t\t\t\t\t\t\t\t\t\t\t\t<a href=\"https:\/\/aytoanievas.org\/transparencia\/trans_files\/uploads\/IMG_20200608_185300_2-scaled.jpg\" data-elementor-open-lightbox=\"yes\" data-elementor-lightbox-title=\"IMG_20200608_185300_2\" e-action-hash=\"#elementor-action%3Aaction%3Dlightbox%26settings%3DeyJpZCI6MjUxOCwidXJsIjoiaHR0cHM6XC9cL2F5dG9hbmlldmFzLm9yZ1wvdHJhbnNwYXJlbmNpYVwvdHJhbnNfZmlsZXNcL3VwbG9hZHNcL0lNR18yMDIwMDYwOF8xODUzMDBfMi1zY2FsZWQuanBnIn0%3D\">\n\t\t\t\t\t\t\t<img width=\"1024\" height=\"768\" src=\"https:\/\/aytoanievas.org\/transparencia\/trans_files\/uploads\/IMG_20200608_185300_2-1024x768.jpg\" class=\"attachment-large size-large\" alt=\"\" loading=\"lazy\" srcset=\"https:\/\/aytoanievas.org\/transparencia\/trans_files\/uploads\/IMG_20200608_185300_2-1024x768.jpg 1024w, https:\/\/aytoanievas.org\/transparencia\/trans_files\/uploads\/IMG_20200608_185300_2-300x225.jpg 300w, https:\/\/aytoanievas.org\/transparencia\/trans_files\/uploads\/IMG_20200608_185300_2-768x576.jpg 768w, https:\/\/aytoanievas.org\/transparencia\/trans_files\/uploads\/IMG_20200608_185300_2-1536x1152.jpg 1536w, https:\/\/aytoanievas.org\/transparencia\/trans_files\/uploads\/IMG_20200608_185300_2-2048x1536.jpg 2048w\" sizes=\"(max-width: 1024px) 100vw, 1024px\" \/>\t\t\t\t\t\t\t\t<\/a>\n\t\t\t\t\t\t\t\t\t\t\t\t\t\t<\/div>\n\t\t\t\t\t\t<\/div>\n\t\t\t\t<\/div>\n\t\t\t\t\t\t<\/div>\n\t\t\t\t\t<\/div>\n\t\t<\/div>\n\t\t\t\t\t\t\t\t<\/div>\n\t\t\t\t\t<\/div>\n\t\t<\/section>\n\t\t\t\t<section class=\"elementor-section elementor-top-section elementor-element elementor-element-1d4168f elementor-section-boxed elementor-section-height-default elementor-section-height-default\" data-id=\"1d4168f\" data-element_type=\"section\">\n\t\t\t\t\t\t<div class=\"elementor-container elementor-column-gap-default\">\n\t\t\t\t\t\t\t<div class=\"elementor-row\">\n\t\t\t\t\t<div class=\"elementor-column elementor-col-100 elementor-top-column elementor-element elementor-element-80faee0\" data-id=\"80faee0\" data-element_type=\"column\">\n\t\t\t<div class=\"elementor-column-wrap elementor-element-populated\">\n\t\t\t\t\t\t\t<div class=\"elementor-widget-wrap\">\n\t\t\t\t\t\t<div class=\"elementor-element elementor-element-b24b6c5 elementor-invisible elementor-widget elementor-widget-image\" data-id=\"b24b6c5\" data-element_type=\"widget\" data-settings=\"{&quot;_animation&quot;:&quot;zoomIn&quot;}\" data-widget_type=\"image.default\">\n\t\t\t\t<div class=\"elementor-widget-container\">\n\t\t\t\t\t\t\t\t<div class=\"elementor-image\">\n\t\t\t\t\t\t\t\t\t\t\t\t\t<a href=\"https:\/\/aytoanievas.org\/transparencia\/trans_files\/uploads\/salon_plenos-scaled.jpg\" data-elementor-open-lightbox=\"yes\" e-action-hash=\"#elementor-action%3Aaction%3Dlightbox%26settings%3DeyJpZCI6NjU5LCJ1cmwiOmZhbHNlfQ%3D%3D\">\n\t\t\t\t\t\t\t<img src=\"https:\/\/aytoanievas.org\/transparencia\/trans_files\/uploads\/salon_plenos-scaled.jpg\" title=\"\" alt=\"\" \/>\t\t\t\t\t\t\t\t<\/a>\n\t\t\t\t\t\t\t\t\t\t\t\t\t\t<\/div>\n\t\t\t\t\t\t<\/div>\n\t\t\t\t<\/div>\n\t\t\t\t\t\t<\/div>\n\t\t\t\t\t<\/div>\n\t\t<\/div>\n\t\t\t\t\t\t\t\t<\/div>\n\t\t\t\t\t<\/div>\n\t\t<\/section>\n\t\t\t\t<section class=\"elementor-section elementor-top-section elementor-element elementor-element-1fd55c5 elementor-section-boxed elementor-section-height-default elementor-section-height-default\" data-id=\"1fd55c5\" data-element_type=\"section\">\n\t\t\t\t\t\t<div class=\"elementor-container elementor-column-gap-default\">\n\t\t\t\t\t\t\t<div class=\"elementor-row\">\n\t\t\t\t\t<div class=\"elementor-column elementor-col-100 elementor-top-column elementor-element elementor-element-d76c9f7\" data-id=\"d76c9f7\" data-element_type=\"column\">\n\t\t\t<div class=\"elementor-column-wrap elementor-element-populated\">\n\t\t\t\t\t\t\t<div class=\"elementor-widget-wrap\">\n\t\t\t\t\t\t<div class=\"elementor-element elementor-element-9cba695 elementor-widget elementor-widget-text-editor\" data-id=\"9cba695\" data-element_type=\"widget\" data-widget_type=\"text-editor.default\">\n\t\t\t\t<div class=\"elementor-widget-container\">\n\t\t\t\t\t\t\t\t<div class=\"elementor-text-editor elementor-clearfix\">\n\t\t\t\t<p><strong>PLENO DEL AYUNTAMIENTO DE ANIEVAS.<\/strong><\/p><p><strong>Art\u00edculo 46 de la Ley 7\/1985, de 2 de abril, reguladora de las Bases del R\u00e9gimen Local<\/strong><\/p><p>1. Los \u00f3rganos colegiados de las entidades locales funcionan en r\u00e9gimen de sesiones ordinarias de periodicidad preestablecida y extraordinarias, que pueden ser, adem\u00e1s, urgentes.<\/p><p>2. En todo caso, el funcionamiento del Pleno de las Corporaciones Locales se ajusta a las siguientes reglas:<\/p><p>\u2022 El Pleno celebra sesi\u00f3n ordinaria como m\u00ednimo cada mes en los Ayuntamientos de municipios de m\u00e1s de 20.000 habitantes y en las Diputaciones Provinciales.<\/p><p>\u2022 Cada dos meses en los Ayuntamientos de los municipios de una poblaci\u00f3n entre 5.001 habitantes y 20.000 habitantes.<\/p><p>\u2022 Cada tres en los municipios de hasta 5.000 habitantes.<\/p><p>\u2022 Asimismo, el Pleno celebra sesi\u00f3n extraordinaria cuando as\u00ed lo decida el Presidente o lo solicite la cuarta parte, al menos, del n\u00famero legal de miembros de la Corporaci\u00f3n, sin que ning\u00fan concejal pueda solicitar m\u00e1s de tres anualmente.<\/p><p><strong style=\"font-size: 14px;\">Periodicidad de las sesiones plenarias.-\u00a0<\/strong><em style=\"font-size: 14px;\">(Acuerdo del Pleno en Sesi\u00f3n Extraordinaria de 09 de julio de 2019).-<\/em><\/p><p>Teniendo en cuenta el art\u00edculo 46 de la Ley B\u00e1sica del R\u00e9gimen Local y Art\u00edculo 77 al 80 del Reglamento de Organizaci\u00f3n, Funcionamiento y R\u00e9gimen Jur\u00eddico de las Entidades Locales, se celebrar\u00e1n las ordinarias 1 al trimestre (el primer jueves de cada trimestre (septiembre, diciembre, marzo junio), y las extraordinarias, siempre que sean convocadas reglamentariamente, con arreglo a las disposiciones antes indicadas, en los d\u00edas y horas que figuren en las correspondientes citaciones.<\/p><p>\u00a0<\/p>\t\t\t\t\t<\/div>\n\t\t\t\t\t\t<\/div>\n\t\t\t\t<\/div>\n\t\t\t\t\t\t<\/div>\n\t\t\t\t\t<\/div>\n\t\t<\/div>\n\t\t\t\t\t\t\t\t<\/div>\n\t\t\t\t\t<\/div>\n\t\t<\/section>\n\t\t\t\t<section class=\"elementor-section elementor-top-section elementor-element elementor-element-6eed119 elementor-section-boxed elementor-section-height-default elementor-section-height-default\" data-id=\"6eed119\" data-element_type=\"section\">\n\t\t\t\t\t\t<div class=\"elementor-container elementor-column-gap-default\">\n\t\t\t\t\t\t\t<div class=\"elementor-row\">\n\t\t\t\t\t<div class=\"elementor-column elementor-col-100 elementor-top-column elementor-element elementor-element-81a350e\" data-id=\"81a350e\" data-element_type=\"column\">\n\t\t\t<div class=\"elementor-column-wrap elementor-element-populated\">\n\t\t\t\t\t\t\t<div class=\"elementor-widget-wrap\">\n\t\t\t\t\t\t<div class=\"elementor-element elementor-element-e4d3101 elementor-widget elementor-widget-spacer\" data-id=\"e4d3101\" data-element_type=\"widget\" data-widget_type=\"spacer.default\">\n\t\t\t\t<div class=\"elementor-widget-container\">\n\t\t\t\t\t<div class=\"elementor-spacer\">\n\t\t\t<div class=\"elementor-spacer-inner\"><\/div>\n\t\t<\/div>\n\t\t\t\t<\/div>\n\t\t\t\t<\/div>\n\t\t\t\t\t\t<\/div>\n\t\t\t\t\t<\/div>\n\t\t<\/div>\n\t\t\t\t\t\t\t\t<\/div>\n\t\t\t\t\t<\/div>\n\t\t<\/section>\n\t\t\t\t<section class=\"elementor-section elementor-top-section elementor-element elementor-element-a2e5c8f elementor-section-boxed elementor-section-height-default elementor-section-height-default\" data-id=\"a2e5c8f\" data-element_type=\"section\">\n\t\t\t\t\t\t<div class=\"elementor-container elementor-column-gap-default\">\n\t\t\t\t\t\t\t<div class=\"elementor-row\">\n\t\t\t\t\t<div class=\"elementor-column elementor-col-100 elementor-top-column elementor-element elementor-element-ba7ae4b\" data-id=\"ba7ae4b\" data-element_type=\"column\">\n\t\t\t<div class=\"elementor-column-wrap elementor-element-populated\">\n\t\t\t\t\t\t\t<div class=\"elementor-widget-wrap\">\n\t\t\t\t\t\t<div class=\"elementor-element elementor-element-fe76f7c elementor-align-center elementor-invisible elementor-widget elementor-widget-button\" data-id=\"fe76f7c\" data-element_type=\"widget\" data-settings=\"{&quot;_animation&quot;:&quot;zoomIn&quot;}\" data-widget_type=\"button.default\">\n\t\t\t\t<div class=\"elementor-widget-container\">\n\t\t\t\t\t<div class=\"elementor-button-wrapper\">\n\t\t\t<a href=\"https:\/\/aytoanievas.org\/transparencia\/ordendia\/\" class=\"elementor-button-link elementor-button elementor-size-md elementor-animation-grow\" role=\"button\">\n\t\t\t\t\t\t<span class=\"elementor-button-content-wrapper\">\n\t\t\t\t\t\t\t<span class=\"elementor-button-icon elementor-align-icon-left\">\n\t\t\t\t<i aria-hidden=\"true\" class=\"fas fa-external-link-alt\"><\/i>\t\t\t<\/span>\n\t\t\t\t\t\t<span class=\"elementor-button-text\">Acceso a convocatorias de Plenos del Ayuntamiento de Anievas<\/span>\n\t\t<\/span>\n\t\t\t\t\t<\/a>\n\t\t<\/div>\n\t\t\t\t<\/div>\n\t\t\t\t<\/div>\n\t\t\t\t\t\t<\/div>\n\t\t\t\t\t<\/div>\n\t\t<\/div>\n\t\t\t\t\t\t\t\t<\/div>\n\t\t\t\t\t<\/div>\n\t\t<\/section>\n\t\t\t\t<section class=\"elementor-section elementor-top-section elementor-element elementor-element-12d366c elementor-section-boxed elementor-section-height-default elementor-section-height-default\" data-id=\"12d366c\" data-element_type=\"section\">\n\t\t\t\t\t\t<div class=\"elementor-container elementor-column-gap-default\">\n\t\t\t\t\t\t\t<div class=\"elementor-row\">\n\t\t\t\t\t<div class=\"elementor-column elementor-col-100 elementor-top-column elementor-element elementor-element-de0584c\" data-id=\"de0584c\" data-element_type=\"column\">\n\t\t\t<div class=\"elementor-column-wrap elementor-element-populated\">\n\t\t\t\t\t\t\t<div class=\"elementor-widget-wrap\">\n\t\t\t\t\t\t<div class=\"elementor-element elementor-element-58851b2 elementor-widget elementor-widget-spacer\" data-id=\"58851b2\" data-element_type=\"widget\" data-widget_type=\"spacer.default\">\n\t\t\t\t<div class=\"elementor-widget-container\">\n\t\t\t\t\t<div class=\"elementor-spacer\">\n\t\t\t<div class=\"elementor-spacer-inner\"><\/div>\n\t\t<\/div>\n\t\t\t\t<\/div>\n\t\t\t\t<\/div>\n\t\t\t\t\t\t<\/div>\n\t\t\t\t\t<\/div>\n\t\t<\/div>\n\t\t\t\t\t\t\t\t<\/div>\n\t\t\t\t\t<\/div>\n\t\t<\/section>\n\t\t\t\t<section class=\"elementor-section elementor-top-section elementor-element elementor-element-8739875 elementor-section-boxed elementor-section-height-default elementor-section-height-default\" data-id=\"8739875\" data-element_type=\"section\">\n\t\t\t\t\t\t<div class=\"elementor-container elementor-column-gap-default\">\n\t\t\t\t\t\t\t<div class=\"elementor-row\">\n\t\t\t\t\t<div class=\"elementor-column elementor-col-100 elementor-top-column elementor-element elementor-element-17c345b\" data-id=\"17c345b\" data-element_type=\"column\">\n\t\t\t<div class=\"elementor-column-wrap elementor-element-populated\">\n\t\t\t\t\t\t\t<div class=\"elementor-widget-wrap\">\n\t\t\t\t\t\t<div class=\"elementor-element elementor-element-5ec8e59 elementor-widget elementor-widget-accordion\" data-id=\"5ec8e59\" data-element_type=\"widget\" data-widget_type=\"accordion.default\">\n\t\t\t\t<div class=\"elementor-widget-container\">\n\t\t\t\t\t<div class=\"elementor-accordion\" role=\"tablist\">\n\t\t\t\t\t\t\t<div class=\"elementor-accordion-item\">\n\t\t\t\t\t<div id=\"elementor-tab-title-9931\" class=\"elementor-tab-title\" data-tab=\"1\" role=\"tab\" aria-controls=\"elementor-tab-content-9931\" aria-expanded=\"false\">\n\t\t\t\t\t\t\t\t\t\t\t\t\t<span class=\"elementor-accordion-icon elementor-accordion-icon-left\" aria-hidden=\"true\">\n\t\t\t\t\t\t\t\t\t\t\t\t\t\t\t<span class=\"elementor-accordion-icon-closed\"><i class=\"fas fa-plus\"><\/i><\/span>\n\t\t\t\t\t\t\t\t<span class=\"elementor-accordion-icon-opened\"><i class=\"fas fa-minus\"><\/i><\/span>\n\t\t\t\t\t\t\t\t\t\t\t\t\t\t<\/span>\n\t\t\t\t\t\t\t\t\t\t\t\t<a class=\"elementor-accordion-title\" href=\"\">2022<\/a>\n\t\t\t\t\t<\/div>\n\t\t\t\t\t<div id=\"elementor-tab-content-9931\" class=\"elementor-tab-content elementor-clearfix\" data-tab=\"1\" role=\"tabpanel\" aria-labelledby=\"elementor-tab-title-9931\"><p><a href=\"https:\/\/aytoanievas.org\/transparencia\/trans_files\/uploads\/Borrador_del_Acta_del_Pleno_de_la_Corporacion_de_fecha_10022022_-_SEFYCU_3498977.pdf\" target=\"_blank\" rel=\"noopener\">ACTA DE LA SESI\u00d3N EXTRAORDINARIA DEL PLENO DEL AYUNTAMIENTO DE FECHA 10\/02\/2022.<\/a><\/p><p><a href=\"https:\/\/aytoanievas.org\/transparencia\/trans_files\/uploads\/02-Acta-del-Pleno-Sesion-Ordinaria-24-03-2022.pdf\" target=\"_blank\" rel=\"noopener\">ACTA DE LA SESI\u00d3N ORDINARIA DEL PLENO DEL AYUNTAMIENTO DE FECHA 24\/03\/2022.<\/a><\/p><p><a href=\"https:\/\/aytoanievas.org\/transparencia\/trans_files\/uploads\/Borrador_del_Acta_del_Pleno_de_08062022_-_SEFYCU_3802963.pdf\" target=\"_blank\" rel=\"noopener\">ACTA DE LA SESI\u00d3N ORDINARIA DEL PLENO DEL AYUNTAMIENTO DE FECHA 08\/06\/2022.<\/a><\/p><\/div>\n\t\t\t\t<\/div>\n\t\t\t\t\t\t\t<div class=\"elementor-accordion-item\">\n\t\t\t\t\t<div id=\"elementor-tab-title-9932\" class=\"elementor-tab-title\" data-tab=\"2\" role=\"tab\" aria-controls=\"elementor-tab-content-9932\" aria-expanded=\"false\">\n\t\t\t\t\t\t\t\t\t\t\t\t\t<span class=\"elementor-accordion-icon elementor-accordion-icon-left\" aria-hidden=\"true\">\n\t\t\t\t\t\t\t\t\t\t\t\t\t\t\t<span class=\"elementor-accordion-icon-closed\"><i class=\"fas fa-plus\"><\/i><\/span>\n\t\t\t\t\t\t\t\t<span class=\"elementor-accordion-icon-opened\"><i class=\"fas fa-minus\"><\/i><\/span>\n\t\t\t\t\t\t\t\t\t\t\t\t\t\t<\/span>\n\t\t\t\t\t\t\t\t\t\t\t\t<a class=\"elementor-accordion-title\" href=\"\">2021<\/a>\n\t\t\t\t\t<\/div>\n\t\t\t\t\t<div id=\"elementor-tab-content-9932\" class=\"elementor-tab-content elementor-clearfix\" data-tab=\"2\" role=\"tabpanel\" aria-labelledby=\"elementor-tab-title-9932\"><p><a href=\"https:\/\/aytoanievas.org\/transparencia\/trans_files\/uploads\/Acta-DEFINITIVA-del-Pleno-Sesion-Extraordinaria-19-01-2021.pdf\" target=\"_blank\" rel=\"noopener\">ACTA DE LA SESI\u00d3N EXTRAORDINARIA DEL PLENO DEL AYUNTAMIENTO DE FECHA 19 DE ENERO DE 2021.<\/a><\/p><p><a href=\"https:\/\/aytoanievas.org\/transparencia\/trans_files\/uploads\/Borrador_del_Acta_del_Pleno_de_la_Corporacion_de_fecha_23022021_-_SEFYCU_2593633.pdf\" target=\"_blank\" rel=\"noopener\">ACTA DE LA SESI\u00d3N EXTRAORDINARIA DEL PLENO DEL AYUNTAMIENTO DE FECHA 23 DE FEBRERO DE 2021.<\/a><\/p><p><a href=\"https:\/\/aytoanievas.org\/transparencia\/trans_files\/uploads\/Borrador_del_Acta_del_Pleno_de_la_Corporacion_de_fecha_25032021_-_SEFYCU_2672015.pdf\" target=\"_blank\" rel=\"noopener\">ACTA DE LA SESI\u00d3N ORDINARIA DEL PLENO DEL AYUNTAMIENTO DE FECHA 25 DE MARZO DE 2021.<\/a><\/p><p><a href=\"https:\/\/aytoanievas.org\/transparencia\/trans_files\/uploads\/04-Acta-del-Pleno-Sesion-Extraordinaria-15-04-2021.pdf\" target=\"_blank\" rel=\"noopener\">ACTA DE LA SESI\u00d3N EXTRAORDINARIA DEL PLENO DEL AYUNTAMIENTO DE FECHA 15 DE ABRIL DE 2021.<\/a><\/p><p><a href=\"https:\/\/aytoanievas.org\/transparencia\/trans_files\/uploads\/Borrador_del_Acta_del_Pleno_de_la_Corporacion_de_fecha_25052021_-_SEFYCU_2823377.pdf\" target=\"_blank\" rel=\"noopener\">ACTA DE LA SESI\u00d3N EXTRAORDINARIA DEL PLENO DEL AYUNTAMIENTO DE FECHA 25 DE MAYO DE 2021.<\/a><\/p><p><a href=\"https:\/\/aytoanievas.org\/transparencia\/trans_files\/uploads\/Borrador_del_Acta_del_Pleno_de_la_Corporacion_de_fecha_08062021_-_SEFYCU_2854574.pdf\" target=\"_blank\" rel=\"noopener\">ACTA DE LA SESI\u00d3N ORDINARIA DEL PLENO DEL AYUNTAMIENTO DE FECHA 08 DE JUNIO DE 2021.<\/a><\/p><p><a href=\"https:\/\/aytoanievas.org\/transparencia\/trans_files\/uploads\/Borrador_del_Acta_del_Pleno_de_la_Corporacion_de_fecha_2092021_-_SEFYCU_3063849.pdf\" target=\"_blank\" rel=\"noopener\">ACTA DE LA SESI\u00d3N ORDINARIA DEL PLENO DEL AYUNTAMIENTO DE FECHA 02 DE SEPTIEMBRE DE 2021.<\/a><\/p><p><a href=\"https:\/\/aytoanievas.org\/transparencia\/trans_files\/uploads\/08-Acta-del-Pleno-Sesion-Extraordinaria-20-10-2021.pdf\" target=\"_blank\" rel=\"noopener\">ACTA DE LA SESI\u00d3N EXTRAORDINARIA DEL PLENO DEL AYUNTAMIENTO DE FECHA 20 DE OCTUBRE DE 2021.<\/a><\/p><p><a href=\"https:\/\/aytoanievas.org\/transparencia\/trans_files\/uploads\/Borrador-Acta-del-Pleno-Sesion-Ordinaria-21-12-2021.pdf\" target=\"_blank\" rel=\"noopener\">ACTA DE LA SESI\u00d3N ORDINARIA DEL PLENO DEL AYUNTAMIENTO DE FECHA 21 DE DICIEMBRE DE 2021.<\/a><\/p><\/div>\n\t\t\t\t<\/div>\n\t\t\t\t\t\t\t<div class=\"elementor-accordion-item\">\n\t\t\t\t\t<div id=\"elementor-tab-title-9933\" class=\"elementor-tab-title\" data-tab=\"3\" role=\"tab\" aria-controls=\"elementor-tab-content-9933\" aria-expanded=\"false\">\n\t\t\t\t\t\t\t\t\t\t\t\t\t<span class=\"elementor-accordion-icon elementor-accordion-icon-left\" aria-hidden=\"true\">\n\t\t\t\t\t\t\t\t\t\t\t\t\t\t\t<span class=\"elementor-accordion-icon-closed\"><i class=\"fas fa-plus\"><\/i><\/span>\n\t\t\t\t\t\t\t\t<span class=\"elementor-accordion-icon-opened\"><i class=\"fas fa-minus\"><\/i><\/span>\n\t\t\t\t\t\t\t\t\t\t\t\t\t\t<\/span>\n\t\t\t\t\t\t\t\t\t\t\t\t<a class=\"elementor-accordion-title\" href=\"\">2020<\/a>\n\t\t\t\t\t<\/div>\n\t\t\t\t\t<div id=\"elementor-tab-content-9933\" class=\"elementor-tab-content elementor-clearfix\" data-tab=\"3\" role=\"tabpanel\" aria-labelledby=\"elementor-tab-title-9933\"><p><a href=\"https:\/\/www.aytoanievas.org\/images\/docs\/plenos\/01_acta_05_03_2020.pdf\" target=\"_blank\" rel=\"noopener noreferrer\">ACTA DE LA SESI\u00d3N ORDINARIA DEL PLENO DEL AYUNTAMIENTO DE FECHA\u00a005 DE MARZO DE 2020.\u00a0<\/a><\/p><p><a href=\"https:\/\/www.aytoanievas.org\/images\/docs\/plenos\/acta_anievas_2020-06-04.pdf\" target=\"_blank\" rel=\"noopener noreferrer\">ACTA DE LA SESI\u00d3N ORDINARIA DEL PLENO DEL AYUNTAMIENTO DE FECHA 04 DE JUNIO DE 2020.<\/a>\u00a0<\/p><p><a href=\"https:\/\/aytoanievas.org\/transparencia\/trans_files\/uploads\/Borrador_del_Acta_del_Pleno_de_03092020_-_SEFYCU_2054961.pdf\" target=\"_blank\" rel=\"noopener\">ACTA DE LA SESI\u00d3N ORDINARIA DEL PLENO DEL AYUNTAMIENTO DE FECHA 03 DE SEPTIEMBRE DE 2020.<\/a><\/p><p><a href=\"https:\/\/aytoanievas.org\/transparencia\/trans_files\/uploads\/Borrador_del_Acta_del_Pleno_de_la_Corporacion_de_fecha_03122020_-_SEFYCU_2350250.pdf\" target=\"_blank\" rel=\"noopener\">ACTA DE LA SESI\u00d3N ORDINARIA DEL PLENO DEL AYUNTAMIENTO DE FECHA 03 DE DICIEMBRE DE 2020.<\/a><\/p><\/div>\n\t\t\t\t<\/div>\n\t\t\t\t\t\t\t<div class=\"elementor-accordion-item\">\n\t\t\t\t\t<div id=\"elementor-tab-title-9934\" class=\"elementor-tab-title\" data-tab=\"4\" role=\"tab\" aria-controls=\"elementor-tab-content-9934\" aria-expanded=\"false\">\n\t\t\t\t\t\t\t\t\t\t\t\t\t<span class=\"elementor-accordion-icon elementor-accordion-icon-left\" aria-hidden=\"true\">\n\t\t\t\t\t\t\t\t\t\t\t\t\t\t\t<span class=\"elementor-accordion-icon-closed\"><i class=\"fas fa-plus\"><\/i><\/span>\n\t\t\t\t\t\t\t\t<span class=\"elementor-accordion-icon-opened\"><i class=\"fas fa-minus\"><\/i><\/span>\n\t\t\t\t\t\t\t\t\t\t\t\t\t\t<\/span>\n\t\t\t\t\t\t\t\t\t\t\t\t<a class=\"elementor-accordion-title\" href=\"\">2019<\/a>\n\t\t\t\t\t<\/div>\n\t\t\t\t\t<div id=\"elementor-tab-content-9934\" class=\"elementor-tab-content elementor-clearfix\" data-tab=\"4\" role=\"tabpanel\" aria-labelledby=\"elementor-tab-title-9934\"><p><a href=\"https:\/\/www.aytoanievas.org\/images\/docs\/plenos\/01_acta_07_03_2019.pdf\" target=\"_blank\" rel=\"noopener noreferrer\">ACTA DE LA SESI\u00d3N ORDINARIA DEL PLENO DEL AYUNTAMIENTO DE FECHA 07 DE MARZO DE 2019.\u00a0<\/a><br \/><br \/><a href=\"https:\/\/www.aytoanievas.org\/images\/docs\/plenos\/02_acta_02_04_2019.pdf\" target=\"_blank\" rel=\"noopener noreferrer\">ACTA DE LA SESI\u00d3N EXTRAORDINARIA DEL PLENO DEL AYUNTAMIENTO DE 02 DE ABRIL DE 2019.<\/a><br \/><br \/><a href=\"https:\/\/www.aytoanievas.org\/images\/docs\/plenos\/03_acta_26_04_2019.pdf\" target=\"_blank\" rel=\"noopener noreferrer\">ACTA DE LA SESI\u00d3N EXTRAORDINARIA DEL PLENO DEL AYUNTAMIENTO DE FECHA 26 DE ABRIL DE 2019<\/a>.\u00a0<br \/><br \/><a href=\"https:\/\/www.aytoanievas.org\/images\/docs\/plenos\/04_acta_30_04_2019.pdf\" target=\"_blank\" rel=\"noopener noreferrer\">ACTA DE LA SESI\u00d3N EXTRAORDINARIA DEL PLENO DEL AYUNTAMIENTO DE FECHA 30 DE ABRIL DE 2019.<\/a><br \/><br \/><a href=\"https:\/\/www.aytoanievas.org\/images\/docs\/plenos\/05_acta_12_06_2019.pdf\" target=\"_blank\" rel=\"noopener noreferrer\">ACTA DE LA SESI\u00d3N EXTRAORDINARIA DEL PLENO DEL AYUNTAMIENTO DE FECHA\u00a012 DE JUNIO DE 2019.<\/a><br \/><br \/><a href=\"https:\/\/www.aytoanievas.org\/images\/docs\/plenos\/06_acta_15_06_2019.pdf\" target=\"_blank\" rel=\"noopener noreferrer\">ACTA DE LA SESION CONSTITUTIVA DE LA NUEVA CORPORACION CELEBRADA EL 15 DE JUNIO DE 2019.<\/a><br \/><br \/><a href=\"https:\/\/www.aytoanievas.org\/images\/docs\/plenos\/07_acta_09_07_2019.pdf\" target=\"_blank\" rel=\"noopener noreferrer\">ACTA DE LA SESI\u00d3N EXTRAORDINARIA DEL PLENO DEL AYUNTAMIENTO DE FECHA\u00a009 DE JULIO DE 2019.<\/a><br \/><br \/><a href=\"https:\/\/www.aytoanievas.org\/images\/docs\/plenos\/08_acta_05_09_2019.pdf\" target=\"_blank\" rel=\"noopener noreferrer\">ACTA DE LA SESI\u00d3N ORDINARIA DEL PLENO DEL AYUNTAMIENTO DE FECHA 5 DE SEPTIEMBRE DE 2019.<\/a><br \/><br \/><a href=\"https:\/\/www.aytoanievas.org\/images\/docs\/plenos\/09_acta_23_10_2019.pdf\" target=\"_blank\" rel=\"noopener noreferrer\">ACTA DE LA SESI\u00d3N EXTRAORDINARIA DEL PLENO DEL AYUNTAMIENTO DE FECHA 23 DE OCTUBRE DE 2019<\/a>.\u00a0<\/p><\/div>\n\t\t\t\t<\/div>\n\t\t\t\t\t\t\t\t<\/div>\n\t\t\t\t<\/div>\n\t\t\t\t<\/div>\n\t\t\t\t\t\t<\/div>\n\t\t\t\t\t<\/div>\n\t\t<\/div>\n\t\t\t\t\t\t\t\t<\/div>\n\t\t\t\t\t<\/div>\n\t\t<\/section>\n\t\t\t\t\t\t\t\t\t<\/div>\n\t\t\t<\/div>\n\t\t\t\t\t<\/div>\n\t\t","protected":false},"excerpt":{"rendered":"<p>PLENO DEL AYUNTAMIENTO DE ANIEVAS. Art\u00edculo 46 de la Ley 7\/1985, de 2 de abril, reguladora de las Bases del R\u00e9gimen Local 1. Los \u00f3rganos colegiados de las entidades locales funcionan en r\u00e9gimen de sesiones ordinarias de periodicidad preestablecida y extraordinarias, que pueden ser, adem\u00e1s, urgentes. 2. En todo caso, el funcionamiento del Pleno de [&hellip;]<\/p>\n","protected":false},"author":1,"featured_media":0,"parent":0,"menu_order":0,"comment_status":"closed","ping_status":"closed","template":"","meta":[],"_links":{"self":[{"href":"https:\/\/aytoanievas.org\/transparencia\/wp-json\/wp\/v2\/pages\/660"}],"collection":[{"href":"https:\/\/aytoanievas.org\/transparencia\/wp-json\/wp\/v2\/pages"}],"about":[{"href":"https:\/\/aytoanievas.org\/transparencia\/wp-json\/wp\/v2\/types\/page"}],"author":[{"embeddable":true,"href":"https:\/\/aytoanievas.org\/transparencia\/wp-json\/wp\/v2\/users\/1"}],"replies":[{"embeddable":true,"href":"https:\/\/aytoanievas.org\/transparencia\/wp-json\/wp\/v2\/comments?post=660"}],"version-history":[{"count":66,"href":"https:\/\/aytoanievas.org\/transparencia\/wp-json\/wp\/v2\/pages\/660\/revisions"}],"predecessor-version":[{"id":4025,"href":"https:\/\/aytoanievas.org\/transparencia\/wp-json\/wp\/v2\/pages\/660\/revisions\/4025"}],"wp:attachment":[{"href":"https:\/\/aytoanievas.org\/transparencia\/wp-json\/wp\/v2\/media?parent=660"}],"curies":[{"name":"wp","href":"https:\/\/api.w.org\/{rel}","templated":true}]}}