{"id":373,"date":"2020-04-26T19:33:17","date_gmt":"2020-04-26T19:33:17","guid":{"rendered":"https:\/\/aytoanievas.org\/transparencia\/?page_id=373"},"modified":"2020-06-06T07:34:58","modified_gmt":"2020-06-06T07:34:58","slug":"accesoip","status":"publish","type":"page","link":"https:\/\/aytoanievas.org\/transparencia\/accesoip\/","title":{"rendered":"Derecho de Acceso a la Informaci\u00f3n P\u00fablica"},"content":{"rendered":"\t\t<div data-elementor-type=\"wp-page\" data-elementor-id=\"373\" class=\"elementor elementor-373\">\n\t\t\t\t\t\t<div class=\"elementor-inner\">\n\t\t\t\t<div class=\"elementor-section-wrap\">\n\t\t\t\t\t\t\t\t\t<section class=\"elementor-section elementor-top-section elementor-element elementor-element-5c4a277 elementor-section-boxed elementor-section-height-default elementor-section-height-default\" data-id=\"5c4a277\" data-element_type=\"section\">\n\t\t\t\t\t\t<div class=\"elementor-container elementor-column-gap-default\">\n\t\t\t\t\t\t\t<div class=\"elementor-row\">\n\t\t\t\t\t<div class=\"elementor-column elementor-col-100 elementor-top-column elementor-element elementor-element-5876900\" data-id=\"5876900\" data-element_type=\"column\">\n\t\t\t<div class=\"elementor-column-wrap elementor-element-populated\">\n\t\t\t\t\t\t\t<div class=\"elementor-widget-wrap\">\n\t\t\t\t\t\t<div class=\"elementor-element elementor-element-508856a elementor-widget elementor-widget-text-editor\" data-id=\"508856a\" data-element_type=\"widget\" data-widget_type=\"text-editor.default\">\n\t\t\t\t<div class=\"elementor-widget-container\">\n\t\t\t\t\t\t\t\t<div class=\"elementor-text-editor elementor-clearfix\">\n\t\t\t\t<div id=\"pu45679\" class=\"clearfix colelem\"><div id=\"u46709-13\" class=\"clearfix grpelem shared_content\" data-muse-uid=\"U46709\" data-muse-type=\"txt_frame\" data-ibe-flags=\"txtStyleSrc\" data-content-guid=\"u46709-13_content\"><p id=\"u46709-2\"><strong>DERECHO DE ACCESO A LA INFORMACI\u00d3N P\u00daBLICA<\/strong><\/p><p id=\"u46709-5\">El derecho de acceso a la informaci\u00f3n p\u00fablica aparece recogido en el art\u00edculo 105 b) de la Constituci\u00f3n. En desarrollo de esta previsi\u00f3n, la Ley 19\/2013, de 9 de diciembre, de transparencia, acceso a la informaci\u00f3n p\u00fablica y buen gobierno, regula el procedimiento para solicitar la informaci\u00f3n y los l\u00edmites aplicables a este derecho. El Ayuntamiento de Anievas, ha dise\u00f1ado un procedimiento que puede iniciarse mediante una simple petici\u00f3n a trav\u00e9s del <a href=\"https:\/\/aytoanievas.org\/transparencia\/buzoncontacto\/\">BUZ\u00d3N DE CONTACTO<\/a> o mediante escrito conforme al modelo de petici\u00f3n disponible en esta misma p\u00e1gina web, y que permite solicitar informaci\u00f3n sin necesidad de que el solicitante se identifique. Eso s\u00ed, en estos casos deber\u00e1 facilitar un correo electr\u00f3nico para que el Ayuntamiento pueda comunicarse con \u00e9l.<\/p><p>Igualmente, en la <a href=\"https:\/\/anievas.sedipualba.es\/\" target=\"_blank\" rel=\"noopener\">Sede Electr\u00f3nica Municipal<\/a> puede registrarse electr\u00f3nicamente su solicitud de derecho de acceso a la informaci\u00f3n p\u00fablica.<\/p><p id=\"u46709-8\">Es importante destacar que en el supuesto de que el solicitante no desee suministrar sus datos de identidad, no se podr\u00e1 resolver su petici\u00f3n si la informaci\u00f3n pedida puede estar afectada por alguno de los l\u00edmites o causas de inadmisi\u00f3n de los art\u00edculos 14, 15 y 18 de la Ley citada.<\/p><p id=\"u46709-11\">En este caso, deber\u00e1 formular la solicitud completando los datos de identidad y domicilio para proceder a la notificaci\u00f3n. Solo de esta manera el solicitante podr\u00e1 presentar la reclamaci\u00f3n o el recurso que la ley prev\u00e9 en el caso de que la respuesta de la Administraci\u00f3n no le satisfaga.<\/p><p><strong>DEPARTAMENTO COMPETENTE<\/strong><\/p><p>El departamento competente en materia de transparencia del Ayuntamiento de Anievas es el de Secretar\u00eda &#8211; Intervenci\u00f3n que depende de Alcald\u00eda.<\/p><p>Este \u00e1rea tiene asignadas las siguientes funciones.<\/p><p>\u2013 Cumplimiento de la legislaci\u00f3n vigente en materia de transparencia.<\/p><p>\u2013 Asesorar y colaborar con los departamentos y entidades municipales para que el portal de transparencia contenga informaci\u00f3n \u00fatil, clara y accesible.<\/p><p>Puede contactar con este departamento a trav\u00e9s de los siguientes medios:<\/p><ul><li>POSTAL: Barrio Las Escuelas, S\/N, 39451, Cotillo de Anievas, CANTABRIA<\/li><li>TELEF\u00d3NICO: 942840613<\/li><li>MAIL: <a href=\"mailto:secretario@aytoanievas.org\" target=\"_blank\" rel=\"noopener\">secretario@aytoanievas.org<\/a>\u00a0<\/li><\/ul><\/div><div id=\"pamphletu21964\" class=\"PamphletWidget clearfix allow_click_through grpelem\" data-contentlayout=\"stack\" data-transitionstyle=\"fading\"><div id=\"u21969\" class=\"ThumbGroup clearfix grpelem\" role=\"tablist\" data-col-pos=\"0\" data-sizepolicy=\"fluidWidth\" data-pintopage=\"page_fixedLeft\"><div id=\"u21976popup\" class=\"popup_anchor allow_click_through\" data-col-pos=\"0\"><div id=\"u21976\" class=\"Thumb popup_element transition clearfix\" tabindex=\"0\" role=\"tab\" data-col-pos=\"0\" aria-controls=\"u21987\"><div id=\"u21977-4\" class=\"transition clearfix grpelem\">\u00a0<\/div><\/div><\/div><div id=\"u21974popup\" class=\"popup_anchor allow_click_through\" data-col-pos=\"3\"><div id=\"u21974\" class=\"Thumb popup_element transition clearfix\" tabindex=\"-1\" role=\"tab\" data-col-pos=\"3\" aria-selected=\"false\" aria-controls=\"u21981\"><div id=\"u21975-4\" class=\"transition clearfix grpelem\"><p><strong>SOLICITUDES TRAMITADAS POR EL PROCEDIMIENTO DE ACCESO A LA INFORMACI\u00d3N (LEY 19\/2013)<\/strong><\/p><\/div><\/div><\/div><\/div><div id=\"u21980popup\" class=\"popup_anchor allow_click_through\" data-col-pos=\"1\"><div id=\"u21980-wrapper\"><div data-col-pos=\"1\">\u00a0<\/div><\/div><\/div><\/div><\/div><div id=\"u46714-38\" class=\"clearfix colelem shared_content\" data-muse-uid=\"U46714\" data-muse-type=\"txt_frame\" data-ibe-flags=\"txtStyleSrc\" data-content-guid=\"u46714-38_content\"><p id=\"u46714-5\">\u2022 Tramitaci\u00f3n<\/p><p id=\"u46714-7\">Cuando la solicitud no identifique de forma suficiente la informaci\u00f3n, se pedir\u00e1 al solicitante que la concrete en un plazo de diez d\u00edas, con indicaci\u00f3n de que, en caso de no hacerlo, se le tendr\u00e1 por desistido, as\u00ed como de la suspensi\u00f3n del plazo para dictar resoluci\u00f3n.<\/p><p id=\"u46714-10\">Si la informaci\u00f3n solicitada pudiera afectar a derechos o intereses de terceros, debidamente identificados, se les conceder\u00e1 un plazo de quince d\u00edas para que puedan realizar las alegaciones que estimen oportunas. El solicitante deber\u00e1 ser informado de esta circunstancia, as\u00ed como de la suspensi\u00f3n del plazo para dictar resoluci\u00f3n hasta que se hayan recibido las alegaciones o haya transcurrido el plazo para su presentaci\u00f3n.<\/p><p id=\"u46714-13\">\u2022 Resoluci\u00f3n<\/p><p id=\"u46714-15\">La solicitud ser\u00e1 resuelta por la persona titular del \u00f3rgano o entidad que sea competente por raz\u00f3n de la materia de la informaci\u00f3n solicitada.<\/p><p id=\"u46714-18\">La resoluci\u00f3n y su notificaci\u00f3n se efectuar\u00e1 en el plazo m\u00e1ximo de un mes desde la entrada de la solicitud en el registro municipal, pudi\u00e9ndose ampliar este plazo por otro mes previa notificaci\u00f3n al solicitante, por raz\u00f3n del volumen o la complejidad de la informaci\u00f3n solicitada. Transcurrido el plazo m\u00e1ximo para resolver sin que se haya dictado y notificado resoluci\u00f3n expresa se entender\u00e1 que la solicitud ha sido desestimada.<\/p><p id=\"u46714-21\">La notificaci\u00f3n se remitir\u00e1 al solicitante y a los terceros interesados que hayan intervenido en el procedimiento, y en ella se informar\u00e1 de los recursos y reclamaciones que procedan contra la resoluci\u00f3n.<\/p><p id=\"u46714-24\">\u2022 Recurso:<\/p><p id=\"u46714-26\">Las resoluciones dictadas podr\u00e1n ser objeto de:<\/p><ol><li id=\"u46714-29\">Recurso contencioso-administrativo.<\/li><li id=\"u46714-31\">Reclamaci\u00f3n potestativa ante el Consejo de Transparencia y Buen Gobierno, en los t\u00e9rminos previstos en los art\u00edculos 20.5, 23.1, 24 y disposici\u00f3n adicional cuarta de la Ley 19\/2013, de 9 de diciembre.<\/li><\/ol><p id=\"u46714-34\">Solicitudes presentadas sin datos de identidad (s\u00f3lo correo electr\u00f3nico)<\/p><p id=\"u46714-36\">Los servicios municipales s\u00f3lo podr\u00e1n facilitar, en este caso, informaci\u00f3n ya publicada o en la que el acceso no afecte a la protecci\u00f3n de datos de car\u00e1cter personal, ni resulte aplicable ning\u00fan l\u00edmite, ni causa de inadmisi\u00f3n en los t\u00e9rminos dispuestos en los art\u00edculos 14, 15 y 18 de la Ley 19\/2013. Si no se dieran estas circunstancias se comunicar\u00e1 al solicitante la denegaci\u00f3n del acceso, que podr\u00e1 realizar una nueva solicitud aportando los datos de identificaci\u00f3n para iniciar el procedimiento regulado en la Ley, si se considera insuficiente o inadecuada la respuesta dada por el \u00f3rgano o unidad competente o se quisiere obtener una resoluci\u00f3n con el contenido y garant\u00edas previstas por la Ley. El r\u00e9gimen de impugnaciones recogido en la Ley 19\/2013, de 9 de diciembre, no ser\u00e1 aplicable al acceso que se conceda o deniegue por esta v\u00eda.<\/p><\/div>\t\t\t\t\t<\/div>\n\t\t\t\t\t\t<\/div>\n\t\t\t\t<\/div>\n\t\t\t\t\t\t<\/div>\n\t\t\t\t\t<\/div>\n\t\t<\/div>\n\t\t\t\t\t\t\t\t<\/div>\n\t\t\t\t\t<\/div>\n\t\t<\/section>\n\t\t\t\t<section class=\"elementor-section elementor-top-section elementor-element elementor-element-fcb7104 elementor-section-boxed elementor-section-height-default elementor-section-height-default\" data-id=\"fcb7104\" data-element_type=\"section\">\n\t\t\t\t\t\t<div class=\"elementor-container elementor-column-gap-default\">\n\t\t\t\t\t\t\t<div class=\"elementor-row\">\n\t\t\t\t\t<div class=\"elementor-column elementor-col-100 elementor-top-column elementor-element elementor-element-7b34f02\" data-id=\"7b34f02\" data-element_type=\"column\">\n\t\t\t<div class=\"elementor-column-wrap elementor-element-populated\">\n\t\t\t\t\t\t\t<div class=\"elementor-widget-wrap\">\n\t\t\t\t\t\t<div class=\"elementor-element elementor-element-0633290 elementor-widget elementor-widget-spacer\" data-id=\"0633290\" data-element_type=\"widget\" data-widget_type=\"spacer.default\">\n\t\t\t\t<div class=\"elementor-widget-container\">\n\t\t\t\t\t<div class=\"elementor-spacer\">\n\t\t\t<div class=\"elementor-spacer-inner\"><\/div>\n\t\t<\/div>\n\t\t\t\t<\/div>\n\t\t\t\t<\/div>\n\t\t\t\t\t\t<\/div>\n\t\t\t\t\t<\/div>\n\t\t<\/div>\n\t\t\t\t\t\t\t\t<\/div>\n\t\t\t\t\t<\/div>\n\t\t<\/section>\n\t\t\t\t<section class=\"elementor-section elementor-top-section elementor-element elementor-element-2c8a66a elementor-section-boxed elementor-section-height-default elementor-section-height-default\" data-id=\"2c8a66a\" data-element_type=\"section\">\n\t\t\t\t\t\t<div class=\"elementor-container elementor-column-gap-default\">\n\t\t\t\t\t\t\t<div class=\"elementor-row\">\n\t\t\t\t\t<div class=\"elementor-column elementor-col-100 elementor-top-column elementor-element elementor-element-1958a06\" data-id=\"1958a06\" data-element_type=\"column\">\n\t\t\t<div class=\"elementor-column-wrap elementor-element-populated\">\n\t\t\t\t\t\t\t<div class=\"elementor-widget-wrap\">\n\t\t\t\t\t\t<div class=\"elementor-element elementor-element-92a8794 elementor-align-center elementor-invisible elementor-widget elementor-widget-button\" data-id=\"92a8794\" data-element_type=\"widget\" data-settings=\"{&quot;_animation&quot;:&quot;fadeIn&quot;}\" data-widget_type=\"button.default\">\n\t\t\t\t<div class=\"elementor-widget-container\">\n\t\t\t\t\t<div class=\"elementor-button-wrapper\">\n\t\t\t<a href=\"https:\/\/aytoanievas.org\/images\/docs\/acceso_ip.docx\" target=\"_blank\" class=\"elementor-button-link elementor-button elementor-size-md elementor-animation-grow\" role=\"button\">\n\t\t\t\t\t\t<span class=\"elementor-button-content-wrapper\">\n\t\t\t\t\t\t\t<span class=\"elementor-button-icon elementor-align-icon-left\">\n\t\t\t\t<i aria-hidden=\"true\" class=\"fas fa-file-pdf\"><\/i>\t\t\t<\/span>\n\t\t\t\t\t\t<span class=\"elementor-button-text\">MODELO DE SOLICITUD DE ACCESO A LA INFORMACI\u00d3N P\u00daBLICA<\/span>\n\t\t<\/span>\n\t\t\t\t\t<\/a>\n\t\t<\/div>\n\t\t\t\t<\/div>\n\t\t\t\t<\/div>\n\t\t\t\t\t\t<\/div>\n\t\t\t\t\t<\/div>\n\t\t<\/div>\n\t\t\t\t\t\t\t\t<\/div>\n\t\t\t\t\t<\/div>\n\t\t<\/section>\n\t\t\t\t<section class=\"elementor-section elementor-top-section elementor-element elementor-element-7318de8 elementor-section-boxed elementor-section-height-default elementor-section-height-default\" data-id=\"7318de8\" data-element_type=\"section\">\n\t\t\t\t\t\t<div class=\"elementor-container elementor-column-gap-default\">\n\t\t\t\t\t\t\t<div class=\"elementor-row\">\n\t\t\t\t\t<div class=\"elementor-column elementor-col-100 elementor-top-column elementor-element elementor-element-43e63bc\" data-id=\"43e63bc\" data-element_type=\"column\">\n\t\t\t<div class=\"elementor-column-wrap elementor-element-populated\">\n\t\t\t\t\t\t\t<div class=\"elementor-widget-wrap\">\n\t\t\t\t\t\t<div class=\"elementor-element elementor-element-f9be239 elementor-widget elementor-widget-spacer\" data-id=\"f9be239\" data-element_type=\"widget\" data-widget_type=\"spacer.default\">\n\t\t\t\t<div class=\"elementor-widget-container\">\n\t\t\t\t\t<div class=\"elementor-spacer\">\n\t\t\t<div class=\"elementor-spacer-inner\"><\/div>\n\t\t<\/div>\n\t\t\t\t<\/div>\n\t\t\t\t<\/div>\n\t\t\t\t\t\t<\/div>\n\t\t\t\t\t<\/div>\n\t\t<\/div>\n\t\t\t\t\t\t\t\t<\/div>\n\t\t\t\t\t<\/div>\n\t\t<\/section>\n\t\t\t\t\t\t\t\t\t<\/div>\n\t\t\t<\/div>\n\t\t\t\t\t<\/div>\n\t\t","protected":false},"excerpt":{"rendered":"<p>DERECHO DE ACCESO A LA INFORMACI\u00d3N P\u00daBLICA El derecho de acceso a la informaci\u00f3n p\u00fablica aparece recogido en el art\u00edculo 105 b) de la Constituci\u00f3n. En desarrollo de esta previsi\u00f3n, la Ley 19\/2013, de 9 de diciembre, de transparencia, acceso a la informaci\u00f3n p\u00fablica y buen gobierno, regula el procedimiento para solicitar la informaci\u00f3n y [&hellip;]<\/p>\n","protected":false},"author":1,"featured_media":0,"parent":0,"menu_order":0,"comment_status":"closed","ping_status":"closed","template":"","meta":[],"_links":{"self":[{"href":"https:\/\/aytoanievas.org\/transparencia\/wp-json\/wp\/v2\/pages\/373"}],"collection":[{"href":"https:\/\/aytoanievas.org\/transparencia\/wp-json\/wp\/v2\/pages"}],"about":[{"href":"https:\/\/aytoanievas.org\/transparencia\/wp-json\/wp\/v2\/types\/page"}],"author":[{"embeddable":true,"href":"https:\/\/aytoanievas.org\/transparencia\/wp-json\/wp\/v2\/users\/1"}],"replies":[{"embeddable":true,"href":"https:\/\/aytoanievas.org\/transparencia\/wp-json\/wp\/v2\/comments?post=373"}],"version-history":[{"count":13,"href":"https:\/\/aytoanievas.org\/transparencia\/wp-json\/wp\/v2\/pages\/373\/revisions"}],"predecessor-version":[{"id":2329,"href":"https:\/\/aytoanievas.org\/transparencia\/wp-json\/wp\/v2\/pages\/373\/revisions\/2329"}],"wp:attachment":[{"href":"https:\/\/aytoanievas.org\/transparencia\/wp-json\/wp\/v2\/media?parent=373"}],"curies":[{"name":"wp","href":"https:\/\/api.w.org\/{rel}","templated":true}]}}