{"id":3503,"date":"2021-08-07T10:12:48","date_gmt":"2021-08-07T10:12:48","guid":{"rendered":"https:\/\/aytoanievas.org\/transparencia\/?page_id=3503"},"modified":"2021-09-10T07:27:20","modified_gmt":"2021-09-10T07:27:20","slug":"848664a","status":"publish","type":"page","link":"https:\/\/aytoanievas.org\/transparencia\/848664a\/","title":{"rendered":"Licitaci\u00f3n del servicio de recaudaci\u00f3n"},"content":{"rendered":"\t\t<div data-elementor-type=\"wp-page\" data-elementor-id=\"3503\" class=\"elementor elementor-3503\">\n\t\t\t\t\t\t<div class=\"elementor-inner\">\n\t\t\t\t<div class=\"elementor-section-wrap\">\n\t\t\t\t\t\t\t\t\t<section class=\"elementor-section elementor-top-section elementor-element elementor-element-fcd6725 elementor-section-full_width elementor-section-stretched elementor-section-height-default elementor-section-height-default\" data-id=\"fcd6725\" data-element_type=\"section\" data-settings=\"{&quot;stretch_section&quot;:&quot;section-stretched&quot;,&quot;background_background&quot;:&quot;classic&quot;}\">\n\t\t\t\t\t\t<div class=\"elementor-container elementor-column-gap-default\">\n\t\t\t\t\t\t\t<div class=\"elementor-row\">\n\t\t\t\t\t<div class=\"elementor-column elementor-col-100 elementor-top-column elementor-element elementor-element-ba9f048\" data-id=\"ba9f048\" data-element_type=\"column\">\n\t\t\t<div class=\"elementor-column-wrap elementor-element-populated\">\n\t\t\t\t\t\t\t<div class=\"elementor-widget-wrap\">\n\t\t\t\t\t\t<div class=\"elementor-element elementor-element-2c8d40d elementor-widget elementor-widget-heading\" data-id=\"2c8d40d\" data-element_type=\"widget\" data-widget_type=\"heading.default\">\n\t\t\t\t<div class=\"elementor-widget-container\">\n\t\t\t<h2 class=\"elementor-heading-title elementor-size-default\">Servicios de colaboraci\u00f3n a la gesti\u00f3n tributaria, la recaudaci\u00f3n voluntaria y en periodo ejecutivo de los\ntributos y dem\u00e1s ingresos de derecho p\u00fablico del Ayuntamiento de Anievas.<\/h2>\t\t<\/div>\n\t\t\t\t<\/div>\n\t\t\t\t\t\t<\/div>\n\t\t\t\t\t<\/div>\n\t\t<\/div>\n\t\t\t\t\t\t\t\t<\/div>\n\t\t\t\t\t<\/div>\n\t\t<\/section>\n\t\t\t\t<section class=\"elementor-section elementor-top-section elementor-element elementor-element-fa2a72d elementor-section-boxed elementor-section-height-default elementor-section-height-default\" data-id=\"fa2a72d\" data-element_type=\"section\">\n\t\t\t\t\t\t<div class=\"elementor-container elementor-column-gap-default\">\n\t\t\t\t\t\t\t<div class=\"elementor-row\">\n\t\t\t\t\t<div class=\"elementor-column elementor-col-100 elementor-top-column elementor-element elementor-element-1403a78\" data-id=\"1403a78\" data-element_type=\"column\">\n\t\t\t<div class=\"elementor-column-wrap elementor-element-populated\">\n\t\t\t\t\t\t\t<div class=\"elementor-widget-wrap\">\n\t\t\t\t\t\t<div class=\"elementor-element elementor-element-9e6586e elementor-widget elementor-widget-spacer\" data-id=\"9e6586e\" data-element_type=\"widget\" data-widget_type=\"spacer.default\">\n\t\t\t\t<div class=\"elementor-widget-container\">\n\t\t\t\t\t<div class=\"elementor-spacer\">\n\t\t\t<div class=\"elementor-spacer-inner\"><\/div>\n\t\t<\/div>\n\t\t\t\t<\/div>\n\t\t\t\t<\/div>\n\t\t\t\t\t\t<\/div>\n\t\t\t\t\t<\/div>\n\t\t<\/div>\n\t\t\t\t\t\t\t\t<\/div>\n\t\t\t\t\t<\/div>\n\t\t<\/section>\n\t\t\t\t<section class=\"elementor-section elementor-top-section elementor-element elementor-element-e64c08e elementor-section-boxed elementor-section-height-default elementor-section-height-default\" data-id=\"e64c08e\" data-element_type=\"section\">\n\t\t\t\t\t\t<div class=\"elementor-container elementor-column-gap-default\">\n\t\t\t\t\t\t\t<div class=\"elementor-row\">\n\t\t\t\t\t<div class=\"elementor-column elementor-col-100 elementor-top-column elementor-element elementor-element-b0478cb\" data-id=\"b0478cb\" data-element_type=\"column\">\n\t\t\t<div class=\"elementor-column-wrap elementor-element-populated\">\n\t\t\t\t\t\t\t<div class=\"elementor-widget-wrap\">\n\t\t\t\t\t\t<div class=\"elementor-element elementor-element-d3541d0 elementor-widget elementor-widget-text-editor\" data-id=\"d3541d0\" data-element_type=\"widget\" data-widget_type=\"text-editor.default\">\n\t\t\t\t<div class=\"elementor-widget-container\">\n\t\t\t\t\t\t\t\t<div class=\"elementor-text-editor elementor-clearfix\">\n\t\t\t\t<section class=\"elementor-section elementor-top-section elementor-element elementor-element-e64c08e elementor-section-boxed elementor-section-height-default elementor-section-height-default\" data-id=\"e64c08e\" data-element_type=\"section\">\n<div class=\"elementor-container elementor-column-gap-default\">\n<div class=\"elementor-row\">\n<div class=\"elementor-column elementor-col-100 elementor-top-column elementor-element elementor-element-b0478cb\" data-id=\"b0478cb\" data-element_type=\"column\">\n<div class=\"elementor-column-wrap elementor-element-populated\">\n<div class=\"elementor-widget-wrap\">\n<div class=\"elementor-element elementor-element-d3541d0 elementor-widget elementor-widget-text-editor\" data-id=\"d3541d0\" data-element_type=\"widget\" data-widget_type=\"text-editor.default\">\n<div class=\"elementor-widget-container\">\n<div class=\"elementor-text-editor elementor-clearfix\">\n<p><strong>OBJETO<\/strong><\/p>\n<p>Es objeto del presente pliego determinar las prescripciones t\u00e9cnicas que han de regir en el contrato de servicios de colaboraci\u00f3n a la gesti\u00f3n tributaria, la recaudaci\u00f3n voluntaria y en periodo ejecutivo de los tributos y dem\u00e1s ingresos de derecho p\u00fablico del Ayuntamiento de Anievas.<\/p>\n<p>Con car\u00e1cter general, y sin perjuicio de las particularidades que con posterioridad se se\u00f1alar\u00e1n, el contrato comprende la realizaci\u00f3n de todas las tareas de apoyo, materiales, de ejecuci\u00f3n, deasesoramiento y de asistencia t\u00e9cnica necesarias a la finalidad del objeto del contrato, con estricta sujeci\u00f3n a la normativa tributaria y aquella otra que resulte de aplicaci\u00f3n.<\/p>\n<\/div>\n<p>En estos t\u00e9rminos de generalidad, el desarrollo y ejecuci\u00f3n del contrato estar\u00e1 presidido por los principios generales del ordenamiento administrativo y jur\u00eddico-tributario y, en especial, por los de eficacia, eficiencia, m\u00e1xima trasparencia y calidad para todos los sujetos implicados: ciudadanos, administraci\u00f3n y contratista.<\/p>\n<p>El desarrollo y ejecuci\u00f3n del objeto del presente contrato, se llevar\u00e1 a cabo poniendo un especia inter\u00e9s en la utilizaci\u00f3n de las \u00faltimas t\u00e9cnicas electr\u00f3nicas, inform\u00e1ticas y telem\u00e1ticas, tanto en la actuaci\u00f3n administrativa como en las relaciones Ciudadano-Administraci\u00f3n-Contratista, incluyendo los servicios propios de la CARPETA ELECTRONICA TRIBUTARIA, siguiendo el inter\u00e9s y pautas exigidas por la Ley 39\/2015, de 1 de octubre, del Procedimiento Administrativo Com\u00fan de las Administraciones P\u00fablicas y, asimismo, por la Ley 40\/2015, de 1 de octubre, de R\u00e9gimen Jur\u00eddico del Sector P\u00fablico.&nbsp;<\/p>\n<\/div>\n<\/div>\n<\/div>\n<\/div>\n<\/div>\n<\/div>\n<\/div>\n<\/section>\n<section class=\"elementor-section elementor-top-section elementor-element elementor-element-1576806 elementor-section-boxed elementor-section-height-default elementor-section-height-default\" data-id=\"1576806\" data-element_type=\"section\">\n<div class=\"elementor-container elementor-column-gap-default\">\n<div class=\"elementor-row\">\n<div class=\"elementor-column elementor-col-100 elementor-top-column elementor-element elementor-element-5aab652\" data-id=\"5aab652\" data-element_type=\"column\">\n<div class=\"elementor-column-wrap elementor-element-populated\">\n<div class=\"elementor-widget-wrap\">\n<div class=\"elementor-element elementor-element-e81ac74 elementor-widget elementor-widget-text-editor\" data-id=\"e81ac74\" data-element_type=\"widget\" data-widget_type=\"text-editor.default\">\n<div class=\"elementor-widget-container\">\n<div class=\"elementor-text-editor elementor-clearfix\">\n<p><strong>DEPENDENCIA QUE TRAMITA EXPEDIENTE<\/strong><\/p>\n<p>SECRETAR\u00cdA \u2013 INTERVENCI\u00d3N<\/p>\n<p><strong>\u00d3RGANO DE CONTRATACI\u00d3N<\/strong><\/p>\n<p>ALCALD\u00cdA<\/p>\n<p><strong>OBTENCI\u00d3N DE DOCUMENTACI\u00d3N<\/strong><\/p>\n<p>AYUNTAMIENTO DE ANIEVAS, BARRIO LAS ESCUELAS, S\/n, 39451, COTILLO DE ANIEVAS, CANTABRIA. <a href=\"mailto:secretario@aytoanievas.org\" target=\"_blank\" rel=\"noopener\">secretario@aytoanievas.org<\/a>&nbsp;<\/p>\n<p><strong>TIPO DE CONTRATO<\/strong><\/p>\n<p>SERVICIOS<\/p>\n<p><strong>PROCEDIMIENTO DE ADJUDICACI\u00d3N<\/strong><\/p>\n<p>ABIERTO SIMPLIFICADO SUMARIO (Art. 159.6 LCSP).<\/p>\n<p><strong>TRAMITACI\u00d3N<\/strong><\/p>\n<p>ORDINARIA<\/p>\n<p><strong>CRITERIOS DE ADJUDICACI\u00d3N<\/strong><\/p>\n<p>VARIOS CRITERIOS DE ADJUDICACI\u00d3N. (ART. 23 DEL PCAP).<\/p>\n<p><strong>VALOR ESTIMADO DEL CONTRATO<\/strong><\/p>\n<p>27.353,28 \u20ac IVA EXCLUIDO.<\/p>\n<p><strong>PLAZO DE EJECUCI\u00d3N<\/strong><\/p>\n<p>EL PLAZO DE EJECUCI\u00d3N DEL CONTRATO SER\u00c1 DE DOS A\u00d1OS. SE PREV\u00c9 LA OPCI\u00d3N DE PR\u00d3RROGA POR DOS A\u00d1OS M\u00c1S.<\/p>\n<p><strong>GARANT\u00cdA PROVISIONAL<\/strong><\/p>\n<p>NO SE EXIGE<\/p>\n<p><strong>ANUNCIO DE LICITACI\u00d3N<\/strong><\/p>\n<p><a href=\"https:\/\/contrataciondelestado.es\/wps\/poc?uri=deeplink%3Adetalle_licitacion&amp;idEvl=WMbgmuKG4VfnSoTX3z%2F7wA%3D%3D\" target=\"_blank\" rel=\"noopener\">ANUNCIO PUBLICADO EN LA PCSP EN FECHA DEL 06\/08\/2021.<\/a><\/p>\n<p><strong>FECHA PRESENTACI\u00d3N SOLICITUDES<\/strong><\/p>\n<p>10 D\u00cdAS H\u00c1BILES. HASTA EL 23 DE AGOSTO DE 2021 A LAS 23:59 HORAS. (ART. 17 DEL PCAP).<\/p>\n<p><strong>PRESENTACI\u00d3N DE OFERTAS<\/strong><\/p>\n<p>ART. 18 DEL PCAP. EXCLUSIVAMENTE POR MEDIOS TELEM\u00c1TICOS A TRAV\u00c9S DE LA PLATAFORMA DE CONTRATOS DEL SECTOR P\u00daBLICO. (<a href=\"https:\/\/contrataciondelestado.es\/wps\/wcm\/connect\/PLACE_es\/Site\/area\/docAccCmpnt?srv=cmpnt&amp;cmpntname=GetDocumentsById&amp;source=library&amp;DocumentIdParam=04b263ab-3c90-49f9-8e9b-b028422d967a\" target=\"_blank\" rel=\"noopener\">MANUAL DE PRESENTACI\u00d3N DE OFERTAS<\/a>).&nbsp;<\/p>\n<p><strong>APERTURA DE OFERTAS<\/strong><\/p>\n<p>ART. 20 DEL PLIEGO DE CL\u00c1USULAS ADMINISTRATIVAS PARTICULARES. SESI\u00d3N PREVISTA PARA EL 25\/08\/2021.<\/p>\n<\/div>\n<\/div>\n<\/div>\n<\/div>\n<\/div>\n<\/div>\n<\/div>\n<\/div>\n<\/section>\t\t\t\t\t<\/div>\n\t\t\t\t\t\t<\/div>\n\t\t\t\t<\/div>\n\t\t\t\t\t\t<\/div>\n\t\t\t\t\t<\/div>\n\t\t<\/div>\n\t\t\t\t\t\t\t\t<\/div>\n\t\t\t\t\t<\/div>\n\t\t<\/section>\n\t\t\t\t<section class=\"elementor-section elementor-top-section elementor-element elementor-element-e556fe8 elementor-section-boxed elementor-section-height-default elementor-section-height-default\" data-id=\"e556fe8\" data-element_type=\"section\">\n\t\t\t\t\t\t<div class=\"elementor-container elementor-column-gap-default\">\n\t\t\t\t\t\t\t<div class=\"elementor-row\">\n\t\t\t\t\t<div class=\"elementor-column elementor-col-100 elementor-top-column elementor-element elementor-element-3f64326\" data-id=\"3f64326\" data-element_type=\"column\">\n\t\t\t<div class=\"elementor-column-wrap elementor-element-populated\">\n\t\t\t\t\t\t\t<div class=\"elementor-widget-wrap\">\n\t\t\t\t\t\t<div class=\"elementor-element elementor-element-79b4334 elementor-widget elementor-widget-spacer\" data-id=\"79b4334\" data-element_type=\"widget\" data-widget_type=\"spacer.default\">\n\t\t\t\t<div class=\"elementor-widget-container\">\n\t\t\t\t\t<div class=\"elementor-spacer\">\n\t\t\t<div class=\"elementor-spacer-inner\"><\/div>\n\t\t<\/div>\n\t\t\t\t<\/div>\n\t\t\t\t<\/div>\n\t\t\t\t\t\t<\/div>\n\t\t\t\t\t<\/div>\n\t\t<\/div>\n\t\t\t\t\t\t\t\t<\/div>\n\t\t\t\t\t<\/div>\n\t\t<\/section>\n\t\t\t\t<section class=\"elementor-section elementor-top-section elementor-element elementor-element-8739875 elementor-section-boxed elementor-section-height-default elementor-section-height-default\" data-id=\"8739875\" data-element_type=\"section\">\n\t\t\t\t\t\t<div class=\"elementor-container elementor-column-gap-default\">\n\t\t\t\t\t\t\t<div class=\"elementor-row\">\n\t\t\t\t\t<div class=\"elementor-column elementor-col-100 elementor-top-column elementor-element elementor-element-17c345b\" data-id=\"17c345b\" data-element_type=\"column\">\n\t\t\t<div class=\"elementor-column-wrap elementor-element-populated\">\n\t\t\t\t\t\t\t<div class=\"elementor-widget-wrap\">\n\t\t\t\t\t\t<div class=\"elementor-element elementor-element-5ec8e59 elementor-widget elementor-widget-accordion\" data-id=\"5ec8e59\" data-element_type=\"widget\" data-widget_type=\"accordion.default\">\n\t\t\t\t<div class=\"elementor-widget-container\">\n\t\t\t\t\t<div class=\"elementor-accordion\" role=\"tablist\">\n\t\t\t\t\t\t\t<div class=\"elementor-accordion-item\">\n\t\t\t\t\t<div id=\"elementor-tab-title-9931\" class=\"elementor-tab-title\" data-tab=\"1\" role=\"tab\" aria-controls=\"elementor-tab-content-9931\" aria-expanded=\"false\">\n\t\t\t\t\t\t\t\t\t\t\t\t\t<span class=\"elementor-accordion-icon elementor-accordion-icon-left\" aria-hidden=\"true\">\n\t\t\t\t\t\t\t\t\t\t\t\t\t\t\t<span class=\"elementor-accordion-icon-closed\"><i class=\"fas fa-plus\"><\/i><\/span>\n\t\t\t\t\t\t\t\t<span class=\"elementor-accordion-icon-opened\"><i class=\"fas fa-minus\"><\/i><\/span>\n\t\t\t\t\t\t\t\t\t\t\t\t\t\t<\/span>\n\t\t\t\t\t\t\t\t\t\t\t\t<a class=\"elementor-accordion-title\" href=\"\">PLIEGO DE CL\u00c1SULAS ADMINISTRATIVAS PARTICULARES<\/a>\n\t\t\t\t\t<\/div>\n\t\t\t\t\t<div id=\"elementor-tab-content-9931\" class=\"elementor-tab-content elementor-clearfix\" data-tab=\"1\" role=\"tabpanel\" aria-labelledby=\"elementor-tab-title-9931\"><p><a href=\"https:\/\/contrataciondelestado.es\/wps\/wcm\/connect\/PLACE_es\/Site\/area\/docAccCmpnt?srv=cmpnt&amp;cmpntname=GetDocumentsById&amp;source=library&amp;DocumentIdParam=e89a0b83-852c-443e-80aa-2014697a1e71\" target=\"_blank\" rel=\"noopener\">ENLACE AL PLIEGO<\/a><\/p><\/div>\n\t\t\t\t<\/div>\n\t\t\t\t\t\t\t<div class=\"elementor-accordion-item\">\n\t\t\t\t\t<div id=\"elementor-tab-title-9932\" class=\"elementor-tab-title\" data-tab=\"2\" role=\"tab\" aria-controls=\"elementor-tab-content-9932\" aria-expanded=\"false\">\n\t\t\t\t\t\t\t\t\t\t\t\t\t<span class=\"elementor-accordion-icon elementor-accordion-icon-left\" aria-hidden=\"true\">\n\t\t\t\t\t\t\t\t\t\t\t\t\t\t\t<span class=\"elementor-accordion-icon-closed\"><i class=\"fas fa-plus\"><\/i><\/span>\n\t\t\t\t\t\t\t\t<span class=\"elementor-accordion-icon-opened\"><i class=\"fas fa-minus\"><\/i><\/span>\n\t\t\t\t\t\t\t\t\t\t\t\t\t\t<\/span>\n\t\t\t\t\t\t\t\t\t\t\t\t<a class=\"elementor-accordion-title\" href=\"\">PLIEGO DE PRESCRIPCIONES T\u00c9CNICAS<\/a>\n\t\t\t\t\t<\/div>\n\t\t\t\t\t<div id=\"elementor-tab-content-9932\" class=\"elementor-tab-content elementor-clearfix\" data-tab=\"2\" role=\"tabpanel\" aria-labelledby=\"elementor-tab-title-9932\"><p><a href=\"https:\/\/contrataciondelestado.es\/wps\/wcm\/connect\/PLACE_es\/Site\/area\/docAccCmpnt?srv=cmpnt&amp;cmpntname=GetDocumentsById&amp;source=library&amp;DocumentIdParam=0e3d2dfe-af22-437d-bad7-4583d804e76e\" target=\"_blank\" rel=\"noopener\">ENLACE AL PLIEGO<\/a><\/p><\/div>\n\t\t\t\t<\/div>\n\t\t\t\t\t\t\t<div class=\"elementor-accordion-item\">\n\t\t\t\t\t<div id=\"elementor-tab-title-9933\" class=\"elementor-tab-title\" data-tab=\"3\" role=\"tab\" aria-controls=\"elementor-tab-content-9933\" aria-expanded=\"false\">\n\t\t\t\t\t\t\t\t\t\t\t\t\t<span class=\"elementor-accordion-icon elementor-accordion-icon-left\" aria-hidden=\"true\">\n\t\t\t\t\t\t\t\t\t\t\t\t\t\t\t<span class=\"elementor-accordion-icon-closed\"><i class=\"fas fa-plus\"><\/i><\/span>\n\t\t\t\t\t\t\t\t<span class=\"elementor-accordion-icon-opened\"><i class=\"fas fa-minus\"><\/i><\/span>\n\t\t\t\t\t\t\t\t\t\t\t\t\t\t<\/span>\n\t\t\t\t\t\t\t\t\t\t\t\t<a class=\"elementor-accordion-title\" href=\"\">ANEXOS<\/a>\n\t\t\t\t\t<\/div>\n\t\t\t\t\t<div id=\"elementor-tab-content-9933\" class=\"elementor-tab-content elementor-clearfix\" data-tab=\"3\" role=\"tabpanel\" aria-labelledby=\"elementor-tab-title-9933\"><p><a href=\"https:\/\/contrataciondelestado.es\/wps\/wcm\/connect\/PLACE_es\/Site\/area\/docAccCmpnt?srv=cmpnt&amp;cmpntname=GetDocumentsById&amp;source=library&amp;DocumentIdParam=50e91b4b-9bc9-4ea7-a9ce-dd95fcb0b878\" target=\"_blank\" rel=\"noopener\">Anexo I 848664A (WORD)<\/a><\/p><p><a href=\"https:\/\/contrataciondelestado.es\/wps\/wcm\/connect\/PLACE_es\/Site\/area\/docAccCmpnt?srv=cmpnt&amp;cmpntname=GetDocumentsById&amp;source=library&amp;DocumentIdParam=54659c2a-4d9d-4ca4-aa78-7e9cafa3baad\" target=\"_blank\" rel=\"noopener\">Anexo II 848664A (WORD)<\/a><\/p><p><a href=\"https:\/\/contrataciondelestado.es\/wps\/wcm\/connect\/PLACE_es\/Site\/area\/docAccCmpnt?srv=cmpnt&amp;cmpntname=GetDocumentsById&amp;source=library&amp;DocumentIdParam=7a1a99f8-0b8a-4f3f-8dba-3c9c3c07aeee\" target=\"_blank\" rel=\"noopener\">Gu\u00eda de licitaci\u00f3n para empresas<\/a><\/p><\/div>\n\t\t\t\t<\/div>\n\t\t\t\t\t\t\t<div class=\"elementor-accordion-item\">\n\t\t\t\t\t<div id=\"elementor-tab-title-9934\" class=\"elementor-tab-title\" data-tab=\"4\" role=\"tab\" aria-controls=\"elementor-tab-content-9934\" aria-expanded=\"false\">\n\t\t\t\t\t\t\t\t\t\t\t\t\t<span class=\"elementor-accordion-icon elementor-accordion-icon-left\" aria-hidden=\"true\">\n\t\t\t\t\t\t\t\t\t\t\t\t\t\t\t<span class=\"elementor-accordion-icon-closed\"><i class=\"fas fa-plus\"><\/i><\/span>\n\t\t\t\t\t\t\t\t<span class=\"elementor-accordion-icon-opened\"><i class=\"fas fa-minus\"><\/i><\/span>\n\t\t\t\t\t\t\t\t\t\t\t\t\t\t<\/span>\n\t\t\t\t\t\t\t\t\t\t\t\t<a class=\"elementor-accordion-title\" href=\"\">DOCUMENTOS DEL EXPEDIENTE DE LICITACI\u00d3N<\/a>\n\t\t\t\t\t<\/div>\n\t\t\t\t\t<div id=\"elementor-tab-content-9934\" class=\"elementor-tab-content elementor-clearfix\" data-tab=\"4\" role=\"tabpanel\" aria-labelledby=\"elementor-tab-title-9934\"><p><a href=\"https:\/\/contrataciondelestado.es\/wps\/wcm\/connect\/PLACE_es\/Site\/area\/docAccCmpnt?srv=cmpnt&amp;cmpntname=GetDocumentsById&amp;source=library&amp;DocumentIdParam=507c6b4f-3193-49e8-9663-cd78cef31b2e\" target=\"_blank\" rel=\"noopener\">MEMORIA JUSTIFICATIVA<\/a><\/p><p><a href=\"https:\/\/contrataciondelestado.es\/wps\/wcm\/connect\/PLACE_es\/Site\/area\/docAccCmpnt?srv=cmpnt&amp;cmpntname=GetDocumentsById&amp;source=library&amp;DocumentIdParam=77bc1474-afa4-4f7c-9027-64bc27436452\" target=\"_blank\" rel=\"noopener\">INFORME DE INSUFICIENCIA DE MEDIOS<\/a><\/p><p><a href=\"https:\/\/contrataciondelestado.es\/wps\/wcm\/connect\/PLACE_es\/Site\/area\/docAccCmpnt?srv=cmpnt&amp;cmpntname=GetDocumentsById&amp;source=library&amp;DocumentIdParam=31851c07-b66c-40d9-90ec-5d39f4259c45\" target=\"_blank\" rel=\"noopener\">JUSTIFICACI\u00d3N SOBRE LA NO DIVISI\u00d3N EN LOTES<\/a><\/p><p><a href=\"https:\/\/contrataciondelestado.es\/wps\/wcm\/connect\/PLACE_es\/Site\/area\/docAccCmpnt?srv=cmpnt&amp;cmpntname=GetDocumentsById&amp;source=library&amp;DocumentIdParam=e6836a6b-c0dc-498b-ad39-0ee43f568092\" target=\"_blank\" rel=\"noopener\">ACUERDO DE INICIO DE EXPEDIENTE<\/a><\/p><p><a href=\"https:\/\/contrataciondelestado.es\/wps\/wcm\/connect\/PLACE_es\/Site\/area\/docAccCmpnt?srv=cmpnt&amp;cmpntname=GetDocumentsById&amp;source=library&amp;DocumentIdParam=43c13ef2-2d4e-493b-b270-1757823344a0\" target=\"_blank\" rel=\"noopener\">ACUERDO DE APROBACI\u00d3N DEL EXPEDIENTE<\/a><\/p><p><a href=\"https:\/\/aytoanievas.org\/transparencia\/trans_files\/uploads\/Acta_apertura_ofertas_expediente_848664A_-_SEFYCU_3032412.pdf\" target=\"_blank\" rel=\"noopener\">ACTA DE APERTURA DE OFERTAS<\/a><\/p><\/div>\n\t\t\t\t<\/div>\n\t\t\t\t\t\t\t<div class=\"elementor-accordion-item\">\n\t\t\t\t\t<div id=\"elementor-tab-title-9935\" class=\"elementor-tab-title\" data-tab=\"5\" role=\"tab\" aria-controls=\"elementor-tab-content-9935\" aria-expanded=\"false\">\n\t\t\t\t\t\t\t\t\t\t\t\t\t<span class=\"elementor-accordion-icon elementor-accordion-icon-left\" aria-hidden=\"true\">\n\t\t\t\t\t\t\t\t\t\t\t\t\t\t\t<span class=\"elementor-accordion-icon-closed\"><i class=\"fas fa-plus\"><\/i><\/span>\n\t\t\t\t\t\t\t\t<span class=\"elementor-accordion-icon-opened\"><i class=\"fas fa-minus\"><\/i><\/span>\n\t\t\t\t\t\t\t\t\t\t\t\t\t\t<\/span>\n\t\t\t\t\t\t\t\t\t\t\t\t<a class=\"elementor-accordion-title\" href=\"\">ADJUDICACI\u00d3N<\/a>\n\t\t\t\t\t<\/div>\n\t\t\t\t\t<div id=\"elementor-tab-content-9935\" class=\"elementor-tab-content elementor-clearfix\" data-tab=\"5\" role=\"tabpanel\" aria-labelledby=\"elementor-tab-title-9935\"><p><a href=\"https:\/\/aytoanievas.org\/transparencia\/trans_files\/uploads\/Resolucion_N_100_de_08092021_Adjudicacion_Contrato_Servicio_Recaudacion_848664A_-_SEGRA_505213.pdf\" target=\"_blank\" rel=\"noopener\">Acuerdo de adjudicaci\u00f3n del contrato de servicios de recaudaci\u00f3n del Ayuntamiento de Anievas, 848664A.<\/a><\/p><\/div>\n\t\t\t\t<\/div>\n\t\t\t\t\t\t\t<div class=\"elementor-accordion-item\">\n\t\t\t\t\t<div id=\"elementor-tab-title-9936\" class=\"elementor-tab-title\" data-tab=\"6\" role=\"tab\" aria-controls=\"elementor-tab-content-9936\" aria-expanded=\"false\">\n\t\t\t\t\t\t\t\t\t\t\t\t\t<span class=\"elementor-accordion-icon elementor-accordion-icon-left\" aria-hidden=\"true\">\n\t\t\t\t\t\t\t\t\t\t\t\t\t\t\t<span class=\"elementor-accordion-icon-closed\"><i class=\"fas fa-plus\"><\/i><\/span>\n\t\t\t\t\t\t\t\t<span class=\"elementor-accordion-icon-opened\"><i class=\"fas fa-minus\"><\/i><\/span>\n\t\t\t\t\t\t\t\t\t\t\t\t\t\t<\/span>\n\t\t\t\t\t\t\t\t\t\t\t\t<a class=\"elementor-accordion-title\" href=\"\">FORMALIZACI\u00d3N<\/a>\n\t\t\t\t\t<\/div>\n\t\t\t\t\t<div id=\"elementor-tab-content-9936\" class=\"elementor-tab-content elementor-clearfix\" data-tab=\"6\" role=\"tabpanel\" aria-labelledby=\"elementor-tab-title-9936\"><p><a href=\"https:\/\/aytoanievas.org\/transparencia\/trans_files\/uploads\/DOC_FORM2021-245610.pdf\" target=\"_blank\" rel=\"noopener\">Publicaci\u00f3n de la formalizaci\u00f3n del contrato de servicio de recaudaci\u00f3n del Ayuntamiento de Anievas, Expediente 848664A.<\/a><\/p><\/div>\n\t\t\t\t<\/div>\n\t\t\t\t\t\t\t\t<\/div>\n\t\t\t\t<\/div>\n\t\t\t\t<\/div>\n\t\t\t\t\t\t<\/div>\n\t\t\t\t\t<\/div>\n\t\t<\/div>\n\t\t\t\t\t\t\t\t<\/div>\n\t\t\t\t\t<\/div>\n\t\t<\/section>\n\t\t\t\t\t\t\t\t\t<\/div>\n\t\t\t<\/div>\n\t\t\t\t\t<\/div>\n\t\t","protected":false},"excerpt":{"rendered":"<p>Servicios de colaboraci\u00f3n a la gesti\u00f3n tributaria, la recaudaci\u00f3n voluntaria y en periodo ejecutivo de los tributos y dem\u00e1s ingresos de derecho p\u00fablico del Ayuntamiento de Anievas. OBJETO Es objeto del presente pliego determinar las prescripciones t\u00e9cnicas que han de regir en el contrato de servicios de colaboraci\u00f3n a la gesti\u00f3n tributaria, la recaudaci\u00f3n voluntaria [&hellip;]<\/p>\n","protected":false},"author":1,"featured_media":0,"parent":0,"menu_order":0,"comment_status":"closed","ping_status":"closed","template":"","meta":[],"_links":{"self":[{"href":"https:\/\/aytoanievas.org\/transparencia\/wp-json\/wp\/v2\/pages\/3503"}],"collection":[{"href":"https:\/\/aytoanievas.org\/transparencia\/wp-json\/wp\/v2\/pages"}],"about":[{"href":"https:\/\/aytoanievas.org\/transparencia\/wp-json\/wp\/v2\/types\/page"}],"author":[{"embeddable":true,"href":"https:\/\/aytoanievas.org\/transparencia\/wp-json\/wp\/v2\/users\/1"}],"replies":[{"embeddable":true,"href":"https:\/\/aytoanievas.org\/transparencia\/wp-json\/wp\/v2\/comments?post=3503"}],"version-history":[{"count":26,"href":"https:\/\/aytoanievas.org\/transparencia\/wp-json\/wp\/v2\/pages\/3503\/revisions"}],"predecessor-version":[{"id":3581,"href":"https:\/\/aytoanievas.org\/transparencia\/wp-json\/wp\/v2\/pages\/3503\/revisions\/3581"}],"wp:attachment":[{"href":"https:\/\/aytoanievas.org\/transparencia\/wp-json\/wp\/v2\/media?parent=3503"}],"curies":[{"name":"wp","href":"https:\/\/api.w.org\/{rel}","templated":true}]}}