{"id":2963,"date":"2021-01-19T17:16:47","date_gmt":"2021-01-19T17:16:47","guid":{"rendered":"https:\/\/aytoanievas.org\/transparencia\/?page_id=2963"},"modified":"2021-03-02T17:23:31","modified_gmt":"2021-03-02T17:23:31","slug":"sad_690762r","status":"publish","type":"page","link":"https:\/\/aytoanievas.org\/transparencia\/sad_690762r\/","title":{"rendered":"Licitaci\u00f3n Servicio Ayuda a Domicilio"},"content":{"rendered":"\t\t<div data-elementor-type=\"wp-page\" data-elementor-id=\"2963\" class=\"elementor elementor-2963\">\n\t\t\t\t\t\t<div class=\"elementor-inner\">\n\t\t\t\t<div class=\"elementor-section-wrap\">\n\t\t\t\t\t\t\t\t\t<section class=\"elementor-section elementor-top-section elementor-element elementor-element-77c8183 elementor-section-full_width elementor-section-stretched elementor-section-height-default elementor-section-height-default\" data-id=\"77c8183\" data-element_type=\"section\" data-settings=\"{&quot;stretch_section&quot;:&quot;section-stretched&quot;,&quot;background_background&quot;:&quot;classic&quot;}\">\n\t\t\t\t\t\t<div class=\"elementor-container elementor-column-gap-default\">\n\t\t\t\t\t\t\t<div class=\"elementor-row\">\n\t\t\t\t\t<div class=\"elementor-column elementor-col-100 elementor-top-column elementor-element elementor-element-4a4a3fa\" data-id=\"4a4a3fa\" data-element_type=\"column\">\n\t\t\t<div class=\"elementor-column-wrap elementor-element-populated\">\n\t\t\t\t\t\t\t<div class=\"elementor-widget-wrap\">\n\t\t\t\t\t\t<div class=\"elementor-element elementor-element-bed0dd0 elementor-widget elementor-widget-heading\" data-id=\"bed0dd0\" data-element_type=\"widget\" data-widget_type=\"heading.default\">\n\t\t\t\t<div class=\"elementor-widget-container\">\n\t\t\t<h2 class=\"elementor-heading-title elementor-size-default\">CONTRATO DE SERVICIOS DE ATENCI\u00d3N DOMICILIARIA EN EL AYUNTAMIENTO DE ANIEVAS.<\/h2>\t\t<\/div>\n\t\t\t\t<\/div>\n\t\t\t\t\t\t<\/div>\n\t\t\t\t\t<\/div>\n\t\t<\/div>\n\t\t\t\t\t\t\t\t<\/div>\n\t\t\t\t\t<\/div>\n\t\t<\/section>\n\t\t\t\t<section class=\"elementor-section elementor-top-section elementor-element elementor-element-febe7f3 elementor-section-boxed elementor-section-height-default elementor-section-height-default\" data-id=\"febe7f3\" data-element_type=\"section\">\n\t\t\t\t\t\t<div class=\"elementor-container elementor-column-gap-default\">\n\t\t\t\t\t\t\t<div class=\"elementor-row\">\n\t\t\t\t\t<div class=\"elementor-column elementor-col-100 elementor-top-column elementor-element elementor-element-80bcc3e\" data-id=\"80bcc3e\" data-element_type=\"column\">\n\t\t\t<div class=\"elementor-column-wrap elementor-element-populated\">\n\t\t\t\t\t\t\t<div class=\"elementor-widget-wrap\">\n\t\t\t\t\t\t<div class=\"elementor-element elementor-element-5cb28a4 elementor-widget elementor-widget-image\" data-id=\"5cb28a4\" data-element_type=\"widget\" data-widget_type=\"image.default\">\n\t\t\t\t<div class=\"elementor-widget-container\">\n\t\t\t\t\t\t\t\t<div class=\"elementor-image\">\n\t\t\t\t\t\t\t\t\t\t\t\t\t<a href=\"https:\/\/aytoanievas.org\/transparencia\/trans_files\/uploads\/dsd.jpg\" data-elementor-open-lightbox=\"yes\" e-action-hash=\"#elementor-action%3Aaction%3Dlightbox%26settings%3DeyJpZCI6NTI5LCJ1cmwiOmZhbHNlfQ%3D%3D\">\n\t\t\t\t\t\t\t<img src=\"https:\/\/aytoanievas.org\/transparencia\/trans_files\/uploads\/dsd.jpg\" title=\"\" alt=\"\" \/>\t\t\t\t\t\t\t\t<\/a>\n\t\t\t\t\t\t\t\t\t\t\t\t\t\t<\/div>\n\t\t\t\t\t\t<\/div>\n\t\t\t\t<\/div>\n\t\t\t\t\t\t<\/div>\n\t\t\t\t\t<\/div>\n\t\t<\/div>\n\t\t\t\t\t\t\t\t<\/div>\n\t\t\t\t\t<\/div>\n\t\t<\/section>\n\t\t\t\t<section class=\"elementor-section elementor-top-section elementor-element elementor-element-9bf8b51 elementor-section-boxed elementor-section-height-default elementor-section-height-default\" data-id=\"9bf8b51\" data-element_type=\"section\">\n\t\t\t\t\t\t<div class=\"elementor-container elementor-column-gap-default\">\n\t\t\t\t\t\t\t<div class=\"elementor-row\">\n\t\t\t\t\t<div class=\"elementor-column elementor-col-100 elementor-top-column elementor-element elementor-element-78136b5\" data-id=\"78136b5\" data-element_type=\"column\">\n\t\t\t<div class=\"elementor-column-wrap elementor-element-populated\">\n\t\t\t\t\t\t\t<div class=\"elementor-widget-wrap\">\n\t\t\t\t\t\t<div class=\"elementor-element elementor-element-23b74d8 elementor-widget elementor-widget-text-editor\" data-id=\"23b74d8\" data-element_type=\"widget\" data-widget_type=\"text-editor.default\">\n\t\t\t\t<div class=\"elementor-widget-container\">\n\t\t\t\t\t\t\t\t<div class=\"elementor-text-editor elementor-clearfix\">\n\t\t\t\t<section class=\"elementor-section elementor-top-section elementor-element elementor-element-e64c08e elementor-section-boxed elementor-section-height-default elementor-section-height-default\" data-id=\"e64c08e\" data-element_type=\"section\"><div class=\"elementor-container elementor-column-gap-default\"><div class=\"elementor-row\"><div class=\"elementor-column elementor-col-100 elementor-top-column elementor-element elementor-element-b0478cb\" data-id=\"b0478cb\" data-element_type=\"column\"><div class=\"elementor-column-wrap elementor-element-populated\"><div class=\"elementor-widget-wrap\"><div class=\"elementor-element elementor-element-d3541d0 elementor-widget elementor-widget-text-editor\" data-id=\"d3541d0\" data-element_type=\"widget\" data-widget_type=\"text-editor.default\"><div class=\"elementor-widget-container\"><div class=\"elementor-text-editor elementor-clearfix\"><p><strong>OBJETO<\/strong><\/p><p>El contrato a que se refiere el presente pliego tiene por objeto la realizaci\u00f3n del Servicio de Ayuda a Domicilio, conforme se describe en el Pliego de Prescripciones T\u00e9cnicas, incluyendo la relaci\u00f3n de las actuaciones a realizar, su frecuencia, los materiales necesarios, el personal de presencia f\u00edsica y todas las prescripciones de obligado cumplimiento que llevar\u00e1 a cabo la empresa adjudicataria de los servicios a contratar, a los efectos de proceder a la prestaci\u00f3n del SAD del Ayuntamiento de Anievas.<\/p><\/div><\/div><\/div><\/div><\/div><\/div><\/div><\/div><\/section><section class=\"elementor-section elementor-top-section elementor-element elementor-element-1576806 elementor-section-boxed elementor-section-height-default elementor-section-height-default\" data-id=\"1576806\" data-element_type=\"section\"><div class=\"elementor-container elementor-column-gap-default\"><div class=\"elementor-row\"><div class=\"elementor-column elementor-col-100 elementor-top-column elementor-element elementor-element-5aab652\" data-id=\"5aab652\" data-element_type=\"column\"><div class=\"elementor-column-wrap elementor-element-populated\"><div class=\"elementor-widget-wrap\"><div class=\"elementor-element elementor-element-e81ac74 elementor-widget elementor-widget-text-editor\" data-id=\"e81ac74\" data-element_type=\"widget\" data-widget_type=\"text-editor.default\"><div class=\"elementor-widget-container\"><div class=\"elementor-text-editor elementor-clearfix\"><p><strong>DEPENDENCIA QUE TRAMITA EXPEDIENTE<\/strong><\/p><p>SECRETAR\u00cdA \u2013 INTERVENCI\u00d3N<\/p><p><strong>\u00d3RGANO DE CONTRATACI\u00d3N<\/strong><\/p><p>PLENO DE LA CORPORACI\u00d3N<\/p><p><strong>OBTENCI\u00d3N DE DOCUMENTACI\u00d3N<\/strong><\/p><p>AYUNTAMIENTO DE ANIEVAS, BARRIO LAS ESCUELAS, S\/N, 39451, COTILLO DE ANIEVAS, CANTABRIA, <a href=\"mailto:secretario@aytoanievas.org\" target=\"_blank\" rel=\"noopener\">secretario@aytoanievas.org<\/a>\u00a0<\/p><p><strong>TIPO DE CONTRATO<\/strong><\/p><p>SERVICIOS<\/p><p><strong>PROCEDIMIENTO DE ADJUDICACI\u00d3N<\/strong><\/p><p>ABIERTO SIMPLIFICADO (Art. 159 LCSP).<\/p><p><strong>TRAMITACI\u00d3N<\/strong><\/p><p>ORDINARIA<\/p><p><strong>CRITERIOS DE ADJUDICACI\u00d3N<\/strong><\/p><p>VARIOS CRITERIOS DE ADJUDICACI\u00d3N. (ART. 23 DEL PCAP).<\/p><p><strong>VALOR ESTIMADO DEL CONTRATO<\/strong><\/p><p>108.528,00 \u20ac IVA EXCLUIDO.<\/p><p><strong>PLAZO DE EJECUCI\u00d3N<\/strong><\/p><p>El Contrato tendr\u00e1 una duraci\u00f3n de DOS (2) A\u00d1OS.<\/p><p>El contrato podr\u00e1 ser objeto de pr\u00f3rrogas anuales por acuerdo expreso de ambas partes, hasta un m\u00e1ximo de DOS (2) A\u00d1OS adicionales.\u00a0<\/p><p><strong>GARANT\u00cdA PROVISIONAL<\/strong><\/p><p>NO SE EXIGE<\/p><p><strong>ANUNCIO DE LICITACI\u00d3N<\/strong><\/p><p><a href=\"https:\/\/contrataciondelestado.es\/wps\/poc?uri=deeplink%3Adetalle_licitacion&amp;idEvl=5BEpbCusqHCmq21uxhbaVQ%3D%3D\" target=\"_blank\" rel=\"noopener\">ANUNCIO PUBLICADO EN LA PCSP EN FECHA DEL 19\/01\/2021.<\/a><\/p><p><strong>FECHA PRESENTACI\u00d3N SOLICITUDES<\/strong><\/p><p>15 D\u00cdAS NATURALES. HASTA EL 03 DE FEBRERO DE 2021 A LAS 23:59 HORAS. (ART. 17 DEL PCAP).<\/p><p><strong>PRESENTACI\u00d3N DE OFERTAS<\/strong><\/p><p>ART. 18 DEL PCAP. EXCLUSIVAMENTE POR MEDIOS TELEM\u00c1TICOS A TRAV\u00c9S DE LA PLATAFORMA DE CONTRATOS DEL SECTOR P\u00daBLICO. (<a href=\"https:\/\/contrataciondelestado.es\/wps\/wcm\/connect\/PLACE_es\/Site\/area\/docAccCmpnt?srv=cmpnt&amp;cmpntname=GetDocumentsById&amp;source=library&amp;DocumentIdParam=04b263ab-3c90-49f9-8e9b-b028422d967a\" target=\"_blank\" rel=\"noopener\">MANUAL DE PRESENTACI\u00d3N DE OFERTAS<\/a>).\u00a0<\/p><p><strong>APERTURA DE OFERTAS<\/strong><\/p><p>ART. 20 DEL PLIEGO DE CL\u00c1USULAS ADMINISTRATIVAS PARTICULARES. SESI\u00d3N PREVISTA PARA EL 05\/02\/2021.<\/p><\/div><\/div><\/div><\/div><\/div><\/div><\/div><\/div><\/section>\t\t\t\t\t<\/div>\n\t\t\t\t\t\t<\/div>\n\t\t\t\t<\/div>\n\t\t\t\t\t\t<\/div>\n\t\t\t\t\t<\/div>\n\t\t<\/div>\n\t\t\t\t\t\t\t\t<\/div>\n\t\t\t\t\t<\/div>\n\t\t<\/section>\n\t\t\t\t<section class=\"elementor-section elementor-top-section elementor-element elementor-element-8739875 elementor-section-boxed elementor-section-height-default elementor-section-height-default\" data-id=\"8739875\" data-element_type=\"section\">\n\t\t\t\t\t\t<div class=\"elementor-container elementor-column-gap-default\">\n\t\t\t\t\t\t\t<div class=\"elementor-row\">\n\t\t\t\t\t<div class=\"elementor-column elementor-col-100 elementor-top-column elementor-element elementor-element-17c345b\" data-id=\"17c345b\" data-element_type=\"column\">\n\t\t\t<div class=\"elementor-column-wrap elementor-element-populated\">\n\t\t\t\t\t\t\t<div class=\"elementor-widget-wrap\">\n\t\t\t\t\t\t<div class=\"elementor-element elementor-element-5ec8e59 elementor-widget elementor-widget-accordion\" data-id=\"5ec8e59\" data-element_type=\"widget\" data-widget_type=\"accordion.default\">\n\t\t\t\t<div class=\"elementor-widget-container\">\n\t\t\t\t\t<div class=\"elementor-accordion\" role=\"tablist\">\n\t\t\t\t\t\t\t<div class=\"elementor-accordion-item\">\n\t\t\t\t\t<div id=\"elementor-tab-title-9931\" class=\"elementor-tab-title\" data-tab=\"1\" role=\"tab\" aria-controls=\"elementor-tab-content-9931\" aria-expanded=\"false\">\n\t\t\t\t\t\t\t\t\t\t\t\t\t<span class=\"elementor-accordion-icon elementor-accordion-icon-left\" aria-hidden=\"true\">\n\t\t\t\t\t\t\t\t\t\t\t\t\t\t\t<span class=\"elementor-accordion-icon-closed\"><i class=\"fas fa-plus\"><\/i><\/span>\n\t\t\t\t\t\t\t\t<span class=\"elementor-accordion-icon-opened\"><i class=\"fas fa-minus\"><\/i><\/span>\n\t\t\t\t\t\t\t\t\t\t\t\t\t\t<\/span>\n\t\t\t\t\t\t\t\t\t\t\t\t<a class=\"elementor-accordion-title\" href=\"\">PLIEGO DE CL\u00c1USULAS ADMINISTRATIVAS PARTICULARES<\/a>\n\t\t\t\t\t<\/div>\n\t\t\t\t\t<div id=\"elementor-tab-content-9931\" class=\"elementor-tab-content elementor-clearfix\" data-tab=\"1\" role=\"tabpanel\" aria-labelledby=\"elementor-tab-title-9931\"><p><a href=\"https:\/\/contrataciondelestado.es\/wps\/wcm\/connect\/PLACE_es\/Site\/area\/docAccCmpnt?srv=cmpnt&amp;cmpntname=GetDocumentsById&amp;source=library&amp;DocumentIdParam=ad65e58c-7bfb-472e-aeb9-324b3cbc9272\" target=\"_blank\" rel=\"noopener\">ENLACE AL PLIEGO<\/a><\/p><\/div>\n\t\t\t\t<\/div>\n\t\t\t\t\t\t\t<div class=\"elementor-accordion-item\">\n\t\t\t\t\t<div id=\"elementor-tab-title-9932\" class=\"elementor-tab-title\" data-tab=\"2\" role=\"tab\" aria-controls=\"elementor-tab-content-9932\" aria-expanded=\"false\">\n\t\t\t\t\t\t\t\t\t\t\t\t\t<span class=\"elementor-accordion-icon elementor-accordion-icon-left\" aria-hidden=\"true\">\n\t\t\t\t\t\t\t\t\t\t\t\t\t\t\t<span class=\"elementor-accordion-icon-closed\"><i class=\"fas fa-plus\"><\/i><\/span>\n\t\t\t\t\t\t\t\t<span class=\"elementor-accordion-icon-opened\"><i class=\"fas fa-minus\"><\/i><\/span>\n\t\t\t\t\t\t\t\t\t\t\t\t\t\t<\/span>\n\t\t\t\t\t\t\t\t\t\t\t\t<a class=\"elementor-accordion-title\" href=\"\">PLIEGO DE PRESCRIPCIONES T\u00c9CNICAS<\/a>\n\t\t\t\t\t<\/div>\n\t\t\t\t\t<div id=\"elementor-tab-content-9932\" class=\"elementor-tab-content elementor-clearfix\" data-tab=\"2\" role=\"tabpanel\" aria-labelledby=\"elementor-tab-title-9932\"><p><a href=\"https:\/\/contrataciondelestado.es\/wps\/wcm\/connect\/PLACE_es\/Site\/area\/docAccCmpnt?srv=cmpnt&amp;cmpntname=GetDocumentsById&amp;source=library&amp;DocumentIdParam=57650703-8225-4cd3-9f2f-8ec0341341c1\" target=\"_blank\" rel=\"noopener\">ENLACE AL PLIEGO<\/a><\/p><\/div>\n\t\t\t\t<\/div>\n\t\t\t\t\t\t\t<div class=\"elementor-accordion-item\">\n\t\t\t\t\t<div id=\"elementor-tab-title-9933\" class=\"elementor-tab-title\" data-tab=\"3\" role=\"tab\" aria-controls=\"elementor-tab-content-9933\" aria-expanded=\"false\">\n\t\t\t\t\t\t\t\t\t\t\t\t\t<span class=\"elementor-accordion-icon elementor-accordion-icon-left\" aria-hidden=\"true\">\n\t\t\t\t\t\t\t\t\t\t\t\t\t\t\t<span class=\"elementor-accordion-icon-closed\"><i class=\"fas fa-plus\"><\/i><\/span>\n\t\t\t\t\t\t\t\t<span class=\"elementor-accordion-icon-opened\"><i class=\"fas fa-minus\"><\/i><\/span>\n\t\t\t\t\t\t\t\t\t\t\t\t\t\t<\/span>\n\t\t\t\t\t\t\t\t\t\t\t\t<a class=\"elementor-accordion-title\" href=\"\">ANEXOS<\/a>\n\t\t\t\t\t<\/div>\n\t\t\t\t\t<div id=\"elementor-tab-content-9933\" class=\"elementor-tab-content elementor-clearfix\" data-tab=\"3\" role=\"tabpanel\" aria-labelledby=\"elementor-tab-title-9933\"><p><a href=\"https:\/\/contrataciondelestado.es\/wps\/wcm\/connect\/PLACE_es\/Site\/area\/docAccCmpnt?srv=cmpnt&amp;cmpntname=GetDocumentsById&amp;source=library&amp;DocumentIdParam=1196107f-eca8-4992-bfb0-9b0f422a0dd0\" target=\"_blank\" rel=\"noopener\">Anexo I_690762R_noedit.docx<\/a><br \/><a href=\"https:\/\/contrataciondelestado.es\/wps\/wcm\/connect\/PLACE_es\/Site\/area\/docAccCmpnt?srv=cmpnt&amp;cmpntname=GetDocumentsById&amp;source=library&amp;DocumentIdParam=d119b15f-87d4-4d51-89d4-842b5dce4853\" target=\"_blank\" rel=\"noopener\">Anexo II_690762R_noedit.docx<\/a><br \/><a href=\"https:\/\/contrataciondelestado.es\/wps\/wcm\/connect\/PLACE_es\/Site\/area\/docAccCmpnt?srv=cmpnt&amp;cmpntname=GetDocumentsById&amp;source=library&amp;DocumentIdParam=262cb31f-4186-4ad7-8e92-eb7abd57d3ad\" target=\"_blank\" rel=\"noopener\">Anexo III_690762R_Solvencia_economica_noedit.docx<\/a><br \/><a href=\"https:\/\/contrataciondelestado.es\/wps\/wcm\/connect\/PLACE_es\/Site\/area\/docAccCmpnt?srv=cmpnt&amp;cmpntname=GetDocumentsById&amp;source=library&amp;DocumentIdParam=3bd93da6-dc13-47cc-85a1-0f968cbc240a\" target=\"_blank\" rel=\"noopener\">Anexo IV_690762R_Solvencia_tecnica_noedit.docx<\/a><br \/><a href=\"https:\/\/contrataciondelestado.es\/wps\/wcm\/connect\/PLACE_es\/Site\/area\/docAccCmpnt?srv=cmpnt&amp;cmpntname=GetDocumentsById&amp;source=library&amp;DocumentIdParam=c19c8305-59c4-4c3b-bedf-dbe74e7026d4\" target=\"_blank\" rel=\"noopener\">PLACSP_UOE_Empresas_GuiaLicitacion.pdf<\/a><\/p><\/div>\n\t\t\t\t<\/div>\n\t\t\t\t\t\t\t<div class=\"elementor-accordion-item\">\n\t\t\t\t\t<div id=\"elementor-tab-title-9934\" class=\"elementor-tab-title\" data-tab=\"4\" role=\"tab\" aria-controls=\"elementor-tab-content-9934\" aria-expanded=\"false\">\n\t\t\t\t\t\t\t\t\t\t\t\t\t<span class=\"elementor-accordion-icon elementor-accordion-icon-left\" aria-hidden=\"true\">\n\t\t\t\t\t\t\t\t\t\t\t\t\t\t\t<span class=\"elementor-accordion-icon-closed\"><i class=\"fas fa-plus\"><\/i><\/span>\n\t\t\t\t\t\t\t\t<span class=\"elementor-accordion-icon-opened\"><i class=\"fas fa-minus\"><\/i><\/span>\n\t\t\t\t\t\t\t\t\t\t\t\t\t\t<\/span>\n\t\t\t\t\t\t\t\t\t\t\t\t<a class=\"elementor-accordion-title\" href=\"\">DOCUMENTOS DEL EXPEDIENTE DE LICITACI\u00d3N<\/a>\n\t\t\t\t\t<\/div>\n\t\t\t\t\t<div id=\"elementor-tab-content-9934\" class=\"elementor-tab-content elementor-clearfix\" data-tab=\"4\" role=\"tabpanel\" aria-labelledby=\"elementor-tab-title-9934\"><p><a href=\"https:\/\/contrataciondelestado.es\/wps\/wcm\/connect\/PLACE_es\/Site\/area\/docAccCmpnt?srv=cmpnt&amp;cmpntname=GetDocumentsById&amp;source=library&amp;DocumentIdParam=3e02dff3-7a1f-433f-b1fb-3ebbf58d570a\" target=\"_blank\" rel=\"noopener\">MEMORIA JUSTIFICATIVA<\/a><\/p><p><a href=\"https:\/\/contrataciondelestado.es\/wps\/wcm\/connect\/PLACE_es\/Site\/area\/docAccCmpnt?srv=cmpnt&amp;cmpntname=GetDocumentsById&amp;source=library&amp;DocumentIdParam=1bb02518-3fef-46a6-adc1-eb0e2ea5938e\" target=\"_blank\" rel=\"noopener\">APROBACI\u00d3N DEL EXPEDIENTE DE LICITACI\u00d3N<\/a><\/p><p><a href=\"https:\/\/aytoanievas.org\/transparencia\/trans_files\/uploads\/Convocatoria_Apertura_-_690762R_03-02-21_11_47_14.pdf\" target=\"_blank\" rel=\"noopener\">CONVOCATORIA MESA DE CONTRATACI\u00d3N<\/a><\/p><p><a href=\"https:\/\/aytoanievas.org\/transparencia\/trans_files\/uploads\/Acta_de_la_Mesa_de_Contratacion_690762R_-_SEFYCU_2539651.pdf\" target=\"_blank\" rel=\"noopener\">ACTA DEL \u00d3RGANO DE ASISTENCIA DE FECHA 05\/02\/2021. DOCUMENTACI\u00d3N ADMINISTRATIVA.<\/a><\/p><p><a href=\"https:\/\/aytoanievas.org\/transparencia\/trans_files\/uploads\/Acta_de_la_Mesa_de_Contratacion_690762R_-_SEFYCU_2540210.pdf\" target=\"_blank\" rel=\"noopener\">ACTA DEL \u00d3RGANO DE ASISTENCIA DE FECHA 05\/02\/2021. VALORACI\u00d3N DE OFERTA ECON\u00d3MICA Y PROPUESTA DE ADJUDICACI\u00d3N.<\/a><\/p><p><a href=\"https:\/\/aytoanievas.org\/transparencia\/trans_files\/uploads\/Certificado_Acuerdo_Pleno_23022021_-_Adjudicacion_SAD_690762R_-_SEFYCU_2593642.pdf\" target=\"_blank\" rel=\"noopener\">ADJUDICACI\u00d3N DEL EXPEDIENTE DE LICITACI\u00d3N<\/a><\/p><p><a href=\"https:\/\/aytoanievas.org\/transparencia\/trans_files\/uploads\/Contrato-SAD-690762R.pdf\" target=\"_blank\" rel=\"noopener\">FORMALIZACI\u00d3N DEL CONTRATO<\/a><\/p><\/div>\n\t\t\t\t<\/div>\n\t\t\t\t\t\t\t\t<\/div>\n\t\t\t\t<\/div>\n\t\t\t\t<\/div>\n\t\t\t\t\t\t<\/div>\n\t\t\t\t\t<\/div>\n\t\t<\/div>\n\t\t\t\t\t\t\t\t<\/div>\n\t\t\t\t\t<\/div>\n\t\t<\/section>\n\t\t\t\t\t\t\t\t\t<\/div>\n\t\t\t<\/div>\n\t\t\t\t\t<\/div>\n\t\t","protected":false},"excerpt":{"rendered":"<p>CONTRATO DE SERVICIOS DE ATENCI\u00d3N DOMICILIARIA EN EL AYUNTAMIENTO DE ANIEVAS. OBJETO El contrato a que se refiere el presente pliego tiene por objeto la realizaci\u00f3n del Servicio de Ayuda a Domicilio, conforme se describe en el Pliego de Prescripciones T\u00e9cnicas, incluyendo la relaci\u00f3n de las actuaciones a realizar, su frecuencia, los materiales necesarios, el [&hellip;]<\/p>\n","protected":false},"author":1,"featured_media":0,"parent":0,"menu_order":0,"comment_status":"closed","ping_status":"closed","template":"","meta":[],"_links":{"self":[{"href":"https:\/\/aytoanievas.org\/transparencia\/wp-json\/wp\/v2\/pages\/2963"}],"collection":[{"href":"https:\/\/aytoanievas.org\/transparencia\/wp-json\/wp\/v2\/pages"}],"about":[{"href":"https:\/\/aytoanievas.org\/transparencia\/wp-json\/wp\/v2\/types\/page"}],"author":[{"embeddable":true,"href":"https:\/\/aytoanievas.org\/transparencia\/wp-json\/wp\/v2\/users\/1"}],"replies":[{"embeddable":true,"href":"https:\/\/aytoanievas.org\/transparencia\/wp-json\/wp\/v2\/comments?post=2963"}],"version-history":[{"count":34,"href":"https:\/\/aytoanievas.org\/transparencia\/wp-json\/wp\/v2\/pages\/2963\/revisions"}],"predecessor-version":[{"id":3123,"href":"https:\/\/aytoanievas.org\/transparencia\/wp-json\/wp\/v2\/pages\/2963\/revisions\/3123"}],"wp:attachment":[{"href":"https:\/\/aytoanievas.org\/transparencia\/wp-json\/wp\/v2\/media?parent=2963"}],"curies":[{"name":"wp","href":"https:\/\/api.w.org\/{rel}","templated":true}]}}