{"id":1820,"date":"2020-05-08T09:36:12","date_gmt":"2020-05-08T09:36:12","guid":{"rendered":"https:\/\/aytoanievas.org\/transparencia\/?page_id=1820"},"modified":"2020-05-29T17:22:18","modified_gmt":"2020-05-29T17:22:18","slug":"concejos-y-juntas-vecinales","status":"publish","type":"page","link":"https:\/\/aytoanievas.org\/transparencia\/concejos-y-juntas-vecinales\/","title":{"rendered":"Concejos y Juntas Vecinales"},"content":{"rendered":"\t\t<div data-elementor-type=\"wp-page\" data-elementor-id=\"1820\" class=\"elementor elementor-1820\">\n\t\t\t\t\t\t<div class=\"elementor-inner\">\n\t\t\t\t<div class=\"elementor-section-wrap\">\n\t\t\t\t\t\t\t\t\t<section class=\"elementor-section elementor-top-section elementor-element elementor-element-c174e71 elementor-section-boxed elementor-section-height-default elementor-section-height-default\" data-id=\"c174e71\" data-element_type=\"section\">\n\t\t\t\t\t\t<div class=\"elementor-container elementor-column-gap-default\">\n\t\t\t\t\t\t\t<div class=\"elementor-row\">\n\t\t\t\t\t<div class=\"elementor-column elementor-col-100 elementor-top-column elementor-element elementor-element-93ee948\" data-id=\"93ee948\" data-element_type=\"column\">\n\t\t\t<div class=\"elementor-column-wrap elementor-element-populated\">\n\t\t\t\t\t\t\t<div class=\"elementor-widget-wrap\">\n\t\t\t\t\t\t<div class=\"elementor-element elementor-element-fe13275 elementor-widget elementor-widget-text-editor\" data-id=\"fe13275\" data-element_type=\"widget\" data-widget_type=\"text-editor.default\">\n\t\t\t\t<div class=\"elementor-widget-container\">\n\t\t\t\t\t\t\t\t<div class=\"elementor-text-editor elementor-clearfix\">\n\t\t\t\t<p><strong>POBLACIONES<\/strong><\/p><div>El municipio de Anievas comprende cuatro n\u00facleos de poblaci\u00f3n: Calga, Cotillo (capital), Barriopalacio y Villasuso.<\/div><div>\u00a0<\/div><div><strong>Barriopalacio.<\/strong>\u00a0Este pueblo debe su nombre a una residencia se\u00f1orial desaparecida. Consta de los barrios de La Llan\u00eda, El Barrio, La Ermita, Campolafuente y La Venta. Dista un kil\u00f3metro de cotillo y est\u00e1 a 217 m sobre el nivel del mar. En Barriopalacio residi\u00f3 la religiosa Teresa Gonz\u00e1lez Quevedo(1930-1950)<\/div><div>\u00a0<\/div><div><strong>Calga.<\/strong>\u00a0Se encuentra a un kil\u00f3metro y medio de la capital municipal. Tiene una altitud de 320 m. Aqu\u00ed se yergue la ermita de San Roque del siglo XVII.<\/div><div>\u00a0<\/div><div><strong>Cotillo.<\/strong>\u00a0Es la capital del municipio y est\u00e1 situado exactamente en el centro geogr\u00e1fico de Cantabria. Su altitud es de 258 m. Destaca de este pueblo la iglesia de San Andr\u00e9s, construida hacia el siglo XIV siguiendo modelos rom\u00e1nicos y declarada Bien de Inter\u00e9s Cultural en 1982. Tambi\u00e9n aqu\u00ed pueden verse numerosas casonas t\u00edpicas monta\u00f1esas.<\/div><div>\u00a0<\/div><div><strong>Villasuso.<\/strong>\u00a0Situada a 2 km al este de Cotillo, a una altitud de 297 m. Aqu\u00ed se pueden ver la iglesia de Santa Eulalia, del siglo XVIII. Hasta fechas recientes se conservaban aqu\u00ed los restos de un h\u00f3rreo, construcci\u00f3n que antes abundaba en este valle. En Villasuso naci\u00f3 el pitero Tom\u00e1s Castillo Herrera (1914)<\/div>\t\t\t\t\t<\/div>\n\t\t\t\t\t\t<\/div>\n\t\t\t\t<\/div>\n\t\t\t\t\t\t<\/div>\n\t\t\t\t\t<\/div>\n\t\t<\/div>\n\t\t\t\t\t\t\t\t<\/div>\n\t\t\t\t\t<\/div>\n\t\t<\/section>\n\t\t\t\t<section class=\"elementor-section elementor-top-section elementor-element elementor-element-3563b7a elementor-section-boxed elementor-section-height-default elementor-section-height-default\" data-id=\"3563b7a\" data-element_type=\"section\">\n\t\t\t\t\t\t<div class=\"elementor-container elementor-column-gap-default\">\n\t\t\t\t\t\t\t<div class=\"elementor-row\">\n\t\t\t\t\t<div class=\"elementor-column elementor-col-100 elementor-top-column elementor-element elementor-element-cb51745\" data-id=\"cb51745\" data-element_type=\"column\">\n\t\t\t<div class=\"elementor-column-wrap elementor-element-populated\">\n\t\t\t\t\t\t\t<div class=\"elementor-widget-wrap\">\n\t\t\t\t\t\t<div class=\"elementor-element elementor-element-ef09f62 elementor-widget elementor-widget-spacer\" data-id=\"ef09f62\" data-element_type=\"widget\" data-widget_type=\"spacer.default\">\n\t\t\t\t<div class=\"elementor-widget-container\">\n\t\t\t\t\t<div class=\"elementor-spacer\">\n\t\t\t<div class=\"elementor-spacer-inner\"><\/div>\n\t\t<\/div>\n\t\t\t\t<\/div>\n\t\t\t\t<\/div>\n\t\t\t\t\t\t<\/div>\n\t\t\t\t\t<\/div>\n\t\t<\/div>\n\t\t\t\t\t\t\t\t<\/div>\n\t\t\t\t\t<\/div>\n\t\t<\/section>\n\t\t\t\t<section class=\"elementor-section elementor-top-section elementor-element elementor-element-e8232a4 elementor-section-stretched elementor-section-full_width elementor-section-height-default elementor-section-height-default\" data-id=\"e8232a4\" data-element_type=\"section\" data-settings=\"{&quot;stretch_section&quot;:&quot;section-stretched&quot;,&quot;background_background&quot;:&quot;classic&quot;}\">\n\t\t\t\t\t\t<div class=\"elementor-container elementor-column-gap-default\">\n\t\t\t\t\t\t\t<div class=\"elementor-row\">\n\t\t\t\t\t<div class=\"elementor-column elementor-col-100 elementor-top-column elementor-element elementor-element-d0df221\" data-id=\"d0df221\" data-element_type=\"column\">\n\t\t\t<div class=\"elementor-column-wrap elementor-element-populated\">\n\t\t\t\t\t\t\t<div class=\"elementor-widget-wrap\">\n\t\t\t\t\t\t<div class=\"elementor-element elementor-element-9aaf9f4 elementor-widget elementor-widget-heading\" data-id=\"9aaf9f4\" data-element_type=\"widget\" data-widget_type=\"heading.default\">\n\t\t\t\t<div class=\"elementor-widget-container\">\n\t\t\t<h2 class=\"elementor-heading-title elementor-size-default\">COMPOSICI\u00d3N Y FUNCIONAMIENTO DE LAS ENTIDADES LOCALES MENORES<\/h2>\t\t<\/div>\n\t\t\t\t<\/div>\n\t\t\t\t\t\t<\/div>\n\t\t\t\t\t<\/div>\n\t\t<\/div>\n\t\t\t\t\t\t\t\t<\/div>\n\t\t\t\t\t<\/div>\n\t\t<\/section>\n\t\t\t\t<section class=\"elementor-section elementor-top-section elementor-element elementor-element-0ff87c8 elementor-section-boxed elementor-section-height-default elementor-section-height-default\" data-id=\"0ff87c8\" data-element_type=\"section\">\n\t\t\t\t\t\t<div class=\"elementor-container elementor-column-gap-default\">\n\t\t\t\t\t\t\t<div class=\"elementor-row\">\n\t\t\t\t\t<div class=\"elementor-column elementor-col-100 elementor-top-column elementor-element elementor-element-d3bb108\" data-id=\"d3bb108\" data-element_type=\"column\">\n\t\t\t<div class=\"elementor-column-wrap elementor-element-populated\">\n\t\t\t\t\t\t\t<div class=\"elementor-widget-wrap\">\n\t\t\t\t\t\t<div class=\"elementor-element elementor-element-3dc0b9c elementor-widget elementor-widget-spacer\" data-id=\"3dc0b9c\" data-element_type=\"widget\" data-widget_type=\"spacer.default\">\n\t\t\t\t<div class=\"elementor-widget-container\">\n\t\t\t\t\t<div class=\"elementor-spacer\">\n\t\t\t<div class=\"elementor-spacer-inner\"><\/div>\n\t\t<\/div>\n\t\t\t\t<\/div>\n\t\t\t\t<\/div>\n\t\t\t\t\t\t<\/div>\n\t\t\t\t\t<\/div>\n\t\t<\/div>\n\t\t\t\t\t\t\t\t<\/div>\n\t\t\t\t\t<\/div>\n\t\t<\/section>\n\t\t\t\t<section class=\"elementor-section elementor-top-section elementor-element elementor-element-d93b146 elementor-section-boxed elementor-section-height-default elementor-section-height-default\" data-id=\"d93b146\" data-element_type=\"section\">\n\t\t\t\t\t\t<div class=\"elementor-container elementor-column-gap-default\">\n\t\t\t\t\t\t\t<div class=\"elementor-row\">\n\t\t\t\t\t<div class=\"elementor-column elementor-col-100 elementor-top-column elementor-element elementor-element-74caf52\" data-id=\"74caf52\" data-element_type=\"column\">\n\t\t\t<div class=\"elementor-column-wrap elementor-element-populated\">\n\t\t\t\t\t\t\t<div class=\"elementor-widget-wrap\">\n\t\t\t\t\t\t<div class=\"elementor-element elementor-element-2165631 elementor-widget elementor-widget-accordion\" data-id=\"2165631\" data-element_type=\"widget\" data-widget_type=\"accordion.default\">\n\t\t\t\t<div class=\"elementor-widget-container\">\n\t\t\t\t\t<div class=\"elementor-accordion\" role=\"tablist\">\n\t\t\t\t\t\t\t<div class=\"elementor-accordion-item\">\n\t\t\t\t\t<div id=\"elementor-tab-title-3501\" class=\"elementor-tab-title\" data-tab=\"1\" role=\"tab\" aria-controls=\"elementor-tab-content-3501\" aria-expanded=\"false\">\n\t\t\t\t\t\t\t\t\t\t\t\t\t<span class=\"elementor-accordion-icon elementor-accordion-icon-left\" aria-hidden=\"true\">\n\t\t\t\t\t\t\t\t\t\t\t\t\t\t\t<span class=\"elementor-accordion-icon-closed\"><i class=\"fas fa-plus\"><\/i><\/span>\n\t\t\t\t\t\t\t\t<span class=\"elementor-accordion-icon-opened\"><i class=\"fas fa-minus\"><\/i><\/span>\n\t\t\t\t\t\t\t\t\t\t\t\t\t\t<\/span>\n\t\t\t\t\t\t\t\t\t\t\t\t<a class=\"elementor-accordion-title\" href=\"\">JUNTAS VECINALES<\/a>\n\t\t\t\t\t<\/div>\n\t\t\t\t\t<div id=\"elementor-tab-content-3501\" class=\"elementor-tab-content elementor-clearfix\" data-tab=\"1\" role=\"tabpanel\" aria-labelledby=\"elementor-tab-title-3501\"><p>Son \u00f3rganos de gobierno de la Junta Vecinal:<\/p><ol><li>El Presidente como \u00f3rgano unipersonal.<\/li><li>La Junta, o, en su caso, el Concejo, como \u00f3rgano colegiado.<\/li><\/ol><p>El Presidente de la Junta Vecinal es el \u00f3rgano unipersonal ejecutivo, preside la Junta o el Concejo y es elegido conforme a lo establecido en esta Ley.<\/p><p>El Presidente de la Junta Vecinal tendr\u00e1 las atribuciones que la Ley se\u00f1ala, circunscritas al gobierno y administraci\u00f3n de la Junta y, en particular, las siguientes:<\/p><ol><li>Convocar y presidir las sesiones de la Junta o Concejo, dirigir sus deliberaciones y decidir los empates con voto de calidad.<\/li><li>Autorizar las actas y dar el visto bueno a las certificaciones que de las mismas se libren.<\/li><li>Representar a la Junta Vecinal.<\/li><li>Ejecutar los acuerdos de la Junta o Concejo.<\/li><li>Elaborar el proyecto de presupuesto anual y aplicarlo; ordenar pagos y rendir cuentas de su gesti\u00f3n.<\/li><li>Dictar bandos.<\/li><li>Ejercer acciones judiciales y administrativas en caso de urgencia.<\/li><li>Cualesquiera otras no reservadas a la Junta o Concejo.<\/li><\/ol><p>Son facultades de la Junta o Concejo las siguientes:<\/p><ol><li>El impulso, control y fiscalizaci\u00f3n de los actos del Presidente.<\/li><li>La aprobaci\u00f3n y modificaci\u00f3n del presupuesto anual y ordenanzas; la censura de cuentas y el reconocimiento de cr\u00e9ditos siempre que no exista consignaci\u00f3n presupuestaria.<\/li><li>La administraci\u00f3n y conservaci\u00f3n de bienes y derechos propios de la entidad y la regulaci\u00f3n del aprovechamiento de los bienes comunales.<\/li><li>El ejercicio de acciones judiciales y administrativas.<\/li><li>La adopci\u00f3n de acuerdos sobre disposici\u00f3n de bienes, operaciones de cr\u00e9dito y expropiaci\u00f3n forzosa, que deber\u00e1n ser ratificadas por el Ayuntamiento respectivo.<\/li><li>La aceptaci\u00f3n de la delegaci\u00f3n de competencias municipales.<\/li><li>La adquisici\u00f3n de bienes y derechos y la transacci\u00f3n sobre los mismos.<\/li><li>La contrataci\u00f3n de obras, servicios y suministros y la aprobaci\u00f3n de los proyectos de obra.<\/li><li>En general, cuantas atribuciones se asignaran por Ley al Ayuntamiento Pleno con respecto al gobierno y administraci\u00f3n del municipio, en el \u00e1mbito de la Entidad.<\/li><\/ol><p>Los acuerdos sobre disposici\u00f3n de bienes y operaciones de cr\u00e9dito deber\u00e1n ser adoptados por mayor\u00eda absoluta de la Asamblea Vecinal, convocada al efecto, en primera convocatoria; y por mayor\u00eda de los asistentes en segunda. Entre ambas Asambleas deber\u00e1 mediar, al menos, cuarenta y ocho horas.<\/p><p>El funcionamiento y r\u00e9gimen jur\u00eddico del Presidente y de la Junta Vecinal, a salvo de lo establecido en la presente Ley, deben regirse por lo dispuesto en el Reglamento propio de la Entidad y, en su defecto, por las normas generales establecidas para los Ayuntamientos.<\/p><p>Funciona bajo este R\u00e9gimen la Junta Vecinal de La Poblaci\u00f3n.<\/p><\/div>\n\t\t\t\t<\/div>\n\t\t\t\t\t\t\t<div class=\"elementor-accordion-item\">\n\t\t\t\t\t<div id=\"elementor-tab-title-3502\" class=\"elementor-tab-title\" data-tab=\"2\" role=\"tab\" aria-controls=\"elementor-tab-content-3502\" aria-expanded=\"false\">\n\t\t\t\t\t\t\t\t\t\t\t\t\t<span class=\"elementor-accordion-icon elementor-accordion-icon-left\" aria-hidden=\"true\">\n\t\t\t\t\t\t\t\t\t\t\t\t\t\t\t<span class=\"elementor-accordion-icon-closed\"><i class=\"fas fa-plus\"><\/i><\/span>\n\t\t\t\t\t\t\t\t<span class=\"elementor-accordion-icon-opened\"><i class=\"fas fa-minus\"><\/i><\/span>\n\t\t\t\t\t\t\t\t\t\t\t\t\t\t<\/span>\n\t\t\t\t\t\t\t\t\t\t\t\t<a class=\"elementor-accordion-title\" href=\"\">CONCEJOS ABIERTOS<\/a>\n\t\t\t\t\t<\/div>\n\t\t\t\t\t<div id=\"elementor-tab-content-3502\" class=\"elementor-tab-content elementor-clearfix\" data-tab=\"2\" role=\"tabpanel\" aria-labelledby=\"elementor-tab-title-3502\"><p>Casos en que se da:<\/p><ol><li>Las Entidades Locales Menores con poblaci\u00f3n inferior a 100 habitantes.<\/li><li>Las que pertenezcan a un municipio que a su vez funcione en Concejo Abierto.<\/li><li>Las que tradicionalmente cuenten con este singular r\u00e9gimen de gobierno y administraci\u00f3n.<\/li><li>Aquellas otras en las que en su localizaci\u00f3n geogr\u00e1fica, la mejor gesti\u00f3n de sus intereses y otras circunstancias lo hagan aconsejable.<\/li><\/ol><p>El funcionamiento del Concejo Abierto se ajustar\u00e1 a los usos, costumbres y tradiciones locales y en su defecto a la legislaci\u00f3n general sobre R\u00e9gimen Local.<\/p><p>El Concejo o Asamblea Vecinal se constituye v\u00e1lidamente con la asistencia de un tercio de los electores que a ello tengan derecho, que nunca podr\u00e1 ser inferior a tres. Este qu\u00f3rum debe mantenerse durante toda la sesi\u00f3n. En todo caso, se requiere la asistencia del Presidente y del Secretario o de quienes legalmente les sustituyan.<\/p><p>Los vecinos con derecho a pertenecer al Concejo podr\u00e1n estar representados por otro miembro del mismo, salvo a efectos de la votaci\u00f3n de la moci\u00f3n de censura en que no cabe. La representaci\u00f3n deber\u00e1 otorgarse para cada sesi\u00f3n y deber\u00e1 acreditarse mediante documento p\u00fablico, documento privado con firma notarialmente legitimada o poder otorgado ante el Secretario de la Entidad.<\/p><p>Ning\u00fan vecino podr\u00e1 ostentar simult\u00e1neamente la representaci\u00f3n de m\u00e1s de dos miembros del Concejo, salvo que se trate del c\u00f3nyuge o familiar de primer grado de consanguinidad en cuyo caso no existe l\u00edmite de representaci\u00f3n.<\/p><p>El Concejo se reunir\u00e1 en el lugar habilitado al efecto o donde lo tenga por costumbre. Se celebrar\u00e1 sesi\u00f3n ordinaria, al menos, una vez al trimestre, que ser\u00e1 convocada, como m\u00ednimo, con cuarenta y ocho horas de antelaci\u00f3n, por anuncio p\u00fablico y por cualquier medio de uso tradicional del lugar, incluyendo la relaci\u00f3n de los asuntos a tratar en el orden del d\u00eda.<\/p><\/div>\n\t\t\t\t<\/div>\n\t\t\t\t\t\t\t\t<\/div>\n\t\t\t\t<\/div>\n\t\t\t\t<\/div>\n\t\t\t\t\t\t<\/div>\n\t\t\t\t\t<\/div>\n\t\t<\/div>\n\t\t\t\t\t\t\t\t<\/div>\n\t\t\t\t\t<\/div>\n\t\t<\/section>\n\t\t\t\t\t\t\t\t\t<\/div>\n\t\t\t<\/div>\n\t\t\t\t\t<\/div>\n\t\t","protected":false},"excerpt":{"rendered":"<p>POBLACIONES El municipio de Anievas comprende cuatro n\u00facleos de poblaci\u00f3n: Calga, Cotillo (capital), Barriopalacio y Villasuso.\u00a0Barriopalacio.\u00a0Este pueblo debe su nombre a una residencia se\u00f1orial desaparecida. Consta de los barrios de La Llan\u00eda, El Barrio, La Ermita, Campolafuente y La Venta. Dista un kil\u00f3metro de cotillo y est\u00e1 a 217 m sobre el nivel del mar. [&hellip;]<\/p>\n","protected":false},"author":1,"featured_media":0,"parent":0,"menu_order":0,"comment_status":"closed","ping_status":"closed","template":"","meta":[],"_links":{"self":[{"href":"https:\/\/aytoanievas.org\/transparencia\/wp-json\/wp\/v2\/pages\/1820"}],"collection":[{"href":"https:\/\/aytoanievas.org\/transparencia\/wp-json\/wp\/v2\/pages"}],"about":[{"href":"https:\/\/aytoanievas.org\/transparencia\/wp-json\/wp\/v2\/types\/page"}],"author":[{"embeddable":true,"href":"https:\/\/aytoanievas.org\/transparencia\/wp-json\/wp\/v2\/users\/1"}],"replies":[{"embeddable":true,"href":"https:\/\/aytoanievas.org\/transparencia\/wp-json\/wp\/v2\/comments?post=1820"}],"version-history":[{"count":4,"href":"https:\/\/aytoanievas.org\/transparencia\/wp-json\/wp\/v2\/pages\/1820\/revisions"}],"predecessor-version":[{"id":2245,"href":"https:\/\/aytoanievas.org\/transparencia\/wp-json\/wp\/v2\/pages\/1820\/revisions\/2245"}],"wp:attachment":[{"href":"https:\/\/aytoanievas.org\/transparencia\/wp-json\/wp\/v2\/media?parent=1820"}],"curies":[{"name":"wp","href":"https:\/\/api.w.org\/{rel}","templated":true}]}}