{"id":1800,"date":"2020-05-08T09:20:03","date_gmt":"2020-05-08T09:20:03","guid":{"rendered":"https:\/\/aytoanievas.org\/transparencia\/?page_id=1800"},"modified":"2020-05-29T17:24:18","modified_gmt":"2020-05-29T17:24:18","slug":"consulta_tramites","status":"publish","type":"page","link":"https:\/\/aytoanievas.org\/transparencia\/consulta_tramites\/","title":{"rendered":"Consulta de sus tr\u00e1mites"},"content":{"rendered":"\t\t<div data-elementor-type=\"wp-page\" data-elementor-id=\"1800\" class=\"elementor elementor-1800\">\n\t\t\t\t\t\t<div class=\"elementor-inner\">\n\t\t\t\t<div class=\"elementor-section-wrap\">\n\t\t\t\t\t\t\t\t\t<section class=\"elementor-section elementor-top-section elementor-element elementor-element-635e2ed elementor-section-boxed elementor-section-height-default elementor-section-height-default\" data-id=\"635e2ed\" data-element_type=\"section\">\n\t\t\t\t\t\t<div class=\"elementor-container elementor-column-gap-default\">\n\t\t\t\t\t\t\t<div class=\"elementor-row\">\n\t\t\t\t\t<div class=\"elementor-column elementor-col-100 elementor-top-column elementor-element elementor-element-3c748e8\" data-id=\"3c748e8\" data-element_type=\"column\">\n\t\t\t<div class=\"elementor-column-wrap elementor-element-populated\">\n\t\t\t\t\t\t\t<div class=\"elementor-widget-wrap\">\n\t\t\t\t\t\t<div class=\"elementor-element elementor-element-89f309a elementor-widget elementor-widget-text-editor\" data-id=\"89f309a\" data-element_type=\"widget\" data-widget_type=\"text-editor.default\">\n\t\t\t\t<div class=\"elementor-widget-container\">\n\t\t\t\t\t\t\t\t<div class=\"elementor-text-editor elementor-clearfix\">\n\t\t\t\t<p><strong>CONSULTA DE SUS TR\u00c1MITES &#8211; CARPETA CIUDADANA<\/strong><\/p><p>Consulte a trav\u00e9s de la Sede Electr\u00f3nica Municipal el estado de tramitaci\u00f3n de su expediente.<\/p><p><strong>Requiere certificado digital.<\/strong><\/p>\t\t\t\t\t<\/div>\n\t\t\t\t\t\t<\/div>\n\t\t\t\t<\/div>\n\t\t\t\t\t\t<\/div>\n\t\t\t\t\t<\/div>\n\t\t<\/div>\n\t\t\t\t\t\t\t\t<\/div>\n\t\t\t\t\t<\/div>\n\t\t<\/section>\n\t\t\t\t<section class=\"elementor-section elementor-top-section elementor-element elementor-element-eaab648 elementor-section-boxed elementor-section-height-default elementor-section-height-default\" data-id=\"eaab648\" data-element_type=\"section\">\n\t\t\t\t\t\t<div class=\"elementor-container elementor-column-gap-default\">\n\t\t\t\t\t\t\t<div class=\"elementor-row\">\n\t\t\t\t\t<div class=\"elementor-column elementor-col-100 elementor-top-column elementor-element elementor-element-22c423c\" data-id=\"22c423c\" data-element_type=\"column\">\n\t\t\t<div class=\"elementor-column-wrap elementor-element-populated\">\n\t\t\t\t\t\t\t<div class=\"elementor-widget-wrap\">\n\t\t\t\t\t\t<div class=\"elementor-element elementor-element-b2061af elementor-align-center elementor-widget elementor-widget-button\" data-id=\"b2061af\" data-element_type=\"widget\" data-settings=\"{&quot;_animation&quot;:&quot;none&quot;}\" data-widget_type=\"button.default\">\n\t\t\t\t<div class=\"elementor-widget-container\">\n\t\t\t\t\t<div class=\"elementor-button-wrapper\">\n\t\t\t<a href=\"https:\/\/anievas.sedipualba.es\/segex\/carpeta_ciudadana.aspx\" target=\"_blank\" class=\"elementor-button-link elementor-button elementor-size-md elementor-animation-grow\" role=\"button\">\n\t\t\t\t\t\t<span class=\"elementor-button-content-wrapper\">\n\t\t\t\t\t\t\t<span class=\"elementor-button-icon elementor-align-icon-left\">\n\t\t\t\t<i aria-hidden=\"true\" class=\"fas fa-external-link-alt\"><\/i>\t\t\t<\/span>\n\t\t\t\t\t\t<span class=\"elementor-button-text\">CONSULTA DE SUS TR\u00c1MITES<\/span>\n\t\t<\/span>\n\t\t\t\t\t<\/a>\n\t\t<\/div>\n\t\t\t\t<\/div>\n\t\t\t\t<\/div>\n\t\t\t\t\t\t<\/div>\n\t\t\t\t\t<\/div>\n\t\t<\/div>\n\t\t\t\t\t\t\t\t<\/div>\n\t\t\t\t\t<\/div>\n\t\t<\/section>\n\t\t\t\t<section class=\"elementor-section elementor-top-section elementor-element elementor-element-cc663a4 elementor-section-boxed elementor-section-height-default elementor-section-height-default\" data-id=\"cc663a4\" data-element_type=\"section\">\n\t\t\t\t\t\t<div class=\"elementor-container elementor-column-gap-default\">\n\t\t\t\t\t\t\t<div class=\"elementor-row\">\n\t\t\t\t\t<div class=\"elementor-column elementor-col-100 elementor-top-column elementor-element elementor-element-84c575f\" data-id=\"84c575f\" data-element_type=\"column\">\n\t\t\t<div class=\"elementor-column-wrap elementor-element-populated\">\n\t\t\t\t\t\t\t<div class=\"elementor-widget-wrap\">\n\t\t\t\t\t\t<div class=\"elementor-element elementor-element-2d6002c elementor-widget elementor-widget-spacer\" data-id=\"2d6002c\" data-element_type=\"widget\" data-widget_type=\"spacer.default\">\n\t\t\t\t<div class=\"elementor-widget-container\">\n\t\t\t\t\t<div class=\"elementor-spacer\">\n\t\t\t<div class=\"elementor-spacer-inner\"><\/div>\n\t\t<\/div>\n\t\t\t\t<\/div>\n\t\t\t\t<\/div>\n\t\t\t\t\t\t<\/div>\n\t\t\t\t\t<\/div>\n\t\t<\/div>\n\t\t\t\t\t\t\t\t<\/div>\n\t\t\t\t\t<\/div>\n\t\t<\/section>\n\t\t\t\t<section class=\"elementor-section elementor-top-section elementor-element elementor-element-06bfd18 elementor-section-boxed elementor-section-height-default elementor-section-height-default\" data-id=\"06bfd18\" data-element_type=\"section\">\n\t\t\t\t\t\t<div class=\"elementor-container elementor-column-gap-default\">\n\t\t\t\t\t\t\t<div class=\"elementor-row\">\n\t\t\t\t\t<div class=\"elementor-column elementor-col-100 elementor-top-column elementor-element elementor-element-9ab9841\" data-id=\"9ab9841\" data-element_type=\"column\">\n\t\t\t<div class=\"elementor-column-wrap elementor-element-populated\">\n\t\t\t\t\t\t\t<div class=\"elementor-widget-wrap\">\n\t\t\t\t\t\t<div class=\"elementor-element elementor-element-3f1b2f4 elementor-widget elementor-widget-accordion\" data-id=\"3f1b2f4\" data-element_type=\"widget\" data-widget_type=\"accordion.default\">\n\t\t\t\t<div class=\"elementor-widget-container\">\n\t\t\t\t\t<div class=\"elementor-accordion\" role=\"tablist\">\n\t\t\t\t\t\t\t<div class=\"elementor-accordion-item\">\n\t\t\t\t\t<div id=\"elementor-tab-title-6611\" class=\"elementor-tab-title\" data-tab=\"1\" role=\"tab\" aria-controls=\"elementor-tab-content-6611\" aria-expanded=\"false\">\n\t\t\t\t\t\t\t\t\t\t\t\t\t<span class=\"elementor-accordion-icon elementor-accordion-icon-left\" aria-hidden=\"true\">\n\t\t\t\t\t\t\t\t\t\t\t\t\t\t\t<span class=\"elementor-accordion-icon-closed\"><i class=\"fas fa-plus\"><\/i><\/span>\n\t\t\t\t\t\t\t\t<span class=\"elementor-accordion-icon-opened\"><i class=\"fas fa-minus\"><\/i><\/span>\n\t\t\t\t\t\t\t\t\t\t\t\t\t\t<\/span>\n\t\t\t\t\t\t\t\t\t\t\t\t<a class=\"elementor-accordion-title\" href=\"\">OBTENCI\u00d3N DEL CERTIFICADO DIGITAL<\/a>\n\t\t\t\t\t<\/div>\n\t\t\t\t\t<div id=\"elementor-tab-content-6611\" class=\"elementor-tab-content elementor-clearfix\" data-tab=\"1\" role=\"tabpanel\" aria-labelledby=\"elementor-tab-title-6611\"><p id=\"u103353-4\">Para la presentaci\u00f3n de registros electr\u00f3nicos <span id=\"u103353-2\">se necesita disponer de un\u00a0<strong>Certificado Digital v\u00e1lido<\/strong><\/span>. A continuaci\u00f3n se explican los pasos a seguir para la obtenci\u00f3n de un certificado electr\u00f3nico en formato software a trav\u00e9s de la F\u00e1brica Nacional de Moneda y Timbre (FNMT)<\/p><p id=\"u103353-9\">Le facilitamos el enlace a la p\u00e1gina web de la\u00a0<span id=\"u103353-7\">FNMT<\/span>\u00a0y, a continuaci\u00f3n, la descripci\u00f3n de los pasos del procedimiento.<\/p><p id=\"u103353-13\"><a class=\"nonblock\" href=\"http:\/\/www.cert.fnmt.es\/\" target=\"_blank\" rel=\"noopener\">http:\/\/www.cert.fnmt.es\/<\/a><\/p><p id=\"u103353-16\"><strong>Obtenci\u00f3n del c\u00f3digo de solicitud por Internet:<\/strong><\/p><ul><li id=\"u103353-19\">Acceda a la web de la F\u00e1brica Nacional de Moneda y Timbre, Certificados Digitales y entre en la opci\u00f3n \u00abSolicitar Certificado\u00bb donde tendr\u00e1 que indicar el NIF o NIE del titular del certificado, el apellido, tal y como aparece en el documento de identidad, y un correo electr\u00f3nico. A esta direcci\u00f3n de correo se enviar\u00e1 el c\u00f3digo de solicitud asociado a su petici\u00f3n.<\/li><li id=\"u103353-22\">Acredite su identidad en una Oficina de Registro:<\/li><li id=\"u103353-25\">Debe acreditar la identidad en las Oficinas de registro reconocidas (aporte el c\u00f3digo que ha recibido en su correo electr\u00f3nico y la documentaci\u00f3n necesaria seg\u00fan se trate de una persona jur\u00eddica o f\u00edsica). Tenga en cuenta que si va a acreditarse en una oficina de la Agencia Tributaria tendr\u00e1 que solicitar antes cita previa.<\/li><\/ul><p id=\"u103353-28\"><strong>Descargue el certificado electr\u00f3nico:<\/strong><\/p><ul><li id=\"u103353-31\">Descargue el certificado desde la p\u00e1gina de la misma entidad certificadora en la que hizo la solicitud, aportando de nuevo el NIF del solicitante y el c\u00f3digo recibido en su correo electr\u00f3nico al solicitar el certificado.<\/li><\/ul><p id=\"u103353-34\"><strong>Obtenga una copia de seguridad del certificado:<\/strong><\/p><ul><li id=\"u103353-37\">Es recomendable la realizaci\u00f3n de una copia de seguridad (exportaci\u00f3n) del certificado electr\u00f3nico. La necesitar\u00e1 si en alg\u00fan momento tiene que recuperar su certificado o utilizarlo en otro equipo y, si no dispone de ella, la \u00fanica alternativa ser\u00eda solicitar un nuevo certificado.<\/li><\/ul><p id=\"u103353-40\"><strong>V\u00eddeos explicativos:<\/strong><\/p><p id=\"u103353-45\">Enlaces a\u00a0<span id=\"u103353-43\">videotutoriales<\/span>\u00a0que explican paso a paso el proceso para la obtenci\u00f3n de su certificado digital:<\/p><p id=\"u103353-49\"><a class=\"nonblock\" href=\"https:\/\/youtu.be\/p19J0TOpIks\" target=\"_blank\" rel=\"noopener\">FNMT: Certificado de persona f\u00edsica.<\/a><\/p><p id=\"u103353-53\"><a class=\"nonblock\" href=\"https:\/\/youtu.be\/ym7hhTAg57w\" target=\"_blank\" rel=\"noopener\">FNMT: Certificado de Representante de persona jur\u00eddica.<\/a><\/p><p id=\"u103353-57\"><a class=\"nonblock\" href=\"https:\/\/youtu.be\/GASE4IcHdGI\" target=\"_blank\" rel=\"noopener\">AEAT: Certificado Digital<\/a><\/p><\/div>\n\t\t\t\t<\/div>\n\t\t\t\t\t\t\t\t<\/div>\n\t\t\t\t<\/div>\n\t\t\t\t<\/div>\n\t\t\t\t\t\t<\/div>\n\t\t\t\t\t<\/div>\n\t\t<\/div>\n\t\t\t\t\t\t\t\t<\/div>\n\t\t\t\t\t<\/div>\n\t\t<\/section>\n\t\t\t\t\t\t\t\t\t<\/div>\n\t\t\t<\/div>\n\t\t\t\t\t<\/div>\n\t\t","protected":false},"excerpt":{"rendered":"<p>CONSULTA DE SUS TR\u00c1MITES &#8211; CARPETA CIUDADANA Consulte a trav\u00e9s de la Sede Electr\u00f3nica Municipal el estado de tramitaci\u00f3n de su expediente. Requiere certificado digital. CONSULTA DE SUS TR\u00c1MITES OBTENCI\u00d3N DEL CERTIFICADO DIGITAL Para la presentaci\u00f3n de registros electr\u00f3nicos se necesita disponer de un\u00a0Certificado Digital v\u00e1lido. A continuaci\u00f3n se explican los pasos a seguir para [&hellip;]<\/p>\n","protected":false},"author":1,"featured_media":0,"parent":0,"menu_order":0,"comment_status":"closed","ping_status":"closed","template":"","meta":[],"_links":{"self":[{"href":"https:\/\/aytoanievas.org\/transparencia\/wp-json\/wp\/v2\/pages\/1800"}],"collection":[{"href":"https:\/\/aytoanievas.org\/transparencia\/wp-json\/wp\/v2\/pages"}],"about":[{"href":"https:\/\/aytoanievas.org\/transparencia\/wp-json\/wp\/v2\/types\/page"}],"author":[{"embeddable":true,"href":"https:\/\/aytoanievas.org\/transparencia\/wp-json\/wp\/v2\/users\/1"}],"replies":[{"embeddable":true,"href":"https:\/\/aytoanievas.org\/transparencia\/wp-json\/wp\/v2\/comments?post=1800"}],"version-history":[{"count":13,"href":"https:\/\/aytoanievas.org\/transparencia\/wp-json\/wp\/v2\/pages\/1800\/revisions"}],"predecessor-version":[{"id":2249,"href":"https:\/\/aytoanievas.org\/transparencia\/wp-json\/wp\/v2\/pages\/1800\/revisions\/2249"}],"wp:attachment":[{"href":"https:\/\/aytoanievas.org\/transparencia\/wp-json\/wp\/v2\/media?parent=1800"}],"curies":[{"name":"wp","href":"https:\/\/api.w.org\/{rel}","templated":true}]}}