{"id":1560,"date":"2020-05-05T08:32:44","date_gmt":"2020-05-05T08:32:44","guid":{"rendered":"https:\/\/aytoanievas.org\/transparencia\/?page_id=1560"},"modified":"2020-08-10T16:01:40","modified_gmt":"2020-08-10T16:01:40","slug":"buzoncontacto","status":"publish","type":"page","link":"https:\/\/aytoanievas.org\/transparencia\/buzoncontacto\/","title":{"rendered":"Buz\u00f3n de Contacto"},"content":{"rendered":"\t\t<div data-elementor-type=\"wp-page\" data-elementor-id=\"1560\" class=\"elementor elementor-1560\">\n\t\t\t\t\t\t<div class=\"elementor-inner\">\n\t\t\t\t<div class=\"elementor-section-wrap\">\n\t\t\t\t\t\t\t\t\t<section class=\"elementor-section elementor-top-section elementor-element elementor-element-bd3bd11 elementor-section-boxed elementor-section-height-default elementor-section-height-default\" data-id=\"bd3bd11\" data-element_type=\"section\">\n\t\t\t\t\t\t<div class=\"elementor-container elementor-column-gap-default\">\n\t\t\t\t\t\t\t<div class=\"elementor-row\">\n\t\t\t\t\t<div class=\"elementor-column elementor-col-100 elementor-top-column elementor-element elementor-element-921bfa1\" data-id=\"921bfa1\" data-element_type=\"column\">\n\t\t\t<div class=\"elementor-column-wrap elementor-element-populated\">\n\t\t\t\t\t\t\t<div class=\"elementor-widget-wrap\">\n\t\t\t\t\t\t<div class=\"elementor-element elementor-element-dda91be elementor-widget elementor-widget-text-editor\" data-id=\"dda91be\" data-element_type=\"widget\" data-widget_type=\"text-editor.default\">\n\t\t\t\t<div class=\"elementor-widget-container\">\n\t\t\t\t\t\t\t\t<div class=\"elementor-text-editor elementor-clearfix\">\n\t\t\t\t<p><strong>INFORMACI\u00d3N GENERAL.<\/strong><\/p><p>Cualquier persona, tanto a t\u00edtulo individual y en su propio nombre, como en nombre y representaci\u00f3n de las personas jur\u00eddicas legalmente constituidas podr\u00e1 solicitar al Ayuntamiento el acceso a la informaci\u00f3n p\u00fablica, de forma gratuita y sin necesidad de alegar ning\u00fan motivo ni de indicar la finalidad del acceso, en los t\u00e9rminos previstos en el art\u00edculo 105.b) de la Constituci\u00f3n Espa\u00f1ola y en la normativa en materia de transparencia.<\/p><p>Se entiende por informaci\u00f3n p\u00fablica del Ayuntamiento de Anievas toda aquella que obre en su poder y que haya sido elaborada o adquirida en el ejercicio de sus funciones. Esta informaci\u00f3n podr\u00e1 estar en soporte papel o en formato electr\u00f3nico y, en este segundo caso, tener la forma de datos o de documentos electr\u00f3nicos.<\/p><p>El procedimiento para el ejercicio del derecho de acceso a la informaci\u00f3n se regir\u00e1 por lo establecido en la legislaci\u00f3n en materia de transparencia (Ley 19\/2013 de 19 de diciembre, de transparencia, acceso a la informaci\u00f3n p\u00fablica y buen gobierno, Ley de Cantabria 1\/2018, de 21 de marzo, de Transparencia de la Actividad P\u00fablica), debiendo facilitarse la informaci\u00f3n recabada de forma clara y comprensible.<\/p><p>La solicitud de acceso a la informaci\u00f3n p\u00fablica deber\u00e1 contener una descripci\u00f3n de la informaci\u00f3n solicitada que sea suficiente para determinar el conjunto de datos o de documentos a los que se refiere, no siendo precisa su identificaci\u00f3n espec\u00edfica, la de su ubicaci\u00f3n ni la del \u00f3rgano o servicio responsable.<\/p><p>La solicitud podr\u00e1 presentarse por cualquier medio (mediante la cumplimentaci\u00f3n y env\u00edo del formulario web contenido en esta p\u00e1gina o cumplimentando el documento de solicitud y present\u00e1ndolo en cualquier oficina de registro).<\/p>\t\t\t\t\t<\/div>\n\t\t\t\t\t\t<\/div>\n\t\t\t\t<\/div>\n\t\t\t\t\t\t<\/div>\n\t\t\t\t\t<\/div>\n\t\t<\/div>\n\t\t\t\t\t\t\t\t<\/div>\n\t\t\t\t\t<\/div>\n\t\t<\/section>\n\t\t\t\t<section class=\"elementor-section elementor-top-section elementor-element elementor-element-635e2ed elementor-section-boxed elementor-section-height-default elementor-section-height-default\" data-id=\"635e2ed\" data-element_type=\"section\">\n\t\t\t\t\t\t<div class=\"elementor-container elementor-column-gap-default\">\n\t\t\t\t\t\t\t<div class=\"elementor-row\">\n\t\t\t\t\t<div class=\"elementor-column elementor-col-100 elementor-top-column elementor-element elementor-element-3c748e8\" data-id=\"3c748e8\" data-element_type=\"column\">\n\t\t\t<div class=\"elementor-column-wrap elementor-element-populated\">\n\t\t\t\t\t\t\t<div class=\"elementor-widget-wrap\">\n\t\t\t\t\t\t<div class=\"elementor-element elementor-element-89f309a elementor-widget elementor-widget-text-editor\" data-id=\"89f309a\" data-element_type=\"widget\" data-widget_type=\"text-editor.default\">\n\t\t\t\t<div class=\"elementor-widget-container\">\n\t\t\t\t\t\t\t\t<div class=\"elementor-text-editor elementor-clearfix\">\n\t\t\t\t<p id=\"u45309-2\"><strong>BUZ\u00d3N DE CONTACTO<\/strong><\/p><p id=\"u45309-5\">Haznos llegar a trav\u00e9s del buz\u00f3n de contacto tus sugerencias, o pregunta las dudas que tengas acerca del funcionamiento del Ayuntamiento de Anievas. En caso de querer formular una solicitud podr\u00e1 hacerlo a trav\u00e9s del Registro General.<\/p><p id=\"u45309-8\">Tambi\u00e9n puede ponerse en contacto con el Ayuntamiento de Anievas por tel\u00e9fono o FAX:<\/p><p id=\"u45309-11\">Tel\u00e9fono: 942840613<\/p><p id=\"u45309-13\">FAX: 942840709<\/p><p id=\"u45309-16\">Horario de atenci\u00f3n: De Lunes a Viernes de 09:00 a 14:00 horas.<\/p><p>Igualmente, el Ayuntamiento de Anievas dispone de Sede Electr\u00f3nica a trav\u00e9s de la cual podr\u00e1 presentar cualquier instancia o solicitud:<\/p><p><a href=\"https:\/\/anievas.sedipualba.es\/\" target=\"_blank\" rel=\"noopener\">Enlace a la Sede Electr\u00f3nica Municipal.<\/a><\/p>\t\t\t\t\t<\/div>\n\t\t\t\t\t\t<\/div>\n\t\t\t\t<\/div>\n\t\t\t\t\t\t<\/div>\n\t\t\t\t\t<\/div>\n\t\t<\/div>\n\t\t\t\t\t\t\t\t<\/div>\n\t\t\t\t\t<\/div>\n\t\t<\/section>\n\t\t\t\t<section class=\"elementor-section elementor-top-section elementor-element elementor-element-aaedc48 elementor-section-boxed elementor-section-height-default elementor-section-height-default\" data-id=\"aaedc48\" data-element_type=\"section\">\n\t\t\t\t\t\t<div class=\"elementor-container elementor-column-gap-default\">\n\t\t\t\t\t\t\t<div class=\"elementor-row\">\n\t\t\t\t\t<div class=\"elementor-column elementor-col-100 elementor-top-column elementor-element elementor-element-6eb225c\" data-id=\"6eb225c\" data-element_type=\"column\">\n\t\t\t<div class=\"elementor-column-wrap elementor-element-populated\">\n\t\t\t\t\t\t\t<div class=\"elementor-widget-wrap\">\n\t\t\t\t\t\t<div class=\"elementor-element elementor-element-62e7e54 elementor-widget elementor-widget-spacer\" data-id=\"62e7e54\" data-element_type=\"widget\" data-widget_type=\"spacer.default\">\n\t\t\t\t<div class=\"elementor-widget-container\">\n\t\t\t\t\t<div class=\"elementor-spacer\">\n\t\t\t<div class=\"elementor-spacer-inner\"><\/div>\n\t\t<\/div>\n\t\t\t\t<\/div>\n\t\t\t\t<\/div>\n\t\t\t\t\t\t<\/div>\n\t\t\t\t\t<\/div>\n\t\t<\/div>\n\t\t\t\t\t\t\t\t<\/div>\n\t\t\t\t\t<\/div>\n\t\t<\/section>\n\t\t\t\t<section class=\"elementor-section elementor-top-section elementor-element elementor-element-ccc2b10 elementor-section-stretched elementor-section-full_width elementor-section-height-default elementor-section-height-default\" data-id=\"ccc2b10\" data-element_type=\"section\" data-settings=\"{&quot;stretch_section&quot;:&quot;section-stretched&quot;,&quot;background_background&quot;:&quot;classic&quot;}\">\n\t\t\t\t\t\t<div class=\"elementor-container elementor-column-gap-default\">\n\t\t\t\t\t\t\t<div class=\"elementor-row\">\n\t\t\t\t\t<div class=\"elementor-column elementor-col-100 elementor-top-column elementor-element elementor-element-b2acbd4\" data-id=\"b2acbd4\" data-element_type=\"column\">\n\t\t\t<div class=\"elementor-column-wrap elementor-element-populated\">\n\t\t\t\t\t\t\t<div class=\"elementor-widget-wrap\">\n\t\t\t\t\t\t<div class=\"elementor-element elementor-element-46761a7 elementor-widget elementor-widget-text-editor\" data-id=\"46761a7\" data-element_type=\"widget\" data-widget_type=\"text-editor.default\">\n\t\t\t\t<div class=\"elementor-widget-container\">\n\t\t\t\t\t\t\t\t<div class=\"elementor-text-editor elementor-clearfix\">\n\t\t\t\t<p style=\"text-align: center;\"><strong>FORMULARIO DE SOLICITUD V\u00cdA WEB<\/strong><\/p>\t\t\t\t\t<\/div>\n\t\t\t\t\t\t<\/div>\n\t\t\t\t<\/div>\n\t\t\t\t\t\t<\/div>\n\t\t\t\t\t<\/div>\n\t\t<\/div>\n\t\t\t\t\t\t\t\t<\/div>\n\t\t\t\t\t<\/div>\n\t\t<\/section>\n\t\t\t\t<section class=\"elementor-section elementor-top-section elementor-element elementor-element-5c268e3 elementor-section-boxed elementor-section-height-default elementor-section-height-default\" data-id=\"5c268e3\" data-element_type=\"section\">\n\t\t\t\t\t\t<div class=\"elementor-container elementor-column-gap-default\">\n\t\t\t\t\t\t\t<div class=\"elementor-row\">\n\t\t\t\t\t<div class=\"elementor-column elementor-col-100 elementor-top-column elementor-element elementor-element-4a88055\" data-id=\"4a88055\" data-element_type=\"column\">\n\t\t\t<div class=\"elementor-column-wrap elementor-element-populated\">\n\t\t\t\t\t\t\t<div class=\"elementor-widget-wrap\">\n\t\t\t\t\t\t<div class=\"elementor-element elementor-element-0e6c0e3 elementor-widget elementor-widget-spacer\" data-id=\"0e6c0e3\" data-element_type=\"widget\" data-widget_type=\"spacer.default\">\n\t\t\t\t<div class=\"elementor-widget-container\">\n\t\t\t\t\t<div class=\"elementor-spacer\">\n\t\t\t<div class=\"elementor-spacer-inner\"><\/div>\n\t\t<\/div>\n\t\t\t\t<\/div>\n\t\t\t\t<\/div>\n\t\t\t\t\t\t<\/div>\n\t\t\t\t\t<\/div>\n\t\t<\/div>\n\t\t\t\t\t\t\t\t<\/div>\n\t\t\t\t\t<\/div>\n\t\t<\/section>\n\t\t\t\t<section class=\"elementor-section elementor-top-section elementor-element elementor-element-0000d68 elementor-section-boxed elementor-section-height-default elementor-section-height-default\" data-id=\"0000d68\" data-element_type=\"section\">\n\t\t\t\t\t\t<div class=\"elementor-container elementor-column-gap-default\">\n\t\t\t\t\t\t\t<div class=\"elementor-row\">\n\t\t\t\t\t<div class=\"elementor-column elementor-col-100 elementor-top-column elementor-element elementor-element-a292175\" data-id=\"a292175\" data-element_type=\"column\">\n\t\t\t<div class=\"elementor-column-wrap elementor-element-populated\">\n\t\t\t\t\t\t\t<div class=\"elementor-widget-wrap\">\n\t\t\t\t\t\t<div class=\"elementor-element elementor-element-1344896 elementor-view-default elementor-widget elementor-widget-icon\" data-id=\"1344896\" data-element_type=\"widget\" data-widget_type=\"icon.default\">\n\t\t\t\t<div class=\"elementor-widget-container\">\n\t\t\t\t\t<div class=\"elementor-icon-wrapper\">\n\t\t\t<a class=\"elementor-icon elementor-animation-grow\" href=\"https:\/\/aytoanievas.org\/contacto\">\n\t\t\t<i aria-hidden=\"true\" class=\"far fa-envelope\"><\/i>\t\t\t<\/a>\n\t\t<\/div>\n\t\t\t\t<\/div>\n\t\t\t\t<\/div>\n\t\t\t\t\t\t<\/div>\n\t\t\t\t\t<\/div>\n\t\t<\/div>\n\t\t\t\t\t\t\t\t<\/div>\n\t\t\t\t\t<\/div>\n\t\t<\/section>\n\t\t\t\t<section class=\"elementor-section elementor-top-section elementor-element elementor-element-9a9040c elementor-section-boxed elementor-section-height-default elementor-section-height-default\" data-id=\"9a9040c\" data-element_type=\"section\">\n\t\t\t\t\t\t<div class=\"elementor-container elementor-column-gap-default\">\n\t\t\t\t\t\t\t<div class=\"elementor-row\">\n\t\t\t\t\t<div class=\"elementor-column elementor-col-100 elementor-top-column elementor-element elementor-element-4b5a381\" data-id=\"4b5a381\" data-element_type=\"column\">\n\t\t\t<div class=\"elementor-column-wrap elementor-element-populated\">\n\t\t\t\t\t\t\t<div class=\"elementor-widget-wrap\">\n\t\t\t\t\t\t<div class=\"elementor-element elementor-element-1d82d39 elementor-widget elementor-widget-text-editor\" data-id=\"1d82d39\" data-element_type=\"widget\" data-widget_type=\"text-editor.default\">\n\t\t\t\t<div class=\"elementor-widget-container\">\n\t\t\t\t\t\t\t\t<div class=\"elementor-text-editor elementor-clearfix\">\n\t\t\t\t<p><strong>INFORMACI\u00d3N B\u00c1SICA SOBRE PROTECCI\u00d3N DE DATOS.<\/strong><\/p><p><strong>RESPONSABLE DE TRATAMIENTO:<\/strong><\/p><p>AYUNTAMIENTO DE ANIEVAS.<\/p><p><strong>FINALIDAD DE TRATAMIENTO:<\/strong><\/p><p>TRAMITAR PROCEDIMIENTOS Y ACTUACIONES ADMINISTRATIVAS.<\/p><p><strong>LEGITIMACI\u00d3N:<\/strong><\/p><p>CUMPLIMIENTO DE UNA MISI\u00d3N REALIZADA EN INTER\u00c9S P\u00daBLICO O EN EL EJERCICIO DE PODERES P\u00daBLICOS OTORGADOS A ESTA ENTIDAD.<\/p><p><strong>DESTINATARIOS:<\/strong><\/p><p>SE CEDER\u00c1N DATOS, EN SU CASO, A OTRAS ADMINISTRACIONES P\u00daBLICAS Y A LOS ENCARGADOS DEL TRATAMIENTO DE LOS DATOS.<\/p><p><strong>DERECHOS:<\/strong><\/p><p>ACCEDER, RECTIFICAR Y SUPRIMIR LOS DATOS, AS\u00cd COMO OTROS DERECHOS, TAL Y COMO SE EXPLICA EN LA INFORMACI\u00d3N ADICIONAL.<\/p><p><strong>INFORMACI\u00d3N ADICIONAL:<\/strong><\/p><p>PUEDE CONSULTAR M\u00c1S INFORMACI\u00d3N, Y EJERCER SUS DERECHOS, EN: <a href=\"https:\/\/aytoanievas.org\/transparencia\/privacidad\/\">https:\/\/aytoanievas.org\/transparencia\/privacidad\/<\/a><\/p>\t\t\t\t\t<\/div>\n\t\t\t\t\t\t<\/div>\n\t\t\t\t<\/div>\n\t\t\t\t\t\t<\/div>\n\t\t\t\t\t<\/div>\n\t\t<\/div>\n\t\t\t\t\t\t\t\t<\/div>\n\t\t\t\t\t<\/div>\n\t\t<\/section>\n\t\t\t\t\t\t\t\t\t<\/div>\n\t\t\t<\/div>\n\t\t\t\t\t<\/div>\n\t\t","protected":false},"excerpt":{"rendered":"<p>INFORMACI\u00d3N GENERAL. Cualquier persona, tanto a t\u00edtulo individual y en su propio nombre, como en nombre y representaci\u00f3n de las personas jur\u00eddicas legalmente constituidas podr\u00e1 solicitar al Ayuntamiento el acceso a la informaci\u00f3n p\u00fablica, de forma gratuita y sin necesidad de alegar ning\u00fan motivo ni de indicar la finalidad del acceso, en los t\u00e9rminos previstos [&hellip;]<\/p>\n","protected":false},"author":1,"featured_media":0,"parent":0,"menu_order":0,"comment_status":"closed","ping_status":"closed","template":"","meta":[],"_links":{"self":[{"href":"https:\/\/aytoanievas.org\/transparencia\/wp-json\/wp\/v2\/pages\/1560"}],"collection":[{"href":"https:\/\/aytoanievas.org\/transparencia\/wp-json\/wp\/v2\/pages"}],"about":[{"href":"https:\/\/aytoanievas.org\/transparencia\/wp-json\/wp\/v2\/types\/page"}],"author":[{"embeddable":true,"href":"https:\/\/aytoanievas.org\/transparencia\/wp-json\/wp\/v2\/users\/1"}],"replies":[{"embeddable":true,"href":"https:\/\/aytoanievas.org\/transparencia\/wp-json\/wp\/v2\/comments?post=1560"}],"version-history":[{"count":15,"href":"https:\/\/aytoanievas.org\/transparencia\/wp-json\/wp\/v2\/pages\/1560\/revisions"}],"predecessor-version":[{"id":2700,"href":"https:\/\/aytoanievas.org\/transparencia\/wp-json\/wp\/v2\/pages\/1560\/revisions\/2700"}],"wp:attachment":[{"href":"https:\/\/aytoanievas.org\/transparencia\/wp-json\/wp\/v2\/media?parent=1560"}],"curies":[{"name":"wp","href":"https:\/\/api.w.org\/{rel}","templated":true}]}}