{"id":145,"date":"2020-04-23T18:56:17","date_gmt":"2020-04-23T18:56:17","guid":{"rendered":"https:\/\/aytoanievas.org\/transparencia\/?page_id=145"},"modified":"2020-04-23T18:56:38","modified_gmt":"2020-04-23T18:56:38","slug":"mapa-del-sitio","status":"publish","type":"page","link":"https:\/\/aytoanievas.org\/transparencia\/mapa-del-sitio\/","title":{"rendered":"Mapa del Sitio"},"content":{"rendered":"\t\t<div data-elementor-type=\"wp-page\" data-elementor-id=\"145\" class=\"elementor elementor-145\">\n\t\t\t\t\t\t<div class=\"elementor-inner\">\n\t\t\t\t<div class=\"elementor-section-wrap\">\n\t\t\t\t\t\t\t\t\t<section class=\"elementor-section elementor-top-section elementor-element elementor-element-bf8515f elementor-section-boxed elementor-section-height-default elementor-section-height-default\" data-id=\"bf8515f\" data-element_type=\"section\">\n\t\t\t\t\t\t<div class=\"elementor-container elementor-column-gap-default\">\n\t\t\t\t\t\t\t<div class=\"elementor-row\">\n\t\t\t\t\t<div class=\"elementor-column elementor-col-100 elementor-top-column elementor-element elementor-element-2e3ef22\" data-id=\"2e3ef22\" data-element_type=\"column\">\n\t\t\t<div class=\"elementor-column-wrap elementor-element-populated\">\n\t\t\t\t\t\t\t<div class=\"elementor-widget-wrap\">\n\t\t\t\t\t\t<div class=\"elementor-element elementor-element-81a2142 elementor-widget elementor-widget-text-editor\" data-id=\"81a2142\" data-element_type=\"widget\" data-widget_type=\"text-editor.default\">\n\t\t\t\t<div class=\"elementor-widget-container\">\n\t\t\t\t\t\t\t\t<div class=\"elementor-text-editor elementor-clearfix\">\n\t\t\t\t<p><div class=\"wsp-container\"><h2 class=\"wsp-pages-title\">P\u00e1ginas<\/h2>\n<ul class=\"wsp-pages-list\">\n<li class=\"page_item page-item-888\"><a href=\"https:\/\/aytoanievas.org\/transparencia\/a21l\/\">Agenda 21 Local<\/a><\/li>\n<li class=\"page_item page-item-479\"><a href=\"https:\/\/aytoanievas.org\/transparencia\/alcalde\/\">Agust\u00edn Pern\u00eda Vaca<\/a><\/li>\n<li class=\"page_item page-item-541\"><a href=\"https:\/\/aytoanievas.org\/transparencia\/concejal03\/\">Antonio Castillo Conde<\/a><\/li>\n<li class=\"page_item page-item-1289\"><a href=\"https:\/\/aytoanievas.org\/transparencia\/arqueos\/\">Arqueos Mensuales &#8211; Saldos Bancarios<\/a><\/li>\n<li class=\"page_item page-item-1812\"><a href=\"https:\/\/aytoanievas.org\/transparencia\/asociaciones\/\">Asociaciones<\/a><\/li>\n<li class=\"page_item page-item-1748\"><a href=\"https:\/\/aytoanievas.org\/transparencia\/atencion_ciudadania\/\">ATENCI\u00d3N A LA CIUDADAN\u00cdA<\/a><\/li>\n<li class=\"page_item page-item-131\"><a href=\"https:\/\/aytoanievas.org\/transparencia\/aviso-legal\/\">Aviso Legal<\/a><\/li>\n<li class=\"page_item page-item-1560\"><a href=\"https:\/\/aytoanievas.org\/transparencia\/buzoncontacto\/\">Buz\u00f3n de Contacto<\/a><\/li>\n<li class=\"page_item page-item-467\"><a href=\"https:\/\/aytoanievas.org\/transparencia\/miembros\/\">Cargos Electos<\/a><\/li>\n<li class=\"page_item page-item-547\"><a href=\"https:\/\/aytoanievas.org\/transparencia\/concejal05\/\">Casildo Sainz Vallejo<\/a><\/li>\n<li class=\"page_item page-item-1211\"><a href=\"https:\/\/aytoanievas.org\/transparencia\/catalogo\/\">Cat\u00e1logo de Edificaciones en Suelo R\u00fastico<\/a><\/li>\n<li class=\"page_item page-item-1768\"><a href=\"https:\/\/aytoanievas.org\/transparencia\/catalogo_servicios\/\">Cat\u00e1logo de Servicios<\/a><\/li>\n<li class=\"page_item page-item-2003\"><a href=\"https:\/\/aytoanievas.org\/transparencia\/dyntra\/\">Clasificaci\u00f3n por \u00cdndices DYNTRA<\/a><\/li>\n<li class=\"page_item page-item-1823\"><a href=\"https:\/\/aytoanievas.org\/transparencia\/colaboracion_ciudadana\/\">Colaboraci\u00f3n Ciudadana<\/a><\/li>\n<li class=\"page_item page-item-1820\"><a href=\"https:\/\/aytoanievas.org\/transparencia\/concejos-y-juntas-vecinales\/\">Concejos y Juntas Vecinales<\/a><\/li>\n<li class=\"page_item page-item-1800\"><a href=\"https:\/\/aytoanievas.org\/transparencia\/consulta_tramites\/\">Consulta de sus tr\u00e1mites<\/a><\/li>\n<li class=\"page_item page-item-935\"><a href=\"https:\/\/aytoanievas.org\/transparencia\/ordenanzas_tramitacion\/\">Consultas Previas<\/a><\/li>\n<li class=\"page_item page-item-175\"><a href=\"https:\/\/aytoanievas.org\/transparencia\/contratacion\/\">CONTRATACI\u00d3N<\/a><\/li>\n<li class=\"page_item page-item-1455\"><a href=\"https:\/\/aytoanievas.org\/transparencia\/adjudicados\/\">Contratos Adjudicados<\/a><\/li>\n<li class=\"page_item page-item-1546\"><a href=\"https:\/\/aytoanievas.org\/transparencia\/menores\/\">Contratos Menores<\/a><\/li>\n<li class=\"page_item page-item-932\"><a href=\"https:\/\/aytoanievas.org\/transparencia\/convenios\/\">Convenios Administrativos<\/a><\/li>\n<li class=\"page_item page-item-737\"><a href=\"https:\/\/aytoanievas.org\/transparencia\/ordendia\/\">Convocatorias de Sesiones del Pleno del Ayuntamiento<\/a><\/li>\n<li class=\"page_item page-item-140\"><a href=\"https:\/\/aytoanievas.org\/transparencia\/cookies\/\">Cookies<\/a><\/li>\n<li class=\"page_item page-item-1516\"><a href=\"https:\/\/aytoanievas.org\/transparencia\/coste_servicios\/\">Coste Efectivo de los Servicios<\/a><\/li>\n<li class=\"page_item page-item-1214\"><a href=\"https:\/\/aytoanievas.org\/transparencia\/cuenta_general\/\">Cuenta General<\/a><\/li>\n<li class=\"page_item page-item-2021\"><a href=\"https:\/\/aytoanievas.org\/transparencia\/opendata\/\">Datos Abiertos<\/a><\/li>\n<li class=\"page_item page-item-393\"><a href=\"https:\/\/aytoanievas.org\/transparencia\/entidad\/\">Datos de la Entidad<\/a><\/li>\n<li class=\"page_item page-item-417\"><a href=\"https:\/\/aytoanievas.org\/transparencia\/info_entidad\/\">Datos del Ayuntamiento de Anievas<\/a><\/li>\n<li class=\"page_item page-item-373\"><a href=\"https:\/\/aytoanievas.org\/transparencia\/accesoip\/\">Derecho de Acceso a la Informaci\u00f3n P\u00fablica<\/a><\/li>\n<li class=\"page_item page-item-1773\"><a href=\"https:\/\/aytoanievas.org\/transparencia\/descarga_solicitudes\/\">Descarga de Solicitudes<\/a><\/li>\n<li class=\"page_item page-item-171\"><a href=\"https:\/\/aytoanievas.org\/transparencia\/economica\/\">ECON\u00d3MICA<\/a><\/li>\n<li class=\"page_item page-item-1260\"><a href=\"https:\/\/aytoanievas.org\/transparencia\/ejecucion\/\">Ejecuciones Trimestrales<\/a><\/li>\n<li class=\"page_item page-item-1332\"><a href=\"https:\/\/aytoanievas.org\/transparencia\/deuda\/\">Endeudamiento Municipal<\/a><\/li>\n<li class=\"page_item page-item-1841\"><a href=\"https:\/\/aytoanievas.org\/transparencia\/estadistica_acceso_ip\/\">Estad\u00edsticas Peticiones de Acceso a la Informaci\u00f3n P\u00fablica<\/a><\/li>\n<li class=\"page_item page-item-1569\"><a href=\"https:\/\/aytoanievas.org\/transparencia\/estadisticas_licencias\/\">Estad\u00edsticas sobre Urbanismo<\/a><\/li>\n<li class=\"page_item page-item-398\"><a href=\"https:\/\/aytoanievas.org\/transparencia\/personal\/\">Estructura Organizativa<\/a><\/li>\n<li class=\"page_item page-item-550\"><a href=\"https:\/\/aytoanievas.org\/transparencia\/concejal06\/\">Florentina Garc\u00eda Ruiz<\/a><\/li>\n<li class=\"page_item page-item-2062\"><a href=\"https:\/\/aytoanievas.org\/transparencia\/cortes_servicios\/\">Incidencias en Servicios Municipales<\/a><\/li>\n<li class=\"page_item page-item-1300\"><a href=\"https:\/\/aytoanievas.org\/transparencia\/indicadores\/\">Indicadores Econ\u00f3micos<\/a><\/li>\n<li class=\"page_item page-item-1308\"><a href=\"https:\/\/aytoanievas.org\/transparencia\/indica_detalle\/\">Indicadores Econ\u00f3micos &#8211; Detalle<\/a><\/li>\n<li class=\"page_item page-item-948\"><a href=\"https:\/\/aytoanievas.org\/transparencia\/presupuestaria\/\">Informaci\u00f3n Presupuestaria<\/a><\/li>\n<li class=\"page_item page-item-944\"><a href=\"https:\/\/aytoanievas.org\/transparencia\/economica-2\/\">Informaci\u00f3n Presupuestaria y Econ\u00f3mica<\/a><\/li>\n<li class=\"page_item page-item-998\"><a href=\"https:\/\/aytoanievas.org\/transparencia\/presupuestos\/\">Informaci\u00f3n Presupuestos Municipales<\/a><\/li>\n<li class=\"page_item page-item-1499\"><a href=\"https:\/\/aytoanievas.org\/transparencia\/facturacion\/\">Informaci\u00f3n sobre Facturaci\u00f3n Electr\u00f3nica<\/a><\/li>\n<li class=\"page_item page-item-1751\"><a href=\"https:\/\/aytoanievas.org\/transparencia\/info_ciudadano\/\">Informaci\u00f3n y atenci\u00f3n<\/a><\/li>\n<li class=\"page_item page-item-1364\"><a href=\"https:\/\/aytoanievas.org\/transparencia\/morosidad\/\">Informes de Morosidad<\/a><\/li>\n<li class=\"page_item page-item-88\"><a href=\"https:\/\/aytoanievas.org\/transparencia\/\">Inicio<\/a><\/li>\n<li class=\"page_item page-item-1512\"><a href=\"https:\/\/aytoanievas.org\/transparencia\/rolece\/\">Inscripci\u00f3n en el Registro Oficial de Licitadores<\/a><\/li>\n<li class=\"page_item page-item-168\"><a href=\"https:\/\/aytoanievas.org\/transparencia\/institucional\/\">INSTITUCIONAL<\/a><\/li>\n<li class=\"page_item page-item-544\"><a href=\"https:\/\/aytoanievas.org\/transparencia\/concejal04\/\">Jos\u00e9 Ram\u00f3n G\u00f3mez Cabrillo<\/a><\/li>\n<li class=\"page_item page-item-1890\"><a href=\"https:\/\/aytoanievas.org\/transparencia\/jgl\/\">Junta de Gobierno Local<\/a><\/li>\n<li class=\"page_item page-item-3503\"><a href=\"https:\/\/aytoanievas.org\/transparencia\/848664a\/\">Licitaci\u00f3n del servicio de recaudaci\u00f3n<\/a><\/li>\n<li class=\"page_item page-item-2963\"><a href=\"https:\/\/aytoanievas.org\/transparencia\/sad_690762r\/\">Licitaci\u00f3n Servicio Ayuda a Domicilio<\/a><\/li>\n<li class=\"page_item page-item-1495\"><a href=\"https:\/\/aytoanievas.org\/transparencia\/contratos\/\">Licitaciones en Tramitaci\u00f3n<\/a><\/li>\n<li class=\"page_item page-item-1146\"><a href=\"https:\/\/aytoanievas.org\/transparencia\/liquidacion\/\">Liquidaciones del Presupuesto Municipal<\/a><\/li>\n<li class=\"page_item page-item-145\"><a href=\"https:\/\/aytoanievas.org\/transparencia\/mapa-del-sitio\/\">Mapa del Sitio<\/a><\/li>\n<li class=\"page_item page-item-1658\"><a href=\"https:\/\/aytoanievas.org\/transparencia\/mociones\/\">Mociones de los Grupos Pol\u00edticos Municipales<\/a><\/li>\n<li class=\"page_item page-item-1234\"><a href=\"https:\/\/aytoanievas.org\/transparencia\/modificaciones\/\">Modificaciones Presupuestarias<\/a><\/li>\n<li class=\"page_item page-item-1204\"><a href=\"https:\/\/aytoanievas.org\/transparencia\/normativa\/\">Normativa Urban\u00edstica<\/a><\/li>\n<li class=\"page_item page-item-1846\"><a href=\"https:\/\/aytoanievas.org\/transparencia\/noticias\/\">Noticias Anteriores<\/a><\/li>\n<li class=\"page_item page-item-566\"><a href=\"https:\/\/aytoanievas.org\/transparencia\/oep\/\">Oferta de Empleo P\u00fablico<\/a><\/li>\n<li class=\"page_item page-item-883\"><a href=\"https:\/\/aytoanievas.org\/transparencia\/ordenanzas\/\">Ordenanzas Municipales<\/a><\/li>\n<li class=\"page_item page-item-453\"><a href=\"https:\/\/aytoanievas.org\/transparencia\/organigrama\/\">Organigrama<\/a><\/li>\n<li class=\"page_item page-item-402\"><a href=\"https:\/\/aytoanievas.org\/transparencia\/funcionamiento\/\">Organizaci\u00f3n y Funcionamiento<\/a><\/li>\n<li class=\"page_item page-item-1528\"><a href=\"https:\/\/aytoanievas.org\/transparencia\/proveedores\/\">Pago a Proveedores<\/a><\/li>\n<li class=\"page_item page-item-3297\"><a href=\"https:\/\/aytoanievas.org\/transparencia\/770688a\/\">Pavimentaci\u00f3n de caminos municipales<\/a><\/li>\n<li class=\"page_item page-item-3903\"><a href=\"https:\/\/aytoanievas.org\/transparencia\/962860f\/\">Pavimentaci\u00f3n de viales municipales y n\u00facleos urbanos<\/a><\/li>\n<li class=\"page_item page-item-526\"><a href=\"https:\/\/aytoanievas.org\/transparencia\/concejal01\/\">Pedro Gonz\u00e1lez Guti\u00e9rrez<\/a><\/li>\n<li class=\"page_item page-item-1384\"><a href=\"https:\/\/aytoanievas.org\/transparencia\/pmp\/\">Per\u00edodo Medio de Pago a Proveedores<\/a><\/li>\n<li class=\"page_item page-item-654\"><a href=\"https:\/\/aytoanievas.org\/transparencia\/cargos\/\">Personal Eventual<\/a><\/li>\n<li class=\"page_item page-item-1197\"><a href=\"https:\/\/aytoanievas.org\/transparencia\/planeamiento\/\">Planeamiento Urban\u00edstico<\/a><\/li>\n<li class=\"page_item page-item-559\"><a href=\"https:\/\/aytoanievas.org\/transparencia\/estructura\/\">Plantilla y Anexos<\/a><\/li>\n<li class=\"page_item page-item-660\"><a href=\"https:\/\/aytoanievas.org\/transparencia\/actas\/\">Pleno del Ayuntamiento<\/a><\/li>\n<li class=\"page_item page-item-1654\"><a href=\"https:\/\/aytoanievas.org\/transparencia\/faqs\/\">Preguntas Frecuentes<\/a><\/li>\n<li class=\"page_item page-item-980\"><a href=\"https:\/\/aytoanievas.org\/transparencia\/presu_2020\/\">Presupuesto General 2020<\/a><\/li>\n<li class=\"page_item page-item-2811\"><a href=\"https:\/\/aytoanievas.org\/transparencia\/presu_21\/\">Presupuesto General 2021<\/a><\/li>\n<li class=\"page_item page-item-3721\"><a href=\"https:\/\/aytoanievas.org\/transparencia\/919058w\/\">Presupuesto General 2022<\/a><\/li>\n<li class=\"page_item page-item-151\"><a href=\"https:\/\/aytoanievas.org\/transparencia\/privacidad\/\">Privacidad<\/a><\/li>\n<li class=\"page_item page-item-586\"><a href=\"https:\/\/aytoanievas.org\/transparencia\/concluidos\/\">Procesos Ya Concluidos<\/a><\/li>\n<li class=\"page_item page-item-1831\"><a href=\"https:\/\/aytoanievas.org\/transparencia\/incidencias\/\">Quejas e Incidencias<\/a><\/li>\n<li class=\"page_item page-item-1647\"><a href=\"https:\/\/aytoanievas.org\/transparencia\/listado_inmuebles\/\">Relaci\u00f3n de Inmuebles<\/a><\/li>\n<li class=\"page_item page-item-554\"><a href=\"https:\/\/aytoanievas.org\/transparencia\/relac_coches\/\">Relaci\u00f3n de Veh\u00edculos<\/a><\/li>\n<li class=\"page_item page-item-812\"><a href=\"https:\/\/aytoanievas.org\/transparencia\/decretos\/\">Resoluciones de Alcald\u00eda<\/a><\/li>\n<li class=\"page_item page-item-894\"><a href=\"https:\/\/aytoanievas.org\/transparencia\/sentencias\/\">Resoluciones y Sentencias Judiciales<\/a><\/li>\n<li class=\"page_item page-item-538\"><a href=\"https:\/\/aytoanievas.org\/transparencia\/concejal02\/\">Sergio Hoyos Mantec\u00f3n<\/a><\/li>\n<li class=\"page_item page-item-1755\"><a href=\"https:\/\/aytoanievas.org\/transparencia\/servicios_municipales\/\">Servicios Municipales<\/a><\/li>\n<li class=\"page_item page-item-1808\"><a href=\"https:\/\/aytoanievas.org\/transparencia\/sociedad_civil\/\">Sociedad Civil<\/a><\/li>\n<li class=\"page_item page-item-1413\"><a href=\"https:\/\/aytoanievas.org\/transparencia\/subvenciones\/\">Subvenciones<\/a><\/li>\n<li class=\"page_item page-item-1420\"><a href=\"https:\/\/aytoanievas.org\/transparencia\/subv_otorgadas\/\">Subvenciones Otorgadas<\/a><\/li>\n<li class=\"page_item page-item-1438\"><a href=\"https:\/\/aytoanievas.org\/transparencia\/subv_recibidas\/\">Subvenciones Recibidas<\/a><\/li>\n<li class=\"page_item page-item-1403\"><a href=\"https:\/\/aytoanievas.org\/transparencia\/tipos\/\">Tipos Impositivos<\/a><\/li>\n<li class=\"page_item page-item-178\"><a href=\"https:\/\/aytoanievas.org\/transparencia\/urbanismo\/\">URBANISMO<\/a><\/li>\n<\/ul>\n<h2 class=\"wsp-mec-eventss-title\">Eventos<\/h2>\n<ul class=\"wsp-mec-eventss-list\">\n<li><a href=\"https:\/\/aytoanievas.org\/transparencia\/events\/convocatoria-del-pleno-en-sesion-extraordinaria-de-fecha-20-10-2021\/\">Convocatoria del Pleno en Sesi\u00f3n Extraordinaria de fecha 20\/10\/2021<\/a><\/li>\n<li><a href=\"https:\/\/aytoanievas.org\/transparencia\/events\/pleno-ordinario-a-celebrar-el-02-09-2021\/\">Pleno Ordinario a celebrar el 02\/09\/2021.<\/a><\/li>\n<li><a href=\"https:\/\/aytoanievas.org\/transparencia\/events\/pleno-sesion-ordinaria-de-fecha-08-06-2021\/\">Pleno Sesi\u00f3n Ordinaria de fecha 08\/06\/2021<\/a><\/li>\n<li><a href=\"https:\/\/aytoanievas.org\/transparencia\/events\/pleno-extraordinario-convocado-para-el-15-04-2021\/\">Pleno Extraordinario Convocado para el 15\/04\/2021<\/a><\/li>\n<li><a href=\"https:\/\/aytoanievas.org\/transparencia\/events\/convocatoria-pleno-extraordinario-para-el-23-02-2021\/\">Convocatoria Pleno Extraordinario para el 23\/02\/2021<\/a><\/li>\n<li><a href=\"https:\/\/aytoanievas.org\/transparencia\/events\/sesion-extraordinaria-del-pleno-de-la-corporacion-prevista-para-el-19-01-2021\/\">Sesi\u00f3n extraordinaria del Pleno de la Corporaci\u00f3n prevista para el 19\/01\/2021.<\/a><\/li>\n<li><a href=\"https:\/\/aytoanievas.org\/transparencia\/events\/sesion-ordinaria-del-pleno-de-la-corporacion-para-el-03-12-2020\/\">Sesi\u00f3n Ordinaria del Pleno de la Corporaci\u00f3n para el 03\/12\/2020<\/a><\/li>\n<\/ul>\n<h2 class=\"wsp-mec_categorys-title\">Categor\u00edas<\/h2>\n<ul class=\"wsp-mec_categorys-list\">\n<li><a href=\"https:\/\/aytoanievas.org\/transparencia\/mec-category\/agenda_alcalde\/\">Agenda Alcald\u00eda<\/a><\/li>\n<li><a href=\"https:\/\/aytoanievas.org\/transparencia\/mec-category\/agenda_concejales\/\">Agenda Concejales<\/a><\/li>\n<\/ul>\n<\/div><\/p>\t\t\t\t\t<\/div>\n\t\t\t\t\t\t<\/div>\n\t\t\t\t<\/div>\n\t\t\t\t\t\t<\/div>\n\t\t\t\t\t<\/div>\n\t\t<\/div>\n\t\t\t\t\t\t\t\t<\/div>\n\t\t\t\t\t<\/div>\n\t\t<\/section>\n\t\t\t\t\t\t\t\t\t<\/div>\n\t\t\t<\/div>\n\t\t\t\t\t<\/div>\n\t\t","protected":false},"excerpt":{"rendered":"","protected":false},"author":1,"featured_media":0,"parent":0,"menu_order":0,"comment_status":"closed","ping_status":"closed","template":"","meta":[],"_links":{"self":[{"href":"https:\/\/aytoanievas.org\/transparencia\/wp-json\/wp\/v2\/pages\/145"}],"collection":[{"href":"https:\/\/aytoanievas.org\/transparencia\/wp-json\/wp\/v2\/pages"}],"about":[{"href":"https:\/\/aytoanievas.org\/transparencia\/wp-json\/wp\/v2\/types\/page"}],"author":[{"embeddable":true,"href":"https:\/\/aytoanievas.org\/transparencia\/wp-json\/wp\/v2\/users\/1"}],"replies":[{"embeddable":true,"href":"https:\/\/aytoanievas.org\/transparencia\/wp-json\/wp\/v2\/comments?post=145"}],"version-history":[{"count":2,"href":"https:\/\/aytoanievas.org\/transparencia\/wp-json\/wp\/v2\/pages\/145\/revisions"}],"predecessor-version":[{"id":147,"href":"https:\/\/aytoanievas.org\/transparencia\/wp-json\/wp\/v2\/pages\/145\/revisions\/147"}],"wp:attachment":[{"href":"https:\/\/aytoanievas.org\/transparencia\/wp-json\/wp\/v2\/media?parent=145"}],"curies":[{"name":"wp","href":"https:\/\/api.w.org\/{rel}","templated":true}]}}