{"id":131,"date":"2020-04-23T18:34:53","date_gmt":"2020-04-23T18:34:53","guid":{"rendered":"https:\/\/aytoanievas.org\/transparencia\/?page_id=131"},"modified":"2020-05-19T11:35:33","modified_gmt":"2020-05-19T11:35:33","slug":"aviso-legal","status":"publish","type":"page","link":"https:\/\/aytoanievas.org\/transparencia\/aviso-legal\/","title":{"rendered":"Aviso Legal"},"content":{"rendered":"\t\t<div data-elementor-type=\"wp-page\" data-elementor-id=\"131\" class=\"elementor elementor-131\">\n\t\t\t\t\t\t<div class=\"elementor-inner\">\n\t\t\t\t<div class=\"elementor-section-wrap\">\n\t\t\t\t\t\t\t\t\t<section class=\"elementor-section elementor-top-section elementor-element elementor-element-635e2ed elementor-section-boxed elementor-section-height-default elementor-section-height-default\" data-id=\"635e2ed\" data-element_type=\"section\">\n\t\t\t\t\t\t<div class=\"elementor-container elementor-column-gap-default\">\n\t\t\t\t\t\t\t<div class=\"elementor-row\">\n\t\t\t\t\t<div class=\"elementor-column elementor-col-100 elementor-top-column elementor-element elementor-element-3c748e8\" data-id=\"3c748e8\" data-element_type=\"column\">\n\t\t\t<div class=\"elementor-column-wrap elementor-element-populated\">\n\t\t\t\t\t\t\t<div class=\"elementor-widget-wrap\">\n\t\t\t\t\t\t<div class=\"elementor-element elementor-element-89f309a elementor-widget elementor-widget-text-editor\" data-id=\"89f309a\" data-element_type=\"widget\" data-widget_type=\"text-editor.default\">\n\t\t\t\t<div class=\"elementor-widget-container\">\n\t\t\t\t\t\t\t\t<div class=\"elementor-text-editor elementor-clearfix\">\n\t\t\t\t<p><strong>AYUNTAMIENTO DE ANIEVAS<\/strong><\/p><p>El acceso al presente Portal Web y de los servicios que ofrece, es totalmente libre y voluntario para todos los usuarios del mismo. El uso de este sitio Web implica la aceptaci\u00f3n de los t\u00e9rminos y condiciones contenidos en el mismo. Por ello es responsabilidad del usuario leer todas las condiciones antes de usar este sitio web o cualquiera de los servicios en \u00e9l ofrecidos.<\/p><p>El Ayuntamiento de Anievas podr\u00e1 modificar los t\u00e9rminos y condiciones que aparecen en este Portal Web y, por tanto, aconseja su consulta con una periodicidad razonable por si se producen cambios en los mismos.<\/p><p><strong>AVISO LEGAL<\/strong><\/p><p>Este es un sitio Web que el Ayuntamiento de Anievas pone a disposici\u00f3n de todos los usuarios de la red Internet el acceso y utilizaci\u00f3n de servicios e informaci\u00f3n referidos tanto a su \u00e1mbito de actuaci\u00f3n como, si se da el caso, proporcionados por terceros. El principal objetivo es suministrar servicio y facilitar informaci\u00f3n a dichos usuarios, en cumplimiento de la legislaci\u00f3n vigente en materia de transparencia.<\/p><p>Los contenidos que el Ayuntamiento de Anievas facilita en su portal Web, hacen referencia a datos de inter\u00e9s acerca del mismo, informaci\u00f3n, noticias o servicios web relacionados con su actividad al igual que aquellos eventos y actividades que pudieran ser considerados de inter\u00e9s por el p\u00fablico al que se dirige esta web.<\/p><p><strong>TITULARIDAD DEL SITIO WEB<\/strong><\/p><p>Dominio: <a href=\"https:\/\/aytoanievas.org\/transparencia\/\">https:\/\/aytoanievas.org\/transparencia\/<\/a><\/p><p>Titular: Ayuntamiento de Anievas<\/p><p>Domicilio: Barrio Las Escuelas, S\/N, 39451, Cotillo de Anievas.CANTABRIA.<\/p><p>CIF: P3900300I<\/p><p>Tel\u00e9fono: 942840613<\/p><p>e-mail: <a href=\"mailto:info@aytoanievas.org\" target=\"_blank\" rel=\"noopener\">info@aytoanievas.org<\/a><\/p><p><strong>EXACTITUD DE LA INFORMACI\u00d3N<\/strong><\/p><p>El Ayuntamiento de Anievas presta especial atenci\u00f3n a que la informaci\u00f3n del sitio web sea exacta y precisa, procediendo a su actualizaci\u00f3n de forma peri\u00f3dica y corrigiendo los errores tan pronto como estos hayan sido detectados. No obstante, El Ayuntamiento de Anievas no puede garantizar que la informaci\u00f3n est\u00e9 actualizada y la inexistencia de errores en todo momento.<\/p><p>No obstante, al Ayuntamiento de Anievas se reserva el derecho a modificar y ampliar contenidos, informaciones, aplicativos, etc. de este Portal Web en cualquier momento y sin previo aviso.<\/p><p>La informaci\u00f3n publicada en este Portal Web tiene \u00fanicamente car\u00e1cter informativo y no constituye una comunicaci\u00f3n de actos administrativos, ni comunicados oficiales. Estos \u00faltimos ser\u00e1n notificados por los canales oficiales legalmente establecidos a tal efecto.<\/p><p><strong>RESPONSABILIDAD DE CONTENIDOS<\/strong><\/p><p>El Ayuntamiento de Anievas le informa que tiene el derecho de realizar sin previo aviso cambios tanto en el dise\u00f1o del portal como en el contenido de la web incluyendo la realizaci\u00f3n de correcciones o la eliminaci\u00f3n de contenidos publicados, con la finalidad de mantener actualizada la informaci\u00f3n que ofrece<\/p><p>El Ayuntamiento de Anievas no se hace responsable de la legalidad de otros sitios web de terceros desde los que pueda accederse al portal o que pudieran estar vinculados o enlazados desde este portal.<\/p><p>Del mismo modo, tampoco ser\u00e1 responsable del uso que terceros hagan de la informaci\u00f3n publicada en el portal web, ni tampoco de los da\u00f1os sufridos o p\u00e9rdidas econ\u00f3micas que, de forma directa o indirecta, produzcan o puedan producir perjuicios econ\u00f3micos, materiales o sobre datos, provocados por el uso de dicha informaci\u00f3n.<\/p><p><strong>V\u00cdNCULOS O ENLACES HIPERTEXTUALES<\/strong><\/p><p>El Ayuntamiento de Anievas manifiesta que no es responsable del contenido ni ejerce control alguno sobre los enlaces incluidos en el presente portal web dirigido a otros sitios, los cuales no son gestionados por el Ayuntamiento de Anievas .<\/p><p>Los v\u00ednculos que este portal web pueda contener se ofrecen, \u00fanicamente, a modo de referencias informativas, sin ning\u00fan tipo de valoraci\u00f3n sobre los contenidos, propietarios, servicios o productos ofrecidos desde los mismos.<\/p><p><strong>NORMAS DE SEGURIDAD<\/strong><\/p><p>El Ayuntamiento de Anievas no garantiza que la Web y el servidor est\u00e9n libres de virus y no se hace responsable de los posibles da\u00f1os causados por el acceso al sitio Web o por la imposibilidad de acceder al mismo, as\u00ed como tambi\u00e9n de los da\u00f1os que puedan ser causados por terceras personas mediante intromisiones ileg\u00edtimas en el dominio de este Ayuntamiento de Anievas .<\/p><p>El inter\u00e9s del Ayuntamiento de Anievas es el de que este sitio Web funcione con la m\u00e1xima eficacia y cumpla la finalidad para la que ha sido creado y por ello lo mantiene, poniendo todos los medios razonables para conseguirlo, pero no se responsabiliza de posibles disfunciones y\/o anomal\u00edas en su funcionamiento sin embargo, el Ayuntamiento de Anievas , no garantiza la disponibilidad y continuidad del funcionamiento de la web y de sus servicios, no obstante advertir\u00e1 previamente cuando sea posible se de las interrupciones en su funcionamiento.<\/p><p><strong>OBLIGACIONES Y RESPONSABILIDAD DEL USUARIO<\/strong><\/p><p>El Ayuntamiento de Anievas no se hace responsable del uso por terceros de la informaci\u00f3n contenida en el Portal Web.<\/p><p>El usuario se compromete a utilizar este Portal Web sin incurrir en actividades que puedan ser consideradas il\u00edcitas o ilegales, que infrinjan los derechos de la el Ayuntamiento de Anievas de terceros, o que puedan da\u00f1ar, inutilizar, sobrecargar o deteriorar el Portal Web o impedir la normal utilizaci\u00f3n del mismo.<\/p><p>El usuario ser\u00e1 el \u00fanico responsable de las infracciones en que pueda incurrir o de los perjuicios que se puedan causar a terceros por la indebida e ileg\u00edtima utilizaci\u00f3n del Sitio Web.<\/p>\t\t\t\t\t<\/div>\n\t\t\t\t\t\t<\/div>\n\t\t\t\t<\/div>\n\t\t\t\t\t\t<\/div>\n\t\t\t\t\t<\/div>\n\t\t<\/div>\n\t\t\t\t\t\t\t\t<\/div>\n\t\t\t\t\t<\/div>\n\t\t<\/section>\n\t\t\t\t\t\t\t\t\t<\/div>\n\t\t\t<\/div>\n\t\t\t\t\t<\/div>\n\t\t","protected":false},"excerpt":{"rendered":"<p>AYUNTAMIENTO DE ANIEVAS El acceso al presente Portal Web y de los servicios que ofrece, es totalmente libre y voluntario para todos los usuarios del mismo. El uso de este sitio Web implica la aceptaci\u00f3n de los t\u00e9rminos y condiciones contenidos en el mismo. Por ello es responsabilidad del usuario leer todas las condiciones antes [&hellip;]<\/p>\n","protected":false},"author":1,"featured_media":0,"parent":0,"menu_order":0,"comment_status":"closed","ping_status":"closed","template":"","meta":[],"_links":{"self":[{"href":"https:\/\/aytoanievas.org\/transparencia\/wp-json\/wp\/v2\/pages\/131"}],"collection":[{"href":"https:\/\/aytoanievas.org\/transparencia\/wp-json\/wp\/v2\/pages"}],"about":[{"href":"https:\/\/aytoanievas.org\/transparencia\/wp-json\/wp\/v2\/types\/page"}],"author":[{"embeddable":true,"href":"https:\/\/aytoanievas.org\/transparencia\/wp-json\/wp\/v2\/users\/1"}],"replies":[{"embeddable":true,"href":"https:\/\/aytoanievas.org\/transparencia\/wp-json\/wp\/v2\/comments?post=131"}],"version-history":[{"count":4,"href":"https:\/\/aytoanievas.org\/transparencia\/wp-json\/wp\/v2\/pages\/131\/revisions"}],"predecessor-version":[{"id":2184,"href":"https:\/\/aytoanievas.org\/transparencia\/wp-json\/wp\/v2\/pages\/131\/revisions\/2184"}],"wp:attachment":[{"href":"https:\/\/aytoanievas.org\/transparencia\/wp-json\/wp\/v2\/media?parent=131"}],"curies":[{"name":"wp","href":"https:\/\/api.w.org\/{rel}","templated":true}]}}